000
CXUS55 KPUB 011210
CF6TAD
PRELIMINARY LOCAL CLIMATOLOGICAL DATA (WS FORM: F-6)
STATION: TRINIDAD CO
MONTH: SEPTEMBER
YEAR: 2023
LATITUDE: 37 16 N
LONGITUDE: 104 20 W
TEMPERATURE IN F: :PCPN: SNOW: WIND :SUNSHINE: SKY :PK WND
================================================================================
1 2 3 4 5 6A 6B 7 8 9 10 11 12 13 14 15 16 17 18
12Z AVG MX 2MIN
DY MAX MIN AVG DEP HDD CDD WTR SNW DPTH SPD SPD DIR MIN PSBL S-S WX SPD DR
================================================================================
1 96 65 81 11 0 16 0.00 M M 14.3 28 210 M M 0 40 200
2 94 64 79 9 0 14 0.00 M M 9.1 20 230 M M 0 26 230
3 92 60 76 6 0 11 T M M 9.9 20 250 M M 0 3 26 250
4 93 58 76 6 0 11 0.00 M M 14.1 24 250 M M 0 35 240
5 83 51 67 -3 0 2 0.00 M M 10.2 22 90 M M 1 33 80
6 91 51 71 2 0 6 0.00 M M 9.8 24 180 M M 0 33 160
7 94 57 76 7 0 11 0.00 M M 7.1 15 270 M M 0 22 260
8 91 54 73 4 0 8 0.00 M M 11.5 22 140 M M 0 30 140
9 90 57 74 6 0 9 0.00 M M 7.3 21 230 M M 0 28 240
10 88 55 72 4 0 7 0.84 M M 8.0 35 270 M M 3 13 50 280
11 62 53 58 -10 7 0 0.63 M M 5.8 15 30 M M 9 1 21 40
12 69 50 60 -7 5 0 0.00 M M 4.5 20 250 M M 4 12 24 250
13 75 54 65 -2 0 0 0.05 M M 8.9 31 290 M M 3 3 40 290
14 75 48 62 -5 3 0 0.00 M M 6.4 18 360 M M 1 26 360
15 56 50 53 -13 12 0 0.23 M M 7.5 15 330 M M 10 1 22 330
16 72 48 60 -6 5 0 0.00 M M 5.3 10 270 M M 2 13 70
17 81 47 64 -2 1 0 0.00 M M 8.2 16 250 M M 0 21 240
18 82 54 68 3 0 3 0.00 M M 15.2 28 240 M M 0 39 240
19 81 51 66 1 0 1 0.02 M M 11.5 24 320 M M 1 3 35 320
20 83 47 65 1 0 0 0.00 M M 10.3 23 250 M M 0 28 250
21 84 52 68 4 0 3 0.00 M M 12.3 28 250 M M 0 34 260
22 83 49 66 2 0 1 0.00 M M 8.1 16 240 M M 0 19 230
23 77 46 62 -1 3 0 0.00 M M 7.7 16 240 M M 0 21 260
24 77 45 61 -2 4 0 0.00 M M 6.0 13 330 M M 1 16 330
25 81 47 64 2 1 0 0.00 M M 8.5 20 170 M M 1 26 170
26 85 55 70 8 0 5 0.00 M M 8.2 17 240 M M 0 23 240
27 84 49 67 6 0 2 0.00 M M 8.8 17 110 M M 0 26 110
28 87 50 69 8 0 4 0.00 M M 9.9 24 170 M M 0 33 170
29 85 46 66 6 0 1 0.00 M M 9.6 18 110 M M 0 26 110
30 85 53 69 9 0 4 0.10 M M 16.3 41 210 M M 2 13 61 180
================================================================================
SM 2476 1566 41 119 1.87 M 280.3 M 38
================================================================================
AV 82.5 52.2 9.3 FASTST M M 1 MAX(MPH)
MISC ----> 41 210 61 180
================================================================================
NOTES:
# LAST OF SEVERAL OCCURRENCES
COLUMN 17 PEAK WIND IN M.P.H.
PRELIMINARY LOCAL CLIMATOLOGICAL DATA (WS FORM: F-6) , PAGE 2
STATION: TRINIDAD CO
MONTH: SEPTEMBER
YEAR: 2023
LATITUDE: 37 16 N
LONGITUDE: 104 20 W
[TEMPERATURE DATA] [PRECIPITATION DATA] SYMBOLS USED IN COLUMN 16
AVERAGE MONTHLY: 67.4 TOTAL FOR MONTH: 1.87 1 = FOG OR MIST
DPTR FM NORMAL: 1.6 DPTR FM NORMAL: 0.77 2 = FOG REDUCING VISIBILITY
HIGHEST: 96 ON 1 GRTST 24HR 1.46 ON 10-11 TO 1/4 MILE OR LESS
LOWEST: 45 ON 24 3 = THUNDER
SNOW, ICE PELLETS, HAIL 4 = ICE PELLETS
TOTAL MONTH: M 5 = HAIL
GRTST 24HR M ON M 6 = FREEZING RAIN OR DRIZZLE
GRTST DEPTH: M ON M 7 = DUSTSTORM OR SANDSTORM:
VSBY 1/2 MILE OR LESS
8 = SMOKE OR HAZE
[NO. OF DAYS WITH] [WEATHER - DAYS WITH] 9 = BLOWING SNOW
X = TORNADO
MAX 32 OR BELOW: 0 0.01 INCH OR MORE: 6
MAX 90 OR ABOVE: 8 0.10 INCH OR MORE: 4
MIN 32 OR BELOW: 0 0.50 INCH OR MORE: 2
MIN 0 OR BELOW: 0 1.00 INCH OR MORE: 0
[HDD (BASE 65) ]
TOTAL THIS MO. 41 CLEAR (SCALE 0-3) 26
DPTR FM NORMAL -38 PTCLDY (SCALE 4-7) 2
TOTAL FM JUL 1 41 CLOUDY (SCALE 8-10) 2
DPTR FM NORMAL -46
[CDD (BASE 65) ]
TOTAL THIS MO. 119
DPTR FM NORMAL 16 [PRESSURE DATA]
TOTAL FM JAN 1 919 HIGHEST SLP 30.23 ON 16
DPTR FM NORMAL 48 LOWEST SLP 29.53 ON 4
[REMARKS]
#FINAL-09-23#