000
CXUS53 KARX 200930
CF6ARX
PRELIMINARY LOCAL CLIMATOLOGICAL DATA (WS FORM: F-6)

                                          STATION:   La Crosse Weather Office WI
                                          MONTH:     NOVEMBER
                                          YEAR:      2018
                                          LATITUDE:   43 49 N
                                          LONGITUDE:  91 12 W

  TEMPERATURE IN F:       :PCPN:    SNOW:  WIND      :SUNSHINE: SKY     :PK WND
================================================================================
1   2   3   4   5  6A  6B    7    8   9   10  11  12  13   14  15   16   17  18
                                     12Z  AVG MX 2MIN
DY MAX MIN AVG DEP HDD CDD  WTR  SNW DPTH SPD SPD DIR MIN PSBL S-S WX    SPD DR
================================================================================

 1  52  33  43   1  22   0 0.00  0.0    0   M   M   M   M    M   M        19 360
 2  48  31  40  -1  25   0 0.00  0.0    0   M   M   M   M    M   M        12  60
 3  45  33  39  -1  26   0 0.23    T    0   M   M   M   M    M   M        18  90
 4  46  33  40   0  25   0 1.52  0.0    0   M   M   M   M    M   M 1      27  20
 5  43  35  39  -1  26   0 0.25  0.0    0   M   M   M   M    M   M        27 180
 6  39  29  34  -5  31   0 0.27    T    0   M   M   M   M    M   M 12     30  M
 7  30  26  28 -10  37   0    T    T    0   M   M   M   M    M   M        30  M
 8  29  23  26 -12  39   0    T    T    0   M   M   M   M    M   M        24  M
 9  23  16  20 -17  45   0 0.03  0.3    T   M   M   M   M    M   M        27  M
10  23  10  17 -20  48   0    T    T    T   M   M   M   M    M   M        27  M
11  30  22  26 -10  39   0    T    T    T   M   M   M   M    M   M        27 280
12  22  14  18 -18  47   0    T    T    T   M   M   M   M    M   M        23  M
13  19  11  15 -20  50   0 0.00  0.0    0   M   M   M   M    M   M        20  M
14  37  14  26  -9  39   0 0.00  0.0    0   M   M   M   M    M   M        26  M
15  39  22  31  -3  34   0 0.01  0.1    0   M   M   M   M    M   M        26  M
16  34  26  30  -4  35   0 0.03  0.3    0   M   M   M   M    M   M        25  M
17  27  16  22 -11  43   0 0.04  0.8    1   M   M   M   M    M   M        20  M
18  26   6  16 -16  49   0 0.00  0.0    1   M   M   M   M    M   M        22  M
19  26  17  22 -10  43   0    T    T    1   M   M   M   M    M   M        22  M
================================================================================
SM  638  417       703   0  2.38     1.5     M          M        M
================================================================================
AV 33.6 22.0                                 M FASTST   M    M   7    MAX(MPH)
                                 MISC ---->     M   M                 30    M
================================================================================
NOTES:
# LAST OF SEVERAL OCCURRENCES

COLUMN 17 PEAK WIND IN M.P.H.

PRELIMINARY LOCAL CLIMATOLOGICAL DATA (WS FORM: F-6) , PAGE 2

                                          STATION:  La Crosse Weather Office WI
                                          MONTH:    NOVEMBER
                                          YEAR:     2018
                                          LATITUDE:   43 49 N
                                          LONGITUDE:  91 12 W

[TEMPERATURE DATA]      [PRECIPITATION DATA]       SYMBOLS USED IN COLUMN 16

AVERAGE MONTHLY: 27.8   TOTAL FOR MONTH:   2.38    1 = FOG OR MIST
DPTR FM NORMAL:  -9.0   DPTR FM NORMAL:    0.96    2 = FOG REDUCING VISIBILITY
HIGHEST:    52 ON  1    GRTST 24HR  1.52 ON  4- 4      TO 1/4 MILE OR LESS
LOWEST:      6 ON 18                               3 = THUNDER
                        SNOW, ICE PELLETS, HAIL    4 = ICE PELLETS
                        TOTAL MONTH:   1.5 INCHES  5 = HAIL
                        GRTST 24HR   0.8 ON 17-17  6 = FREEZING RAIN OR DRIZZLE
                        GRTST DEPTH:   1 ON 19,18  7 = DUSTSTORM OR SANDSTORM:
                                                       VSBY 1/2 MILE OR LESS
                                                   8 = SMOKE OR HAZE
[NO. OF DAYS WITH]      [WEATHER - DAYS WITH]      9 = BLOWING SNOW
                                                   X = TORNADO
MAX 32 OR BELOW:  10    0.01 INCH OR MORE:   8
MAX 90 OR ABOVE:   0    0.10 INCH OR MORE:   4
MIN 32 OR BELOW:  15    0.50 INCH OR MORE:   1
MIN  0 OR BELOW:   0    1.00 INCH OR MORE:   1

[HDD (BASE 65) ]
TOTAL THIS MO.   703    CLEAR  (SCALE 0-3)   0
DPTR FM NORMAL   165    PTCLDY (SCALE 4-7)   0
TOTAL FM JUL 1  1492    CLOUDY (SCALE 8-10)  0
DPTR FM NORMAL   229

[CDD (BASE 65) ]
TOTAL THIS MO.     0
DPTR FM NORMAL     0    [PRESSURE DATA]
TOTAL FM JAN 1   729    HIGHEST SLP M ON M
DPTR FM NORMAL   220    LOWEST  SLP M ON M

[REMARKS]
