000
CXUS54 KBMX 261110
CF6EET
PRELIMINARY LOCAL CLIMATOLOGICAL DATA (WS FORM: F-6)

                                          STATION:   SHELBY COUNTY AIRPORT
                                          MONTH:     JUNE
                                          YEAR:      2019
                                          LATITUDE:   33 10 N
                                          LONGITUDE:  86 47 W

  TEMPERATURE IN F:       :PCPN:    SNOW:  WIND      :SUNSHINE: SKY     :PK WND
================================================================================
1   2   3   4   5  6A  6B    7    8   9   10  11  12  13   14  15   16   17  18
                                     12Z  AVG MX 2MIN
DY MAX MIN AVG DEP HDD CDD  WTR  SNW DPTH SPD SPD DIR MIN PSBL S-S WX    SPD DR
================================================================================

 1  90  64  77   2   0  12 0.00  0.0    0  3.5 15 290   M    M   0        21 300
 2  92  63  78   3   0  13 0.00  0.0    0  3.0 13 310   M    M   1        17 310
 3  93  67  80   5   0  15 0.00  0.0    0  2.7 13 310   M    M   0 1      17 300
 4  94  70  82   7   0  17 0.00  0.0    0  2.3  7  50   M    M   0 8      10  50
 5  87  71  79   3   0  14 0.17  0.0    0  2.3 14 210   M    M   4 138    21 210
 6  76  69  73  -3   0   8 0.75  0.0    0  4.4 12 140   M    M   9 13     17 140
 7  85  71  78   2   0  13 0.36  0.0    0  5.8 15 190   M    M   6 138    22 180
 8  83  72  78   2   0  13 0.03  0.0    0  3.5 10 180   M    M   7 1      16 200
 9  88  72  80   4   0  15 0.40  0.0    0  1.9 13 340   M    M   8 13     21 340
10  89  71  80   4   0  15 0.00  0.0    0  5.2 22 310   M    M   5 18     29 310
11  82  65  74  -3   0   9 0.00  0.0    0  4.5 10 350   M    M   0        17 360
12  82  63  73  -4   0   8 0.00  0.0    0  2.8 10 300   M    M   4        16 310
13  82  60  71  -6   0   6 0.00  0.0    0  4.2 13 310   M    M   1        18 360
14  83  57  70  -7   0   5 0.00  0.0    0  2.2  8 180   M    M   0        12 130
15  88  62  75  -3   0  10 0.00  0.0    0  3.7 14 170   M    M   1        19 170
16  91  68  80   2   0  15 0.02  0.0    0  2.6 14 160   M    M   3 3      20 170
17  92  69  81   3   0  16 0.04  0.0    0  3.3 16 170   M    M   2 8      23 160
18  85  72  79   1   0  14 0.21  0.0    0  5.1 18 180   M    M   7 138    28 170
19  86  69  78   0   0  13 1.36  0.0    0  4.8 13 200   M    M   5 123    20 240
20  88  68  78   0   0  13 0.03  0.0    0  5.5 29 290   M    M   3 3      41 290
21  93  71  82   4   0  17 0.00  0.0    0  3.0 12 190   M    M   2        17 220
22  91  70  81   2   0  16 0.57  0.0    0  4.1 13 310   M    M   5 13     18  10
23  90  69  80   1   0  15 0.00  0.0    0  3.5 14 180   M    M   4 138    20 160
24  88  73  81   2   0  16 0.00  0.0    0  6.2 17 250   M    M   4 1      28 270
25  88  70  79   0   0  14    T  0.0    0  2.7 16 210   M    M   1 3      24 200
================================================================================
SM 2186 1696         0 322  3.94     0.0  92.8          M       82
================================================================================
AV 87.4 67.8                               3.7 FASTST   M    M   3    MAX(MPH)
                                 MISC ---->  # 29 290               # 41  290
================================================================================
NOTES:
# LAST OF SEVERAL OCCURRENCES

COLUMN 17 PEAK WIND IN M.P.H.

PRELIMINARY LOCAL CLIMATOLOGICAL DATA (WS FORM: F-6) , PAGE 2

                                          STATION:  SHELBY COUNTY AIRPORT
                                          MONTH:    JUNE
                                          YEAR:     2019
                                          LATITUDE:   33 10 N
                                          LONGITUDE:  86 47 W

[TEMPERATURE DATA]      [PRECIPITATION DATA]       SYMBOLS USED IN COLUMN 16

AVERAGE MONTHLY: 77.6   TOTAL FOR MONTH:   3.94    1 = FOG OR MIST
DPTR FM NORMAL:   0.6   DPTR FM NORMAL:    0.06    2 = FOG REDUCING VISIBILITY
HIGHEST:    94 ON  4    GRTST 24HR  1.36 ON 19-19      TO 1/4 MILE OR LESS
LOWEST:     57 ON 14                               3 = THUNDER
                        SNOW, ICE PELLETS, HAIL    4 = ICE PELLETS
                        TOTAL MONTH:   0.0 INCH    5 = HAIL
                        GRTST 24HR     0.0         6 = FREEZING RAIN OR DRIZZLE
                        GRTST DEPTH:   0           7 = DUSTSTORM OR SANDSTORM:
                                                       VSBY 1/2 MILE OR LESS
                                                   8 = SMOKE OR HAZE
[NO. OF DAYS WITH]      [WEATHER - DAYS WITH]      9 = BLOWING SNOW
                                                   X = TORNADO
MAX 32 OR BELOW:   0    0.01 INCH OR MORE:  11
MAX 90 OR ABOVE:   9    0.10 INCH OR MORE:   7
MIN 32 OR BELOW:   0    0.50 INCH OR MORE:   3
MIN  0 OR BELOW:   0    1.00 INCH OR MORE:   1

[HDD (BASE 65) ]
TOTAL THIS MO.     0    CLEAR  (SCALE 0-3)  12
DPTR FM NORMAL     0    PTCLDY (SCALE 4-7)  11
TOTAL FM JUL 1  2286    CLOUDY (SCALE 8-10)  2
DPTR FM NORMAL  -303

[CDD (BASE 65) ]
TOTAL THIS MO.   322
DPTR FM NORMAL    19    [PRESSURE DATA]
TOTAL FM JAN 1   719    HIGHEST SLP M ON M
DPTR FM NORMAL   147    LOWEST  SLP 29.66 ON  7

[REMARKS]
