000
CXUS54 KSHV 221500
CF6GGG
PRELIMINARY LOCAL CLIMATOLOGICAL DATA (WS FORM: F-6)

                                          STATION:   LONGVIEW
                                          MONTH:     OCTOBER
                                          YEAR:      2018
                                          LATITUDE:   32 22 N
                                          LONGITUDE:  94 43 W

  TEMPERATURE IN F:       :PCPN:    SNOW:  WIND      :SUNSHINE: SKY     :PK WND
================================================================================
1   2   3   4   5  6A  6B    7    8   9   10  11  12  13   14  15   16   17  18
                                     12Z  AVG MX 2MIN
DY MAX MIN AVG DEP HDD CDD  WTR  SNW DPTH SPD SPD DIR MIN PSBL S-S WX    SPD DR
================================================================================

 1  87  70  79   8   0  14 0.00  0.0    0  3.4 13 220   M    M   6 18     15 140
 2  90  68  79   9   0  14 0.00  0.0    0  3.3  9 120   M    M   2 1      11 160
 3  90  70  80  10   0  15 0.00  0.0    0  6.9 17 170   M    M   2 1      22 170
 4  90  73  82  12   0  17 0.00  0.0    0  5.2 12 180   M    M   4 1      15 180
 5  89  73  81  12   0  16 0.00  0.0    0  7.1 13 160   M    M   3 1      17 150
 6  90  71  81  12   0  16 0.00  0.0    0  5.9 23 150   M    M   2 1      30 130
 7  89  73  81  12   0  16 0.00  0.0    0  8.2 16 140   M    M   5 1      22 180
 8  88  71  80  12   0  15 0.71  0.0    0  6.9 36 140   M    M   4 13     45 140
 9  82  66  74   6   0   9 0.26  0.0    0  6.5 30 320   M    M   7 13     40 330
10  80  58  69   1   0   4 0.00  0.0    0  6.4 15 310   M    M   6        18 320
11  76  52  64  -3   1   0 0.00  0.0    0  4.1  9  50   M    M   0        14  60
12  75  57  66  -1   0   1 0.17  0.0    0  5.8 13  60   M    M   7        18  50
13  80  62  71   4   0   6 2.02  0.0    0  7.3 20 160   M    M   9 13     25 150
14  87  69  78  12   0  13 0.16  0.0    0  4.6 13 160   M    M   7 12     17 210
15  73  50  62  -4   3   0 0.66  0.0    0 10.2 21 310   M    M  10 1      26 340
16  53  48  51 -15  14   0 0.89    M    0  8.0 16  40   M    M  10 1      25  40
17  57  49  53 -13  12   0 0.12    M    0  6.9 14  20   M    M   9        19  30
18  65  55  60  -5   5   0    T  0.0    0  6.9 14  70   M    M  10        17  70
19  68  56  62  -3   3   0 1.09  0.0    0  3.3 13 340   M    M   6 1      16 340
20  73  55  64  -1   1   0 0.05  0.0    0  5.8 13 360   M    M   6 1      18 350
21  68  46  57  -8   8   0 0.00  0.0    0  5.9 15  70   M    M   0        19  70
================================================================================
SM 1650 1292        47 156  6.13     0.0 128.6          M      115
================================================================================
AV 78.6 61.5                               6.1 FASTST   M    M   5    MAX(MPH)
                                 MISC ---->  # 36 140               # 45  140
================================================================================
NOTES:
# LAST OF SEVERAL OCCURRENCES

COLUMN 17 PEAK WIND IN M.P.H.

PRELIMINARY LOCAL CLIMATOLOGICAL DATA (WS FORM: F-6) , PAGE 2

                                          STATION:  LONGVIEW
                                          MONTH:    OCTOBER
                                          YEAR:     2018
                                          LATITUDE:   32 22 N
                                          LONGITUDE:  94 43 W

[TEMPERATURE DATA]      [PRECIPITATION DATA]       SYMBOLS USED IN COLUMN 16

AVERAGE MONTHLY: 70.1   TOTAL FOR MONTH:   6.13    1 = FOG OR MIST
DPTR FM NORMAL:   2.6   DPTR FM NORMAL:    2.93    2 = FOG REDUCING VISIBILITY
HIGHEST:    90 ON  6, 4 GRTST 24HR  2.02 ON 13-13      TO 1/4 MILE OR LESS
LOWEST:     46 ON 21                               3 = THUNDER
                        SNOW, ICE PELLETS, HAIL    4 = ICE PELLETS
                        TOTAL MONTH:   0.0 INCH    5 = HAIL
                        GRTST 24HR     0.0         6 = FREEZING RAIN OR DRIZZLE
                        GRTST DEPTH:   0           7 = DUSTSTORM OR SANDSTORM:
                                                       VSBY 1/2 MILE OR LESS
                                                   8 = SMOKE OR HAZE
[NO. OF DAYS WITH]      [WEATHER - DAYS WITH]      9 = BLOWING SNOW
                                                   X = TORNADO
MAX 32 OR BELOW:   0    0.01 INCH OR MORE:  10
MAX 90 OR ABOVE:   4    0.10 INCH OR MORE:   9
MIN 32 OR BELOW:   0    0.50 INCH OR MORE:   5
MIN  0 OR BELOW:   0    1.00 INCH OR MORE:   2

[HDD (BASE 65) ]
TOTAL THIS MO.    47    CLEAR  (SCALE 0-3)   6
DPTR FM NORMAL     9    PTCLDY (SCALE 4-7)  10
TOTAL FM JUL 1    47    CLOUDY (SCALE 8-10)  5
DPTR FM NORMAL     3

[CDD (BASE 65) ]
TOTAL THIS MO.   156
DPTR FM NORMAL    66    [PRESSURE DATA]
TOTAL FM JAN 1  3014    HIGHEST SLP M ON M
DPTR FM NORMAL   645    LOWEST  SLP 29.67 ON 13

[REMARKS]
