000
CXUS54 KSHV 171500
CF6GGG
PRELIMINARY LOCAL CLIMATOLOGICAL DATA (WS FORM: F-6)

                                          STATION:   LONGVIEW
                                          MONTH:     FEBRUARY
                                          YEAR:      2019
                                          LATITUDE:   32 22 N
                                          LONGITUDE:  94 43 W

  TEMPERATURE IN F:       :PCPN:    SNOW:  WIND      :SUNSHINE: SKY     :PK WND
================================================================================
1   2   3   4   5  6A  6B    7    8   9   10  11  12  13   14  15   16   17  18
                                     12Z  AVG MX 2MIN
DY MAX MIN AVG DEP HDD CDD  WTR  SNW DPTH SPD SPD DIR MIN PSBL S-S WX    SPD DR
================================================================================

 1  67  43  55   8  10   0 0.00  0.0    0  2.9 12 180   M    M   7        13 180
 2  63  46  55   7  10   0    T  0.0    0  4.3 10 150   M    M   9 1      14 130
 3  66  54  60  12   5   0    T  0.0    0  8.4 14 160   M    M   9 1      19 150
 4  80  63  72  24   0   7 0.00  0.0    0 10.3 17 230   M    M   5        25 220
 5  80  65  73  25   0   8 0.01  0.0    0  9.8 20 190   M    M   8 1      25 190
 6  79  68  74  26   0   9    T  0.0    0 12.6 23 190   M    M   7 18     30 190
 7  73  32  53   5  12   0 0.30  0.0    0 13.9 38 300   M    M   7 138    46 300
 8  35  26  31 -18  34   0 0.02    T    0  7.6 16 350   M    M   4 4      23 360
 9  39  33  36 -13  29   0 0.04    T    0  6.6 13  60   M    M  10 4      17  80
10  60  38  49   0  16   0 0.01  0.0    0  4.1 12 120   M    M  10        13 120
11  70  49  60  11   5   0 0.45    M    0  8.8 22 230   M    M  10 1      30 210
12  61  36  49  -1  16   0 0.00  0.0    0 10.3 25 320   M    M   1        34 320
13  64  30  47  -3  18   0 0.00  0.0    0  7.3 21 180   M    M   0        26 170
14  74  50  62  12   3   0 0.00  0.0    0 15.2 32 220   M    M   1        41 220
15  79  44  62  12   3   0 0.00  0.0    0  9.8 22 340   M    M   3        29 350
16  47  41  44  -6  21   0    T    M    0  6.3 15  70   M    M  10 1      19  50
================================================================================
SM 1037  718       182  24  0.83    T    138.2          M      101
================================================================================
AV 64.8 44.9                               8.6 FASTST   M    M   6    MAX(MPH)
                                 MISC ---->  # 38 300               # 46  300
================================================================================
NOTES:
# LAST OF SEVERAL OCCURRENCES

COLUMN 17 PEAK WIND IN M.P.H.

PRELIMINARY LOCAL CLIMATOLOGICAL DATA (WS FORM: F-6) , PAGE 2

                                          STATION:  LONGVIEW
                                          MONTH:    FEBRUARY
                                          YEAR:     2019
                                          LATITUDE:   32 22 N
                                          LONGITUDE:  94 43 W

[TEMPERATURE DATA]      [PRECIPITATION DATA]       SYMBOLS USED IN COLUMN 16

AVERAGE MONTHLY: 54.8   TOTAL FOR MONTH:   0.83    1 = FOG OR MIST
DPTR FM NORMAL:   6.0   DPTR FM NORMAL:   -1.38    2 = FOG REDUCING VISIBILITY
HIGHEST:    80 ON  5, 4 GRTST 24HR  0.45 ON 11-11      TO 1/4 MILE OR LESS
LOWEST:     26 ON  8                               3 = THUNDER
                        SNOW, ICE PELLETS, HAIL    4 = ICE PELLETS
                        TOTAL MONTH:    T          5 = HAIL
                        GRTST 24HR    T  ON  9- 9  6 = FREEZING RAIN OR DRIZZLE
                        GRTST DEPTH:   0           7 = DUSTSTORM OR SANDSTORM:
                                                       VSBY 1/2 MILE OR LESS
                                                   8 = SMOKE OR HAZE
[NO. OF DAYS WITH]      [WEATHER - DAYS WITH]      9 = BLOWING SNOW
                                                   X = TORNADO
MAX 32 OR BELOW:   0    0.01 INCH OR MORE:   6
MAX 90 OR ABOVE:   0    0.10 INCH OR MORE:   2
MIN 32 OR BELOW:   3    0.50 INCH OR MORE:   0
MIN  0 OR BELOW:   0    1.00 INCH OR MORE:   0

[HDD (BASE 65) ]
TOTAL THIS MO.   182    CLEAR  (SCALE 0-3)   4
DPTR FM NORMAL   -81    PTCLDY (SCALE 4-7)   6
TOTAL FM JUL 1  1696    CLOUDY (SCALE 8-10)  6
DPTR FM NORMAL   -50

[CDD (BASE 65) ]
TOTAL THIS MO.    24
DPTR FM NORMAL    24    [PRESSURE DATA]
TOTAL FM JAN 1    24    HIGHEST SLP M ON M
DPTR FM NORMAL    20    LOWEST  SLP 29.64 ON 15

[REMARKS]
