609
CXUS56 KPQR 181200
CF6HIO
PRELIMINARY LOCAL CLIMATOLOGICAL DATA (WS FORM: F-6)

                                          STATION:   HILLSBORO OR
                                          MONTH:     JULY
                                          YEAR:      2018
                                          LATITUDE:   45 32 N
                                          LONGITUDE: 122 57 W

  TEMPERATURE IN F:       :PCPN:    SNOW:  WIND      :SUNSHINE: SKY     :PK WND
================================================================================
1   2   3   4   5  6A  6B    7    8   9   10  11  12  13   14  15   16   17  18
                                     12Z  AVG MX 2MIN
DY MAX MIN AVG DEP HDD CDD  WTR  SNW DPTH SPD SPD DIR MIN PSBL S-S WX    SPD DR
================================================================================

 1  77  55  66   3   0   1 0.00  0.0    0  6.6 22 330   M    M   6        27 330
 2  70  49  60  -3   5   0    T    M    0  8.0 22 300   M    M   7        26 310
 3  77  41  59  -5   6   0 0.00  0.0    0  3.9 13 360   M    M   2        17 360
 4  83  53  68   4   0   3    T  0.0    0  5.5 16  90   M    M   2 8      23  70
 5  85  52  69   5   0   4 0.00  0.0    0  4.5 20 290   M    M   2 1      25 280
 6  80  52  66   2   0   1 0.00  0.0    0  6.1 18 230   M    M   2        29 230
 7  80  50  65   1   0   0 0.00  0.0    0  4.3 15  20   M    M   4        19  10
 8  87  49  68   4   0   3 0.00  0.0    0  6.0 20 310   M    M   0 1      24 300
 9  70  50  60  -5   5   0    T    M    M  3.5 14 300   M    M   7        17 300
10  77  56  67   2   0   2    T    M    M  4.8 13 340   M    M   7        17  10
11  89  55  72   7   0   7 0.00    M    M  7.8 15  20   M    M   0 8      21 330
12  98  58  78  13   0  13 0.00    M    M  6.0 15 320   M    M   0        19  10
13  93  56  75  10   0  10 0.00  0.0    0  6.2 16 330   M    M   0        21 310
14  93  52  73   7   0   8 0.00  0.0    0  3.5 10  10   M    M   0        13  10
15 100  57  79  13   0  14 0.00  0.0    0  4.3 17 310   M    M   0        21 310
16  97  58  78  12   0  13 0.00  0.0    0  4.5 17 320   M    M   0        22 320
17  92  56  74   8   0   9 0.00  0.0    0  4.8 15 310   M    M   0        18 310
================================================================================
SM 1448  899        16  88    T      0.0  90.3          M       39
================================================================================
AV 85.2 52.9                               5.3 FASTST   M    M   2    MAX(MPH)
                                 MISC ---->  # 22 330               # 29  230
================================================================================
NOTES:
# LAST OF SEVERAL OCCURRENCES

COLUMN 17 PEAK WIND IN M.P.H.

PRELIMINARY LOCAL CLIMATOLOGICAL DATA (WS FORM: F-6) , PAGE 2

                                          STATION:  HILLSBORO OR
                                          MONTH:    JULY
                                          YEAR:     2018
                                          LATITUDE:   45 32 N
                                          LONGITUDE: 122 57 W

[TEMPERATURE DATA]      [PRECIPITATION DATA]       SYMBOLS USED IN COLUMN 16

AVERAGE MONTHLY: 69.0   TOTAL FOR MONTH:      T    1 = FOG OR MIST
DPTR FM NORMAL:   4.4   DPTR FM NORMAL:   -0.39    2 = FOG REDUCING VISIBILITY
HIGHEST:   100 ON 15    GRTST 24HR    T  ON 10-10      TO 1/4 MILE OR LESS
LOWEST:     41 ON  3                               3 = THUNDER
                        SNOW, ICE PELLETS, HAIL    4 = ICE PELLETS
                        TOTAL MONTH:   0.0 INCH    5 = HAIL
                        GRTST 24HR     0.0         6 = FREEZING RAIN OR DRIZZLE
                        GRTST DEPTH:   0           7 = DUSTSTORM OR SANDSTORM:
                                                       VSBY 1/2 MILE OR LESS
                                                   8 = SMOKE OR HAZE
[NO. OF DAYS WITH]      [WEATHER - DAYS WITH]      9 = BLOWING SNOW
                                                   X = TORNADO
MAX 32 OR BELOW:   0    0.01 INCH OR MORE:   0
MAX 90 OR ABOVE:   6    0.10 INCH OR MORE:   0
MIN 32 OR BELOW:   0    0.50 INCH OR MORE:   0
MIN  0 OR BELOW:   0    1.00 INCH OR MORE:   0

[HDD (BASE 65) ]
TOTAL THIS MO.    16    CLEAR  (SCALE 0-3)  12
DPTR FM NORMAL   -23    PTCLDY (SCALE 4-7)   5
TOTAL FM JUL 1    16    CLOUDY (SCALE 8-10)  0
DPTR FM NORMAL   -23

[CDD (BASE 65) ]
TOTAL THIS MO.    88
DPTR FM NORMAL    55    [PRESSURE DATA]
TOTAL FM JAN 1   136    HIGHEST SLP M ON M
DPTR FM NORMAL    77    LOWEST  SLP 29.82 ON  4

[REMARKS]
