000
CXUS54 KSJT 191000
CF6JCT
PRELIMINARY LOCAL CLIMATOLOGICAL DATA (WS FORM: F-6)

                                          STATION:   JUNCTION
                                          MONTH:     NOVEMBER
                                          YEAR:      2018
                                          LATITUDE:   30 18 N
                                          LONGITUDE:  99 28 W

  TEMPERATURE IN F:       :PCPN:    SNOW:  WIND      :SUNSHINE: SKY     :PK WND
================================================================================
1   2   3   4   5  6A  6B    7    8   9   10  11  12  13   14  15   16   17  18
                                     12Z  AVG MX 2MIN
DY MAX MIN AVG DEP HDD CDD  WTR  SNW DPTH SPD SPD DIR MIN PSBL S-S WX    SPD DR
================================================================================

 1  65  43  54  -7  11   0 0.00  0.0    0  5.7 13 310   M    M   1        18 310
 2  74  37  56  -4   9   0 0.00  0.0    0  3.0 12 270   M    M   0 1      17 280
 3  76  44  60   0   5   0 0.00  0.0    0  5.9 21 200   M    M   0        27 190
 4  70  49  60   0   5   0 0.00  0.0    0  5.1 18  50   M    M   2        22  50
 5  82  54  68   9   0   3 0.00  0.0    0  5.6 16 210   M    M   3        23 200
 6  88  49  69  10   0   4 0.00  0.0    0  3.9 13 230   M    M   1 1      18 250
 7  88  58  73  14   0   8 0.00  0.0    0  5.8 18  20   M    M   8 1      24  20
 8  60  54  57  -1   8   0    T  0.0    0  7.8 20  30   M    M  10 1      26  30
 9  55  45  50  -8  15   0 0.01    M    0 11.9 23  10   M    M  10 1      29  10
10  55  43  49  -9  16   0    T    M    0  6.8 15 130   M    M   8        18 170
11  65  47  56  -1   9   0 0.02    M    0  5.7 15 200   M    M  10 1      19 210
12  56  33  45 -12  20   0 0.05  0.0    0 14.2 29  10   M    M  10 1      37  10
13  45  24  35 -21  30   0 0.00  0.0    0 10.7 24 350   M    M   3        30 360
14  59  20  40 -16  25   0 0.00  0.0    0  3.6 14 330   M    M   0 18     20 310
15  66  27  47  -9  18   0 0.00  0.0    0  2.3 12 200   M    M   0 18     15 200
16  69  29  49  -6  16   0 0.00    M    0  4.0 14 190   M    M   0        17 190
17  73  33  53  -2  12   0 0.00  0.0    0  5.6 18 200   M    M   1 8      25 210
18  54  41  48  -7  17   0    T    M    0  8.6 15  10   M    M  10        21  10
================================================================================
SM 1200  730       216  15  0.08     0.0 116.2          M       77
================================================================================
AV 66.7 40.6                               6.5 FASTST   M    M   4    MAX(MPH)
                                 MISC ---->  # 29  10               # 37   10
================================================================================
NOTES:
# LAST OF SEVERAL OCCURRENCES

COLUMN 17 PEAK WIND IN M.P.H.

PRELIMINARY LOCAL CLIMATOLOGICAL DATA (WS FORM: F-6) , PAGE 2

                                          STATION:  JUNCTION
                                          MONTH:    NOVEMBER
                                          YEAR:     2018
                                          LATITUDE:   30 18 N
                                          LONGITUDE:  99 28 W

[TEMPERATURE DATA]      [PRECIPITATION DATA]       SYMBOLS USED IN COLUMN 16

AVERAGE MONTHLY: 53.6   TOTAL FOR MONTH:   0.08    1 = FOG OR MIST
DPTR FM NORMAL:  -4.1   DPTR FM NORMAL:   -1.29    2 = FOG REDUCING VISIBILITY
HIGHEST:    88 ON  7, 6 GRTST 24HR  0.06 ON 31- 1      TO 1/4 MILE OR LESS
LOWEST:     20 ON 14                               3 = THUNDER
                        SNOW, ICE PELLETS, HAIL    4 = ICE PELLETS
                        TOTAL MONTH:   0.0 INCH    5 = HAIL
                        GRTST 24HR     0.0         6 = FREEZING RAIN OR DRIZZLE
                        GRTST DEPTH:   0           7 = DUSTSTORM OR SANDSTORM:
                                                       VSBY 1/2 MILE OR LESS
                                                   8 = SMOKE OR HAZE
[NO. OF DAYS WITH]      [WEATHER - DAYS WITH]      9 = BLOWING SNOW
                                                   X = TORNADO
MAX 32 OR BELOW:   0    0.01 INCH OR MORE:   3
MAX 90 OR ABOVE:   0    0.10 INCH OR MORE:   0
MIN 32 OR BELOW:   4    0.50 INCH OR MORE:   0
MIN  0 OR BELOW:   0    1.00 INCH OR MORE:   0

[HDD (BASE 65) ]
TOTAL THIS MO.   216    CLEAR  (SCALE 0-3)  10
DPTR FM NORMAL    73    PTCLDY (SCALE 4-7)   3
TOTAL FM JUL 1   303    CLOUDY (SCALE 8-10)  5
DPTR FM NORMAL    75

[CDD (BASE 65) ]
TOTAL THIS MO.    15
DPTR FM NORMAL     5    [PRESSURE DATA]
TOTAL FM JAN 1  2947    HIGHEST SLP M ON M
DPTR FM NORMAL   549    LOWEST  SLP 29.68 ON  5

[REMARKS]
