000
CXUS55 KALY 160710
CF6PSF
PRELIMINARY LOCAL CLIMATOLOGICAL DATA (WS FORM: F-6)

                                          STATION:   PITTSFIELD MA
                                          MONTH:     NOVEMBER
                                          YEAR:      2018
                                          LATITUDE:   42 25 N
                                          LONGITUDE:  73 18 W

  TEMPERATURE IN F:       :PCPN:    SNOW:  WIND      :SUNSHINE: SKY     :PK WND
================================================================================
1   2   3   4   5  6A  6B    7    8   9   10  11  12  13   14  15   16   17  18
                                     12Z  AVG MX 2MIN
DY MAX MIN AVG DEP HDD CDD  WTR  SNW DPTH SPD SPD DIR MIN PSBL S-S WX    SPD DR
================================================================================

 1  58  51  55  12  10   0 0.08    M    M  4.2  9  50   M    M  10 1       M  M
 2  64  51  58  16   7   0 1.42    M    M  4.9 21 180   M    M  10 13     33 200
 3  57  39  48   6  17   0 0.88    M    M 12.3 37 270   M    M   9 1      47 260
 4  49  31  40  -2  25   0 0.00    M    M  6.2 18 300   M    M   3        25 300
 5  44  31  38  -3  27   0 0.24    M    M  6.0 15 120   M    M   7 1      20 120
 6  55  44  50   9  15   0 0.55    M    M  5.8 16 200   M    M   9 1      23 230
 7  57  42  50   9  15   0 0.00    M    M 11.3 22 270   M    M   1        30 320
 8  48  33  41   1  24   0 0.00    M    M  7.3 18 290   M    M   3        25 290
 9  41  26  34  -6  31   0 0.32    M    M  5.2 13  60   M    M   6 1      22  60
10  42  31  37  -3  28   0 0.17    M    M 13.9 32 270   M    M   8 1      42 280
11  38  24  31  -9  34   0    T    M    M  9.0 24 270   M    M   6        35 290
12  45  22  34  -5  31   0 0.00    M    M  1.9  9 220   M    M   3        14 210
13  40  30  35  -4  30   0 0.72    M    M  8.9 30 300   M    M  10 1      44 290
14  30  19  25 -13  40   0 0.01    M    M 13.5 32 290   M    M   5 8      44 290
15  28  17  23 -15  42   0 0.36    M    M  4.1 16  60   M    M   3 18     25 110
================================================================================
SM  696  491       376   0  4.75    M    114.5          M       93
================================================================================
AV 46.4 32.7                               7.6 FASTST   M    M   6    MAX(MPH)
                                 MISC ---->  # 37 270               # 47  260
================================================================================
NOTES:
# LAST OF SEVERAL OCCURRENCES

COLUMN 17 PEAK WIND IN M.P.H.

PRELIMINARY LOCAL CLIMATOLOGICAL DATA (WS FORM: F-6) , PAGE 2

                                          STATION:  PITTSFIELD MA
                                          MONTH:    NOVEMBER
                                          YEAR:     2018
                                          LATITUDE:   42 25 N
                                          LONGITUDE:  73 18 W

[TEMPERATURE DATA]      [PRECIPITATION DATA]       SYMBOLS USED IN COLUMN 16

AVERAGE MONTHLY: 39.6   TOTAL FOR MONTH:   4.75    1 = FOG OR MIST
DPTR FM NORMAL:  -0.8   DPTR FM NORMAL:    2.86    2 = FOG REDUCING VISIBILITY
HIGHEST:    64 ON  2    GRTST 24HR  1.42 ON  2- 2      TO 1/4 MILE OR LESS
LOWEST:     17 ON 15                               3 = THUNDER
                        SNOW, ICE PELLETS, HAIL    4 = ICE PELLETS
                        TOTAL MONTH:    M          5 = HAIL
                        GRTST 24HR    M  ON   M    6 = FREEZING RAIN OR DRIZZLE
                        GRTST DEPTH:  M  ON   M    7 = DUSTSTORM OR SANDSTORM:
                                                       VSBY 1/2 MILE OR LESS
                                                   8 = SMOKE OR HAZE
[NO. OF DAYS WITH]      [WEATHER - DAYS WITH]      9 = BLOWING SNOW
                                                   X = TORNADO
MAX 32 OR BELOW:   2    0.01 INCH OR MORE:  10
MAX 90 OR ABOVE:   0    0.10 INCH OR MORE:   8
MIN 32 OR BELOW:   9    0.50 INCH OR MORE:   4
MIN  0 OR BELOW:   0    1.00 INCH OR MORE:   1

[HDD (BASE 65) ]
TOTAL THIS MO.   376    CLEAR  (SCALE 0-3)   3
DPTR FM NORMAL     6    PTCLDY (SCALE 4-7)   7
TOTAL FM JUL 1  1000    CLOUDY (SCALE 8-10)  5
DPTR FM NORMAL  -206

[CDD (BASE 65) ]
TOTAL THIS MO.     0
DPTR FM NORMAL     0    [PRESSURE DATA]
TOTAL FM JAN 1   635    HIGHEST SLP M ON M
DPTR FM NORMAL   345    LOWEST  SLP 29.52 ON  3

[REMARKS]
