000
CXUS55 KLOX 221655
CF6SBA
PRELIMINARY LOCAL CLIMATOLOGICAL DATA (WS FORM: F-6)

                                          STATION:   SANTA BARBARA AIRPORT CA
                                          MONTH:     SEPTEMBER
                                          YEAR:      2018
                                          LATITUDE:   34 25 N
                                          LONGITUDE: 119 50 W

  TEMPERATURE IN F:       :PCPN:    SNOW:  WIND      :SUNSHINE: SKY     :PK WND
================================================================================
1   2   3   4   5  6A  6B    7    8   9   10  11  12  13   14  15   16   17  18
                                     12Z  AVG MX 2MIN
DY MAX MIN AVG DEP HDD CDD  WTR  SNW DPTH SPD SPD DIR MIN PSBL S-S WX    SPD DR
================================================================================

 1  76  61  69   3   0   4 0.00  0.0    0  5.8 16 120   M    M   0 1      20 120
 2  77  61  69   3   0   4 0.00  0.0    0  3.6 12 250   M    M   4 1       M  M
 3  75  60  68   2   0   3 0.00  0.0    0  6.4 17 270   M    M   5 1      20 260
 4  71  62  67   1   0   2 0.00  0.0    0  5.1 13 240   M    M   9 1       M  M
 5  72  62  67   1   0   2 0.00  0.0    0  4.7 15 270   M    M   9 1      20 290
 6  70  62  66   0   0   1 0.00  0.0    0  4.6 13 260   M    M   7 18     17 250
 7  71  61  66   0   0   1 0.00  0.0    0  5.3 14 240   M    M   7 1      18 270
 8  74  62  68   2   0   3 0.00  0.0    0  4.2 10 250   M    M   5 128    13 230
 9  75  58  67   1   0   2 0.00  0.0    0  4.5 12 210   M    M   3 18     14 220
10  74  61  68   2   0   3 0.00  0.0    0  6.2 13 270   M    M   5 18      M  M
11  73  57  65  -1   0   0 0.00  0.0    0  4.5 15 270   M    M   6 1      18 260
12  74  54  64  -1   1   0 0.00  0.0    0  4.6 17 270   M    M   4 1      22 270
13  81  51  66   1   0   1 0.00  0.0    0  3.4 13 250   M    M   0        15 240
14  80  52  66   1   0   1 0.00  0.0    0  3.9 12 250   M    M   0        15  60
15  81  52  67   2   0   2 0.00  0.0    0  3.1  9 140   M    M   0        12 130
16  78  52  65   0   0   0 0.00  0.0    0  2.6 10 270   M    M   0        14 210
17  79  50  65   0   0   0 0.00  0.0    0  3.8 12 260   M    M   0        15 260
18  77  51  64  -1   1   0 0.00  0.0    0  4.0 12 160   M    M   0        14 150
19  76  53  65   0   0   0 0.00  0.0    0  4.7 12 150   M    M   0        14 160
20  74  52  63  -2   2   0 0.00  0.0    0  4.1 12 270   M    M   2 18     18 260
21  74  58  66   1   0   1 0.00  0.0    0  4.1 12 160   M    M   6 1      14 150
================================================================================
SM 1582 1192         4  30  0.00     0.0  93.2          M       72
================================================================================
AV 75.3 56.8                               4.4 FASTST   M    M   3    MAX(MPH)
                                 MISC ---->  # 17 270               # 22  270
================================================================================
NOTES:
# LAST OF SEVERAL OCCURRENCES

COLUMN 17 PEAK WIND IN M.P.H.

PRELIMINARY LOCAL CLIMATOLOGICAL DATA (WS FORM: F-6) , PAGE 2

                                          STATION:  SANTA BARBARA AIRPORT CA
                                          MONTH:    SEPTEMBER
                                          YEAR:     2018
                                          LATITUDE:   34 25 N
                                          LONGITUDE: 119 50 W

[TEMPERATURE DATA]      [PRECIPITATION DATA]       SYMBOLS USED IN COLUMN 16

AVERAGE MONTHLY: 66.1   TOTAL FOR MONTH:   0.00    1 = FOG OR MIST
DPTR FM NORMAL:   0.5   DPTR FM NORMAL:   -0.13    2 = FOG REDUCING VISIBILITY
HIGHEST:    81 ON 15,13 GRTST 24HR  0.00 ON 21-21      TO 1/4 MILE OR LESS
LOWEST:     50 ON 17                               3 = THUNDER
                        SNOW, ICE PELLETS, HAIL    4 = ICE PELLETS
                        TOTAL MONTH:   0.0 INCH    5 = HAIL
                        GRTST 24HR     0.0         6 = FREEZING RAIN OR DRIZZLE
                        GRTST DEPTH:   0           7 = DUSTSTORM OR SANDSTORM:
                                                       VSBY 1/2 MILE OR LESS
                                                   8 = SMOKE OR HAZE
[NO. OF DAYS WITH]      [WEATHER - DAYS WITH]      9 = BLOWING SNOW
                                                   X = TORNADO
MAX 32 OR BELOW:   0    0.01 INCH OR MORE:   0
MAX 90 OR ABOVE:   0    0.10 INCH OR MORE:   0
MIN 32 OR BELOW:   0    0.50 INCH OR MORE:   0
MIN  0 OR BELOW:   0    1.00 INCH OR MORE:   0

[HDD (BASE 65) ]
TOTAL THIS MO.     4    CLEAR  (SCALE 0-3)  10
DPTR FM NORMAL   -19    PTCLDY (SCALE 4-7)   9
TOTAL FM JUL 1     4    CLOUDY (SCALE 8-10)  2
DPTR FM NORMAL   -70

[CDD (BASE 65) ]
TOTAL THIS MO.    30
DPTR FM NORMAL    -6    [PRESSURE DATA]
TOTAL FM JAN 1   365    HIGHEST SLP M ON M
DPTR FM NORMAL   202    LOWEST  SLP 29.66 ON 19

[REMARKS]
