000
CXUS51 KBTV 190700
CF6VSF
PRELIMINARY LOCAL CLIMATOLOGICAL DATA (WS FORM: F-6)

                                          STATION:   SPRINGFIELD VT
                                          MONTH:     JULY
                                          YEAR:      2018
                                          LATITUDE:   43 19 N
                                          LONGITUDE:  72 31 W

  TEMPERATURE IN F:       :PCPN:    SNOW:  WIND      :SUNSHINE: SKY     :PK WND
================================================================================
1   2   3   4   5  6A  6B    7    8   9   10  11  12  13   14  15   16   17  18
                                     12Z  AVG MX 2MIN
DY MAX MIN AVG DEP HDD CDD  WTR  SNW DPTH SPD SPD DIR MIN PSBL S-S WX    SPD DR
================================================================================

 1  94  68  81  13   0  16 0.00  0.0    0  1.8 10 110   M    M   1        15 300
 2  93  73  83  15   0  18 0.00  0.0    0  4.1 16 170   M    M   4        24 190
 3  93  68  81  13   0  16    T  0.0    0  2.8 12 300   M    M   1 1      17 280
 4  92  62  77   9   0  12 0.00  0.0    0  1.7 12 170   M    M   0        15 160
 5  93  64  79  10   0  14 0.00  0.0    0  3.7 14 260   M    M   1 18     19 260
 6  82  57  70   1   0   5 0.91  0.0    0  6.1 17 300   M    M   5 13     26 350
 7  78  48  63  -6   2   0 0.00  0.0    0  3.2 12 250   M    M   2        20 360
 8  85  49  67  -2   0   2 0.00  0.0    0  1.6  9 190   M    M   1 12     12 240
 9  88  52  70   1   0   5 0.00  0.0    0  2.8 13 240   M    M   0        16 260
10  89  55  72   3   0   7 0.07  0.0    0  1.9 20 260   M    M   2 123    26 260
11  81  55  68  -1   0   3 0.00  0.0    0  3.6 12 320   M    M   5 12     18 360
12  81  48  65  -4   0   0 0.00  0.0    0  1.7  8 150   M    M   3        12  90
13  85  52  69   0   0   4 0.00  0.0    0  2.3 10 100   M    M   1 1      13  90
14  75  62  69   0   0   4    T  0.0    0  1.6  6 190   M    M   9         M  M
15  88  65  77   8   0  12    T  0.0    0  2.2 16  10   M    M   5 123    25  30
16  91  61  76   7   0  11 0.00  0.0    0  2.5  6 180   M    M   4 12      M  M
17  76  66  71   2   0   6 1.22  0.0    0  1.8  9 220   M    M   9 13     12 250
18  77  51  64  -5   1   0 0.00  0.0    0  4.9 18 280   M    M   3 1      28 280
================================================================================
SM 1541 1056         3 135  2.20     0.0  50.3          M       56
================================================================================
AV 85.6 58.7                               2.8 FASTST   M    M   3    MAX(MPH)
                                 MISC ---->  # 20 260               # 28  280
================================================================================
NOTES:
# LAST OF SEVERAL OCCURRENCES

COLUMN 17 PEAK WIND IN M.P.H.

PRELIMINARY LOCAL CLIMATOLOGICAL DATA (WS FORM: F-6) , PAGE 2

                                          STATION:  SPRINGFIELD VT
                                          MONTH:    JULY
                                          YEAR:     2018
                                          LATITUDE:   43 19 N
                                          LONGITUDE:  72 31 W

[TEMPERATURE DATA]      [PRECIPITATION DATA]       SYMBOLS USED IN COLUMN 16

AVERAGE MONTHLY: 72.1   TOTAL FOR MONTH:   2.20    1 = FOG OR MIST
DPTR FM NORMAL:   3.4   DPTR FM NORMAL:   -0.33    2 = FOG REDUCING VISIBILITY
HIGHEST:    94 ON  1    GRTST 24HR  1.22 ON 17-17      TO 1/4 MILE OR LESS
LOWEST:     48 ON 12, 7                            3 = THUNDER
                        SNOW, ICE PELLETS, HAIL    4 = ICE PELLETS
                        TOTAL MONTH:   0.0 INCH    5 = HAIL
                        GRTST 24HR     0.0         6 = FREEZING RAIN OR DRIZZLE
                        GRTST DEPTH:   0           7 = DUSTSTORM OR SANDSTORM:
                                                       VSBY 1/2 MILE OR LESS
                                                   8 = SMOKE OR HAZE
[NO. OF DAYS WITH]      [WEATHER - DAYS WITH]      9 = BLOWING SNOW
                                                   X = TORNADO
MAX 32 OR BELOW:   0    0.01 INCH OR MORE:   3
MAX 90 OR ABOVE:   6    0.10 INCH OR MORE:   2
MIN 32 OR BELOW:   0    0.50 INCH OR MORE:   2
MIN  0 OR BELOW:   0    1.00 INCH OR MORE:   1

[HDD (BASE 65) ]
TOTAL THIS MO.     3    CLEAR  (SCALE 0-3)  11
DPTR FM NORMAL    -6    PTCLDY (SCALE 4-7)   5
TOTAL FM JUL 1     3    CLOUDY (SCALE 8-10)  2
DPTR FM NORMAL    -6

[CDD (BASE 65) ]
TOTAL THIS MO.   135
DPTR FM NORMAL    52    [PRESSURE DATA]
TOTAL FM JAN 1   205    HIGHEST SLP M ON M
DPTR FM NORMAL    46    LOWEST  SLP 29.75 ON 17

[REMARKS]
