000
CXUS51 KCAR 010700
CF6FVE
PRELIMINARY LOCAL CLIMATOLOGICAL DATA (WS FORM: F-6)
STATION: FRENCHVILLE ME
MONTH: AUGUST
YEAR: 2022
LATITUDE: 47 16 N
LONGITUDE: 68 19 W
TEMPERATURE IN F: :PCPN: SNOW: WIND :SUNSHINE: SKY :PK WND
================================================================================
1 2 3 4 5 6A 6B 7 8 9 10 11 12 13 14 15 16 17 18
12Z AVG MX 2MIN
DY MAX MIN AVG DEP HDD CDD WTR SNW DPTH SPD SPD DIR MIN PSBL S-S WX SPD DR
================================================================================
1 82 62 72 6 0 7 T M M 5.9 13 210 M M 3 17 230
2 77 56 67 1 0 2 0.04 M M 8.1 18 330 M M 6 13 24 320
3 75 52 64 -2 1 0 0.00 M M 6.2 14 320 M M 0 17 320
4 83 64 74 8 0 9 0.00 M M 8.7 21 240 M M 7 26 230
5 75 54 65 -1 0 0 0.00 M M 8.2 15 340 M M 4 20 340
6 83 50 67 1 0 2 0.00 M M 6.6 17 210 M M 0 25 220
7 84 57 71 5 0 6 0.10 M M 8.5 20 260 M M 4 25 240
8 70 53 62 -4 3 0 0.70 M M 4.8 13 110 M M 3 1 16 110
9 61 54 58 -8 7 0 0.23 M M 6.3 16 40 M M 9 1 24 40
10 68 52 60 -6 5 0 T M M 5.2 12 190 M M 9 1 15 200
11 74 59 67 1 0 2 0.59 M M 5.1 21 280 M M 10 123 24 280
12 70 54 62 -3 3 0 0.00 M M 8.4 20 340 M M 7 12 24 340
13 74 48 61 -4 4 0 0.00 M M 4.6 13 350 M M 4 12 18 360
14 70 56 63 -2 2 0 0.02 M M 4.9 10 320 M M 4 1 14 360
15 81 52 67 2 0 2 0.00 M M 4.5 13 220 M M 4 12 17 220
16 81 51 66 1 0 1 0.00 M M 6.0 10 60 M M 1 12 14 360
17 73 58 66 1 0 1 0.21 M M 10.6 21 30 M M 4 1 33 20
18 71 59 65 1 0 0 0.48 M M 8.5 21 50 M M 10 12 30 60
19 76 58 67 3 0 2 0.05 M M 9.9 18 280 M M 6 12 21 280
20 85 57 71 7 0 6 0.00 M M 5.2 13 290 M M 0 14 290
21 85 61 73 9 0 8 0.07 M M 6.2 17 240 M M 1 3 26 250
22 81 63 72 8 0 7 T M M 6.9 15 190 M M 3 23 200
23 70 58 64 0 1 0 T M M 5.7 12 150 M M 6 15 130
24 73 58 66 3 0 1 T M M 3.2 9 120 M M 9 12 190
25 71 54 63 0 2 0 0.00 M M 8.2 21 320 M M 2 25 330
26 62 53 58 -5 7 0 0.18 M M 3.4 10 150 M M 9 1 12 350
27 69 48 59 -4 6 0 0.00 M M 5.8 12 340 M M 5 1 17 330
28 74 46 60 -2 5 0 0.00 M M 4.8 14 210 M M 1 12 19 200
29 81 55 68 6 0 3 0.00 M M 6.9 14 210 M M 1 19 190
30 85 68 77 15 0 12 0.58 M M 8.2 17 200 M M 6 13 25 210
31 71 55 63 1 2 0 0.18 M M 7.5 20 170 M M 8 1 29 170
================================================================================
SM 2335 1725 48 71 3.43 M 203.0 M 146
================================================================================
AV 75.3 55.6 6.5 FASTST M M 5 MAX(MPH)
MISC ----> # 21 240 33 20
================================================================================
NOTES:
# LAST OF SEVERAL OCCURRENCES
COLUMN 17 PEAK WIND IN M.P.H.
PRELIMINARY LOCAL CLIMATOLOGICAL DATA (WS FORM: F-6) , PAGE 2
STATION: FRENCHVILLE ME
MONTH: AUGUST
YEAR: 2022
LATITUDE: 47 16 N
LONGITUDE: 68 19 W
[TEMPERATURE DATA] [PRECIPITATION DATA] SYMBOLS USED IN COLUMN 16
AVERAGE MONTHLY: 65.5 TOTAL FOR MONTH: 3.43 1 = FOG OR MIST
DPTR FM NORMAL: 0.9 DPTR FM NORMAL: -0.34 2 = FOG REDUCING VISIBILITY
HIGHEST: 85 ON 30,21 GRTST 24HR 0.93 ON 8- 9 TO 1/4 MILE OR LESS
LOWEST: 46 ON 28 3 = THUNDER
SNOW, ICE PELLETS, HAIL 4 = ICE PELLETS
TOTAL MONTH: M 5 = HAIL
GRTST 24HR M ON M 6 = FREEZING RAIN OR DRIZZLE
GRTST DEPTH: M ON M 7 = DUSTSTORM OR SANDSTORM:
VSBY 1/2 MILE OR LESS
8 = SMOKE OR HAZE
[NO. OF DAYS WITH] [WEATHER - DAYS WITH] 9 = BLOWING SNOW
X = TORNADO
MAX 32 OR BELOW: 0 0.01 INCH OR MORE: 13
MAX 90 OR ABOVE: 0 0.10 INCH OR MORE: 9
MIN 32 OR BELOW: 0 0.50 INCH OR MORE: 3
MIN 0 OR BELOW: 0 1.00 INCH OR MORE: 0
[HDD (BASE 65) ]
TOTAL THIS MO. 48 CLEAR (SCALE 0-3) 11
DPTR FM NORMAL -31 PTCLDY (SCALE 4-7) 14
TOTAL FM JUL 1 83 CLOUDY (SCALE 8-10) 6
DPTR FM NORMAL -46
[CDD (BASE 65) ]
TOTAL THIS MO. 71
DPTR FM NORMAL 6 [PRESSURE DATA]
TOTAL FM JAN 1 206 HIGHEST SLP 30.25 ON 6
DPTR FM NORMAL 15 LOWEST SLP 29.58 ON 31
[REMARKS]
#FINAL-08-22#