000
CXUS51 KCAR 010700
CF6FVE
PRELIMINARY LOCAL CLIMATOLOGICAL DATA (WS FORM: F-6)
STATION: FRENCHVILLE ME
MONTH: JUNE
YEAR: 2022
LATITUDE: 47 16 N
LONGITUDE: 68 19 W
TEMPERATURE IN F: :PCPN: SNOW: WIND :SUNSHINE: SKY :PK WND
================================================================================
1 2 3 4 5 6A 6B 7 8 9 10 11 12 13 14 15 16 17 18
12Z AVG MX 2MIN
DY MAX MIN AVG DEP HDD CDD WTR SNW DPTH SPD SPD DIR MIN PSBL S-S WX SPD DR
================================================================================
1 65 36 51 -6 14 0 0.00 M M 8.3 18 350 M M 0 25 330
2 70 43 57 0 8 0 0.00 M M 6.6 17 340 M M 0 25 360
3 68 47 58 0 7 0 0.03 M M 7.3 18 220 M M 5 24 220
4 58 50 54 -4 11 0 0.04 M M 6.9 13 80 M M 10 1 17 110
5 61 48 55 -3 10 0 0.23 M M 6.0 22 290 M M 10 1 27 290
6 68 46 57 -1 8 0 T M M 4.9 14 280 M M 6 12 17 270
7 73 46 60 1 5 0 T M M 8.6 18 150 M M 4 25 150
8 60 55 58 -1 7 0 0.36 M M 11.5 28 170 M M 8 12 40 170
9 61 55 58 -1 7 0 0.86 M M 6.8 15 330 M M 10 12 21 340
10 66 52 59 0 6 0 0.07 M M 13.0 25 240 M M 9 1 35 230
11 76 51 64 4 1 0 T M M 8.4 17 260 M M 3 23 250
12 76 47 62 2 3 0 T M M 6.3 22 150 M M 3 1 27 150
13 63 55 59 -1 6 0 0.07 M M 7.4 14 150 M M 8 123 20 120
14 63 53 58 -2 7 0 0.20 M M 9.5 16 330 M M 9 12 20 330
15 78 51 65 4 0 0 0.00 M M 6.2 13 330 M M 4 12 15 320
16 77 55 66 5 0 1 T M M 11.7 22 200 M M 4 3 33 170
17 68 56 62 1 3 0 0.41 M M 9.2 17 160 M M 8 13 22 150
18 60 45 53 -9 12 0 0.36 M M 13.2 29 350 M M 10 1 40 350
19 46 43 45 -17 20 0 0.98 M M 15.1 24 350 M M 10 1 37 330
20 60 42 51 -11 14 0 0.02 M M 9.0 18 350 M M 7 25 10
21 68 38 53 -9 12 0 0.00 M M 6.7 17 160 M M 0 1 23 150
22 72 50 61 -2 4 0 0.00 M M 13.1 22 170 M M 0 30 170
23 72 49 61 -2 4 0 0.00 M M 10.7 20 170 M M 5 27 170
24 77 57 67 4 0 2 0.00 M M 4.6 10 180 M M 3 14 170
25 78 57 68 5 0 3 0.00 M M 7.2 18 340 M M 0 24 330
26 86 53 70 6 0 5 0.00 M M 7.4 16 170 M M 0 22 180
27 71 60 66 2 0 1 0.98 M M 8.5 18 270 M M 6 12 30 280
28 71 53 62 -2 3 0 0.00 M M 8.3 17 280 M M 2 23 280
29 78 50 64 0 1 0 0.22 M M 8.3 18 350 M M 2 1 27 340
30 69 52 61 -3 4 0 0.03 M M 7.5 18 330 M M 3 1 24 350
================================================================================
SM 2059 1495 177 12 4.86 M 258.2 M 149
================================================================================
AV 68.6 49.8 8.6 FASTST M M 5 MAX(MPH)
MISC ----> 29 350 # 40 170
================================================================================
NOTES:
# LAST OF SEVERAL OCCURRENCES
COLUMN 17 PEAK WIND IN M.P.H.
PRELIMINARY LOCAL CLIMATOLOGICAL DATA (WS FORM: F-6) , PAGE 2
STATION: FRENCHVILLE ME
MONTH: JUNE
YEAR: 2022
LATITUDE: 47 16 N
LONGITUDE: 68 19 W
[TEMPERATURE DATA] [PRECIPITATION DATA] SYMBOLS USED IN COLUMN 16
AVERAGE MONTHLY: 59.2 TOTAL FOR MONTH: 4.86 1 = FOG OR MIST
DPTR FM NORMAL: -1.6 DPTR FM NORMAL: 0.63 2 = FOG REDUCING VISIBILITY
HIGHEST: 86 ON 26 GRTST 24HR 0.98 ON 19-19 TO 1/4 MILE OR LESS
LOWEST: 36 ON 1 3 = THUNDER
SNOW, ICE PELLETS, HAIL 4 = ICE PELLETS
TOTAL MONTH: M 5 = HAIL
GRTST 24HR M ON M 6 = FREEZING RAIN OR DRIZZLE
GRTST DEPTH: M ON M 7 = DUSTSTORM OR SANDSTORM:
VSBY 1/2 MILE OR LESS
8 = SMOKE OR HAZE
[NO. OF DAYS WITH] [WEATHER - DAYS WITH] 9 = BLOWING SNOW
X = TORNADO
MAX 32 OR BELOW: 0 0.01 INCH OR MORE: 15
MAX 90 OR ABOVE: 0 0.10 INCH OR MORE: 9
MIN 32 OR BELOW: 0 0.50 INCH OR MORE: 3
MIN 0 OR BELOW: 0 1.00 INCH OR MORE: 0
[HDD (BASE 65) ]
TOTAL THIS MO. 177 CLEAR (SCALE 0-3) 11
DPTR FM NORMAL 16 PTCLDY (SCALE 4-7) 12
TOTAL FM JUL 1 9188 CLOUDY (SCALE 8-10) 7
DPTR FM NORMAL -43
[CDD (BASE 65) ]
TOTAL THIS MO. 12
DPTR FM NORMAL -22 [PRESSURE DATA]
TOTAL FM JAN 1 29 HIGHEST SLP 30.19 ON 21
DPTR FM NORMAL -12 LOWEST SLP 29.35 ON 18
[REMARKS]
#FINAL-06-22#