000
CXUS52 KJAX 030840
CF6AMG
PRELIMINARY LOCAL CLIMATOLOGICAL DATA (WS FORM: F-6)
STATION: ALMA
MONTH: FEBRUARY
YEAR: 2022
LATITUDE: 31 32 N
LONGITUDE: 82 30 W
TEMPERATURE IN F: :PCPN: SNOW: WIND :SUNSHINE: SKY :PK WND
================================================================================
1 2 3 4 5 6A 6B 7 8 9 10 11 12 13 14 15 16 17 18
12Z AVG MX 2MIN
DY MAX MIN AVG DEP HDD CDD WTR SNW DPTH SPD SPD DIR MIN PSBL S-S WX SPD DR
================================================================================
1 69 29 49 -3 16 0 0.00 0.0 0 4.5 13 120 M M 0 1 22 140
2 71 48 60 8 5 0 0.00 0.0 0 5.4 12 90 M M 5 23 60
3 80 54 67 15 0 2 0.00 0.0 0 8.4 21 180 M M 3 31 180
4 70 51 61 9 4 0 0.21 0.0 0 8.1 15 290 M M 6 1 24 300
5 53 38 46 -7 19 0 0.02 0.0 0 7.8 18 360 M M 4 1 24 360
6 47 39 43 -10 22 0 0.15 0.0 0 8.9 14 50 M M 10 1 20 40
7 47 40 44 -9 21 0 0.18 0.0 0 5.5 13 340 M M 10 1 20 340
8 53 35 44 -9 21 0 0.01 0.0 0 3.1 9 330 M M 2 1 13 320
9 61 30 46 -7 19 0 0.00 0.0 0 2.0 12 300 M M 1 12 17 280
10 68 32 50 -4 15 0 0.00 0.0 0 1.7 9 240 M M 0 1 14 300
11 68 33 51 -3 14 0 0.00 0.0 0 1.3 10 200 M M 0 15 200
12 64 41 53 -1 12 0 T 0.0 0 0.8 6 10 M M 6 1 8 350
13 62 42 52 -2 13 0 T 0.0 0 7.5 20 320 M M 3 1 27 300
14 59 30 45 -9 20 0 0.00 0.0 0 5.0 16 310 M M 0 22 310
15 65 30 48 -6 17 0 0.00 0.0 0 3.5 12 120 M M 0 18 120
16 75 46 61 6 4 0 0.00 0.0 0 5.9 15 130 M M 3 24 150
17 83 51 67 12 0 2 0.00 0.0 0 9.3 20 170 M M 6 1 30 180
18 73 52 63 8 2 0 0.66 0.0 0 8.3 20 310 M M 4 1 30 300
19 60 37 49 -6 16 0 0.00 0.0 0 6.3 18 20 M M 0 24 20
20 69 36 53 -2 12 0 0.00 0.0 0 4.3 11 130 M M 0 15 130
21 76 46 61 5 4 0 0.00 0.0 0 4.5 12 140 M M M 12 20 200
22 82 52 67 11 0 2 0.00 0.0 0 5.1 16 210 M M 0 1 25 190
23 82 54 68 12 0 3 0.00 0.0 0 3.8 15 230 M M 1 12 24 280
24 84 54 69 13 0 4 0.00 0.0 0 2.8 12 210 M M 4 12 19 220
25 82 55 69 13 0 4 0.00 0.0 0 4.4 16 300 M M 1 12 22 280
26 79 53 66 9 0 1 0.00 0.0 0 3.2 9 350 M M 0 1 14 360
27 79 55 67 10 0 2 T 0.0 0 5.4 15 360 M M 7 1 24 10
28 58 43 51 -6 14 0 0.09 0.0 0 2.9 9 80 M M 9 1 18 50
================================================================================
SM 1919 1206 270 20 1.32 0.0 139.7 M 85
================================================================================
AV 68.5 43.1 5.0 FASTST M M 3 MAX(MPH)
MISC ----> 21 180 31 180
================================================================================
NOTES:
# LAST OF SEVERAL OCCURRENCES
COLUMN 17 PEAK WIND IN M.P.H.
PRELIMINARY LOCAL CLIMATOLOGICAL DATA (WS FORM: F-6) , PAGE 2
STATION: ALMA
MONTH: FEBRUARY
YEAR: 2022
LATITUDE: 31 32 N
LONGITUDE: 82 30 W
[TEMPERATURE DATA] [PRECIPITATION DATA] SYMBOLS USED IN COLUMN 16
AVERAGE MONTHLY: 55.8 TOTAL FOR MONTH: 1.32 1 = FOG OR MIST
DPTR FM NORMAL: 1.4 DPTR FM NORMAL: -2.05 2 = FOG REDUCING VISIBILITY
HIGHEST: 84 ON 24 GRTST 24HR 0.66 ON 18-18 TO 1/4 MILE OR LESS
LOWEST: 29 ON 1 3 = THUNDER
SNOW, ICE PELLETS, HAIL 4 = ICE PELLETS
TOTAL MONTH: 0.0 INCH 5 = HAIL
GRTST 24HR 0.0 6 = FREEZING RAIN OR DRIZZLE
GRTST DEPTH: 0 7 = DUSTSTORM OR SANDSTORM:
VSBY 1/2 MILE OR LESS
8 = SMOKE OR HAZE
[NO. OF DAYS WITH] [WEATHER - DAYS WITH] 9 = BLOWING SNOW
X = TORNADO
MAX 32 OR BELOW: 0 0.01 INCH OR MORE: 7
MAX 90 OR ABOVE: 0 0.10 INCH OR MORE: 4
MIN 32 OR BELOW: 5 0.50 INCH OR MORE: 1
MIN 0 OR BELOW: 0 1.00 INCH OR MORE: 0
[HDD (BASE 65) ]
TOTAL THIS MO. 270 CLEAR (SCALE 0-3) 15
DPTR FM NORMAL -40 PTCLDY (SCALE 4-7) 9
TOTAL FM JUL 1 1324 CLOUDY (SCALE 8-10) 4
DPTR FM NORMAL -65
[CDD (BASE 65) ]
TOTAL THIS MO. 20
DPTR FM NORMAL 7 [PRESSURE DATA]
TOTAL FM JAN 1 39 HIGHEST SLP 30.56 ON 15
DPTR FM NORMAL 25 LOWEST SLP 29.92 ON 18
[REMARKS]
#FINAL-02-22#