000
CXUS54 KBMX 011110
CF6BHM
PRELIMINARY LOCAL CLIMATOLOGICAL DATA (WS FORM: F-6)
STATION: BIRMINGHAM
MONTH: NOVEMBER
YEAR: 2020
LATITUDE: 33 34 N
LONGITUDE: 86 45 W
TEMPERATURE IN F: :PCPN: SNOW: WIND :SUNSHINE: SKY :PK WND
================================================================================
1 2 3 4 5 6A 6B 7 8 9 10 11 12 13 14 15 16 17 18
12Z AVG MX 2MIN
DY MAX MIN AVG DEP HDD CDD WTR SNW DPTH SPD SPD DIR MIN PSBL S-S WX SPD DR
================================================================================
1 73 48 61 2 4 0 0.00 0.0 M 10.1 21 330 M M 3 28 10
2 60 35 48 -11 17 0 0.00 0.0 M 6.0 17 10 M M 0 24 360
3 69 35 52 -6 13 0 0.00 0.0 M 1.2 7 290 M M 0 10 250
4 73 40 57 -1 8 0 0.00 0.0 M 1.0 7 130 M M 1 9 130
5 72 45 59 1 6 0 0.00 0.0 0 3.6 9 140 M M 6 13 180
6 77 57 67 9 0 2 0.00 0.0 0 6.6 12 40 M M 6 16 30
7 70 59 65 8 0 0 0.00 0.0 0 6.8 13 80 M M 5 18 19 70
8 78 65 72 15 0 7 0.00 0.0 0 7.6 17 90 M M 6 27 100
9 78 68 73 16 0 8 0.00 0.0 0 8.3 17 110 M M 5 25 100
10 74 69 72 16 0 7 0.01 0.0 0 6.7 14 100 M M 9 18 22 100
11 79 64 72 16 0 7 0.77 0.0 M 4.2 14 350 M M 10 13 18 350
12 64 51 58 2 7 0 0.00 0.0 M 4.4 13 350 M M 8 128 17 360
13 73 49 61 6 4 0 0.00 0.0 0 3.0 13 10 M M 4 128 17 340
14 76 48 62 7 3 0 0.00 0.0 0 5.0 13 150 M M 2 20 160
15 69 44 57 2 8 0 T 0.0 0 9.0 28 280 M M 5 38 280
16 65 36 51 -3 14 0 0.00 0.0 0 3.5 17 20 M M 0 24 340
17 65 36 51 -3 14 0 0.00 0.0 0 7.8 22 320 M M 0 28 330
18 68 36 52 -2 13 0 0.00 0.0 M 4.9 10 40 M M 0 14 20
19 68 43 56 3 9 0 0.00 0.0 M 4.9 14 130 M M 0 20 90
20 73 48 61 8 4 0 0.00 0.0 M 2.0 9 130 M M 1 14 130
21 75 47 61 8 4 0 0.00 0.0 M 0.7 8 80 M M 4 11 100
22 73 50 62 10 3 0 0.00 0.0 M 5.8 21 340 M M 8 29 250
23 61 38 50 -2 15 0 0.00 0.0 M 6.7 18 350 M M 3 25 350
24 67 37 52 0 13 0 0.00 0.0 M 6.9 17 140 M M 4 25 150
25 65 58 62 11 3 0 0.59 0.0 M 10.2 18 140 M M 8 13 29 140
26 71 45 58 7 7 0 0.00 0.0 M 2.4 12 310 M M 3 15 290
27 69 42 56 5 9 0 0.11 0.0 M 1.6 15 330 M M 6 13 18 320
28 62 48 55 5 10 0 0.00 0.0 M 5.1 13 340 M M 8 1 14 360
29 58 47 53 3 12 0 0.76 M 0 5.5 29 320 M M 10 1 39 320
30 47 29 38 -12 27 0 0.04 T 0 12.3 23 300 M M 10 1 31 290
================================================================================
SM 2072 1417 227 31 2.28 T 163.8 M 135
================================================================================
AV 69.1 47.2 5.5 FASTST M M 5 MAX(MPH)
MISC ----> 29 320 39 320
================================================================================
NOTES:
# LAST OF SEVERAL OCCURRENCES
COLUMN 17 PEAK WIND IN M.P.H.
PRELIMINARY LOCAL CLIMATOLOGICAL DATA (WS FORM: F-6) , PAGE 2
STATION: BIRMINGHAM
MONTH: NOVEMBER
YEAR: 2020
LATITUDE: 33 34 N
LONGITUDE: 86 45 W
[TEMPERATURE DATA] [PRECIPITATION DATA] SYMBOLS USED IN COLUMN 16
AVERAGE MONTHLY: 58.2 TOTAL FOR MONTH: 2.28 1 = FOG OR MIST
DPTR FM NORMAL: 3.8 DPTR FM NORMAL: -2.57 2 = FOG REDUCING VISIBILITY
HIGHEST: 79 ON 11 GRTST 24HR 0.80 ON 29-30 TO 1/4 MILE OR LESS
LOWEST: 29 ON 30 3 = THUNDER
SNOW, ICE PELLETS, HAIL 4 = ICE PELLETS
TOTAL MONTH: T 5 = HAIL
GRTST 24HR T ON 30-30 6 = FREEZING RAIN OR DRIZZLE
GRTST DEPTH: 0 7 = DUSTSTORM OR SANDSTORM:
VSBY 1/2 MILE OR LESS
8 = SMOKE OR HAZE
[NO. OF DAYS WITH] [WEATHER - DAYS WITH] 9 = BLOWING SNOW
X = TORNADO
MAX 32 OR BELOW: 0 0.01 INCH OR MORE: 6
MAX 90 OR ABOVE: 0 0.10 INCH OR MORE: 4
MIN 32 OR BELOW: 1 0.50 INCH OR MORE: 3
MIN 0 OR BELOW: 0 1.00 INCH OR MORE: 0
[HDD (BASE 65) ]
TOTAL THIS MO. 227 CLEAR (SCALE 0-3) 11
DPTR FM NORMAL -104 PTCLDY (SCALE 4-7) 13
TOTAL FM JUL 1 284 CLOUDY (SCALE 8-10) 6
DPTR FM NORMAL -174
[CDD (BASE 65) ]
TOTAL THIS MO. 31
DPTR FM NORMAL 16 [PRESSURE DATA]
TOTAL FM JAN 1 2226 HIGHEST SLP 30.58 ON 18
DPTR FM NORMAL 171 LOWEST SLP 29.69 ON 29
[REMARKS]
#FINAL-11-20#