000
CXUS54 KBMX 011010
CF6BHM
PRELIMINARY LOCAL CLIMATOLOGICAL DATA (WS FORM: F-6)
STATION: BIRMINGHAM
MONTH: SEPTEMBER
YEAR: 2023
LATITUDE: 33 34 N
LONGITUDE: 86 45 W
TEMPERATURE IN F: :PCPN: SNOW: WIND :SUNSHINE: SKY :PK WND
================================================================================
1 2 3 4 5 6A 6B 7 8 9 10 11 12 13 14 15 16 17 18
12Z AVG MX 2MIN
DY MAX MIN AVG DEP HDD CDD WTR SNW DPTH SPD SPD DIR MIN PSBL S-S WX SPD DR
================================================================================
1 82 72 77 -2 0 12 0.45 0.0 M 7.0 16 90 0 M 9 13 26 110
2 81 72 77 -2 0 12 0.00 0.0 0 5.1 13 130 M M 9 18 110
3 90 69 80 1 0 15 0.00 0.0 0 2.4 12 120 M M 5 16 110
4 92 72 82 3 0 17 0.00 0.0 M 2.2 9 180 M M 5 13 80
5 94 74 84 6 0 19 0.00 0.0 M 2.6 12 260 M M 7 15 250
6 92 73 83 5 0 18 T 0.0 M 3.5 13 290 M M 7 3 16 290
7 88 68 78 0 0 13 0.00 0.0 M 6.0 15 310 M M 3 20 310
8 85 61 73 -5 0 8 0.00 0.0 0 3.8 16 350 M M 4 24 330
9 89 66 78 0 0 13 0.00 0.0 0 3.5 15 360 M M 2 20 10
10 91 66 79 2 0 14 0.00 0.0 0 3.7 14 10 M M 2 18 20
11 92 71 82 5 0 17 0.00 0.0 0 3.0 13 270 M M 4 17 290
12 95 70 83 6 0 18 0.63 0.0 0 5.2 40 30 M M 6 13 71 20
13 87 70 79 3 0 14 0.00 0.0 0 4.2 13 350 M M 7 20 350
14 81 67 74 -2 0 9 T 0.0 0 4.0 10 340 M M 7 16 30
15 86 71 79 3 0 14 T 0.0 0 5.0 14 70 M M 9 19 60
16 83 71 77 1 0 12 0.86 0.0 0 4.8 18 320 M M 9 123 26 310
17 84 63 74 -1 0 9 0.00 0.0 0 4.7 17 340 M M 4 22 340
18 82 59 71 -4 0 6 0.00 0.0 0 2.8 13 330 M M 1 20 340
19 84 60 72 -3 0 7 0.00 0.0 0 2.5 9 80 M M 2 13 80
20 84 65 75 1 0 10 0.00 0.0 0 4.9 13 140 M M 5 18 130
21 84 68 76 2 0 11 0.00 0.0 0 5.9 14 80 M M 6 19 110
22 86 63 75 1 0 10 0.00 0.0 0 4.3 13 110 M M 2 20 60
23 88 60 74 0 0 9 0.00 0.0 0 3.0 14 330 M M 1 20 330
24 90 59 75 2 0 10 0.00 0.0 0 1.7 10 360 M M 3 16 210
25 90 69 80 7 0 15 0.00 0.0 0 1.3 12 20 M M 6 16 10
26 90 67 79 6 0 14 0.00 0.0 0 3.7 10 130 M M 7 14 110
27 85 68 77 5 0 12 0.00 0.0 M 5.8 15 100 M M 6 21 110
28 84 65 75 3 0 10 0.00 0.0 M 4.2 13 110 M M 4 19 100
29 89 62 76 4 0 11 0.00 0.0 0 3.1 10 10 M M 2 16 20
30 90 64 77 6 0 12 0.00 0.0 0 1.2 12 360 M M 3 14 70
================================================================================
SM 2618 2005 0 371 1.94 0.0 115.1 0 147
================================================================================
AV 87.3 66.8 3.8 FASTST 0 M 5 MAX(MPH)
MISC ----> 40 30 71 20
================================================================================
NOTES:
# LAST OF SEVERAL OCCURRENCES
COLUMN 17 PEAK WIND IN M.P.H.
PRELIMINARY LOCAL CLIMATOLOGICAL DATA (WS FORM: F-6) , PAGE 2
STATION: BIRMINGHAM
MONTH: SEPTEMBER
YEAR: 2023
LATITUDE: 33 34 N
LONGITUDE: 86 45 W
[TEMPERATURE DATA] [PRECIPITATION DATA] SYMBOLS USED IN COLUMN 16
AVERAGE MONTHLY: 77.1 TOTAL FOR MONTH: 1.94 1 = FOG OR MIST
DPTR FM NORMAL: 1.5 DPTR FM NORMAL: -2.06 2 = FOG REDUCING VISIBILITY
HIGHEST: 95 ON 12 GRTST 24HR 0.86 ON 16-16 TO 1/4 MILE OR LESS
LOWEST: 59 ON 24,18 3 = THUNDER
SNOW, ICE PELLETS, HAIL 4 = ICE PELLETS
TOTAL MONTH: 0.0 INCH 5 = HAIL
GRTST 24HR 0.0 6 = FREEZING RAIN OR DRIZZLE
GRTST DEPTH: 0 7 = DUSTSTORM OR SANDSTORM:
VSBY 1/2 MILE OR LESS
8 = SMOKE OR HAZE
[NO. OF DAYS WITH] [WEATHER - DAYS WITH] 9 = BLOWING SNOW
X = TORNADO
MAX 32 OR BELOW: 0 0.01 INCH OR MORE: 3
MAX 90 OR ABOVE: 11 0.10 INCH OR MORE: 3
MIN 32 OR BELOW: 0 0.50 INCH OR MORE: 2
MIN 0 OR BELOW: 0 1.00 INCH OR MORE: 0
[HDD (BASE 65) ]
TOTAL THIS MO. 0 CLEAR (SCALE 0-3) 9
DPTR FM NORMAL -6 PTCLDY (SCALE 4-7) 17
TOTAL FM JUL 1 0 CLOUDY (SCALE 8-10) 4
DPTR FM NORMAL -3
[CDD (BASE 65) ]
TOTAL THIS MO. 371
DPTR FM NORMAL 47 [PRESSURE DATA]
TOTAL FM JAN 1 2223 HIGHEST SLP 30.21 ON 2
DPTR FM NORMAL 167 LOWEST SLP 29.86 ON 7
[REMARKS]
#FINAL-09-23#