000
CXUS55 KALY 010810
CF6DDH
PRELIMINARY LOCAL CLIMATOLOGICAL DATA (WS FORM: F-6)
STATION: BENNINGTON VT
MONTH: FEBRUARY
YEAR: 2023
LATITUDE: 42 53 N
LONGITUDE: 73 15 W
TEMPERATURE IN F: :PCPN: SNOW: WIND :SUNSHINE: SKY :PK WND
================================================================================
1 2 3 4 5 6A 6B 7 8 9 10 11 12 13 14 15 16 17 18
12Z AVG MX 2MIN
DY MAX MIN AVG DEP HDD CDD WTR SNW DPTH SPD SPD DIR MIN PSBL S-S WX SPD DR
================================================================================
1 25 5 15 -7 50 0 0.00 M M 3.4 14 280 M M M 18 280
2 34 17 26 4 39 0 0.00 M M 6.2 15 190 M M 3 21 200
3 33 -14 10 -13 55 0 0.01 M M 13.8 26 300 M M 5 89 47 280
4 18 -19 0 -23 65 0 0.00 M M 3.6 14 320 M M 2 17 290
5 43 17 30 7 35 0 0.00 M M 2.0 12 210 M M 4 16 210
6 41 18 30 7 35 0 0.00 M M 4.4 18 330 M M 6 28 350
7 42 8 25 2 40 0 0.04 M M 4.4 23 120 M M 3 28 120
8 42 26 34 11 31 0 0.00 M M 5.8 16 250 M M 7 24 270
9 51 22 37 13 28 0 0.16 M M 3.5 12 80 M M 6 17 80
10 52 34 43 19 22 0 0.02 M M 6.9 23 280 M M 10 8 33 280
11 37 20 29 5 36 0 T M M 6.6 17 280 M M 5 24 280
12 45 17 31 7 34 0 0.00 M M 1.4 9 230 M M 0 12 230
13 50 22 36 12 29 0 0.00 M M 2.9 21 270 M M 2 26 270
14 47 27 37 13 28 0 0.00 M M 6.8 18 280 M M 4 25 300
15 62 29 46 21 19 0 T M M 8.2 22 200 M M 3 37 190
16 56 42 49 24 16 0 T M M 2.8 10 230 M M 4 17 280
17 58 20 39 14 26 0 0.11 M M 8.8 21 290 M M 9 3 29 340
18 35 14 25 0 40 0 0.00 M M 3.5 14 260 M M 2 20 240
19 46 20 33 7 32 0 0.00 M M 4.4 17 160 M M 3 25 150
20 52 28 40 14 25 0 0.00 M M 3.7 17 270 M M 4 27 320
21 43 27 35 9 30 0 0.03 M M 4.1 16 180 M M 8 22 180
22 36 30 33 7 32 0 0.08 M M 4.4 13 280 M M 7 8 21 280
23 36 29 33 6 32 0 M M M 7.0 21 120 M M 10 68 32 130
24 37 13 25 -2 40 0 M M M 9.9 21 330 M M 9 32 310
25 20 4 12 -15 53 0 T M M 1.1 7 120 M M 6 8 9 330
26 36 17 27 -1 38 0 T M M 5.2 21 280 M M 10 31 280
27 34 19 27 -1 38 0 0.01 M M 4.9 22 130 M M 3 29 150
28 35 25 30 2 35 0 0.01 M M 9.1 26 140 M M 10 8 38 140
================================================================================
SM 1146 517 983 0 0.47 M 148.8 M 145
================================================================================
AV 40.9 18.5 5.3 FASTST M M 5 MAX(MPH)
MISC ----> # 26 300 47 280
================================================================================
NOTES:
# LAST OF SEVERAL OCCURRENCES
COLUMN 17 PEAK WIND IN M.P.H.
PRELIMINARY LOCAL CLIMATOLOGICAL DATA (WS FORM: F-6) , PAGE 2
STATION: BENNINGTON VT
MONTH: FEBRUARY
YEAR: 2023
LATITUDE: 42 53 N
LONGITUDE: 73 15 W
[TEMPERATURE DATA] [PRECIPITATION DATA] SYMBOLS USED IN COLUMN 16
AVERAGE MONTHLY: 29.7 TOTAL FOR MONTH: 0.47 1 = FOG OR MIST
DPTR FM NORMAL: 4.9 DPTR FM NORMAL: -1.47 2 = FOG REDUCING VISIBILITY
HIGHEST: 62 ON 15 GRTST 24HR 0.17 ON 9-10 TO 1/4 MILE OR LESS
LOWEST: -19 ON 4 3 = THUNDER
SNOW, ICE PELLETS, HAIL 4 = ICE PELLETS
TOTAL MONTH: M 5 = HAIL
GRTST 24HR M ON M 6 = FREEZING RAIN OR DRIZZLE
GRTST DEPTH: M ON M 7 = DUSTSTORM OR SANDSTORM:
VSBY 1/2 MILE OR LESS
8 = SMOKE OR HAZE
[NO. OF DAYS WITH] [WEATHER - DAYS WITH] 9 = BLOWING SNOW
X = TORNADO
MAX 32 OR BELOW: 3 0.01 INCH OR MORE: 9
MAX 90 OR ABOVE: 0 0.10 INCH OR MORE: 2
MIN 32 OR BELOW: 26 0.50 INCH OR MORE: 0
MIN 0 OR BELOW: 2 1.00 INCH OR MORE: 0
[HDD (BASE 65) ]
TOTAL THIS MO. 983 CLEAR (SCALE 0-3) 8
DPTR FM NORMAL -143 PTCLDY (SCALE 4-7) 13
TOTAL FM JUL 1 4385 CLOUDY (SCALE 8-10) 7
DPTR FM NORMAL -694
[CDD (BASE 65) ]
TOTAL THIS MO. 0
DPTR FM NORMAL 0 [PRESSURE DATA]
TOTAL FM JAN 1 0 HIGHEST SLP 30.63 ON 4
DPTR FM NORMAL 0 LOWEST SLP 29.44 ON 17
[REMARKS]
#FINAL-02-23#