000
CXUS56 KSLC 010810
CF6EVW
PRELIMINARY LOCAL CLIMATOLOGICAL DATA (WS FORM: F-6)
STATION: EVANSTON WY
MONTH: SEPTEMBER
YEAR: 2023
LATITUDE: 41 16 N
LONGITUDE: 111 2 W
TEMPERATURE IN F: :PCPN: SNOW: WIND :SUNSHINE: SKY :PK WND
================================================================================
1 2 3 4 5 6A 6B 7 8 9 10 11 12 13 14 15 16 17 18
12Z AVG MX 2MIN
DY MAX MIN AVG DEP HDD CDD WTR SNW DPTH SPD SPD DIR MIN PSBL S-S WX SPD DR
================================================================================
1 74 55 65 3 0 0 0.09 M M 9.9 31 220 M M 3 41 210
2 73 55 64 3 1 0 T M M 9.0 21 220 M M 4 29 230
3 74 52 63 2 2 0 0.14 M M 9.4 33 200 M M 7 13 50 200
4 52 45 49 -11 16 0 0.67 M M 11.6 22 220 M M 9 1 31 230
5 68 42 55 -5 10 0 0.00 M M 6.0 14 330 M M 2 1 25 330
6 74 47 61 1 4 0 0.00 M M 9.4 29 220 M M 1 39 220
7 75 48 62 2 3 0 0.00 M M 8.0 17 250 M M 0 8 24 270
8 77 50 64 5 1 0 0.00 M M 10.7 25 260 M M 0 32 230
9 80 49 65 6 0 0 0.00 M M 10.6 24 220 M M 1 34 220
10 73 50 62 4 3 0 T M M 7.0 22 280 M M 3 3 34 270
11 74 45 60 2 5 0 0.00 M M 6.2 13 90 M M 0 16 70
12 76 47 62 4 3 0 0.00 M M 7.7 23 180 M M 3 31 180
13 66 48 57 -1 8 0 0.06 M M 8.0 25 280 M M 4 3 35 280
14 69 45 57 0 8 0 0.00 M M 7.1 20 320 M M 2 26 320
15 70 45 58 1 7 0 0.00 M M 7.0 15 90 M M 0 21 60
16 73 43 58 2 7 0 0.00 M M 5.5 15 230 M M 0 20 230
17 75 46 61 5 4 0 0.00 M M 8.0 17 240 M M 2 25 260
18 75 48 62 6 3 0 T M M 8.6 28 260 M M 3 46 260
19 71 47 59 4 6 0 T M M 8.0 20 240 M M 7 3 32 230
20 71 45 58 3 7 0 T M M 10.0 31 210 M M 3 46 200
21 63 36 50 -4 15 0 0.74 M M 8.7 25 10 M M 6 123 34 10
22 54 34 44 -10 21 0 0.11 M M 12.0 35 230 M M 6 12 54 230
23 62 33 48 -6 17 0 0.00 M M 7.7 15 270 M M 0 20 240
24 69 37 53 0 12 0 0.00 M M 6.2 15 260 M M 0 22 210
25 75 42 59 6 6 0 0.00 M M 6.8 21 230 M M 0 28 240
26 75 47 61 9 4 0 0.00 M M 8.6 21 250 M M 0 29 240
27 77 50 64 12 1 0 0.00 M M 10.8 25 240 M M 0 33 230
28 71 40 56 5 9 0 0.00 M M 9.0 26 270 M M 0 33 250
29 74 42 58 7 7 0 0.00 M M 9.7 30 210 M M 0 40 210
30 71 50 61 10 4 0 0.00 M M 11.5 33 230 M M 2 47 230
================================================================================
SM 2131 1363 194 0 1.81 M 258.7 M 68
================================================================================
AV 71.0 45.4 8.6 FASTST M M 2 MAX(MPH)
MISC ----> 35 230 54 230
================================================================================
NOTES:
# LAST OF SEVERAL OCCURRENCES
COLUMN 17 PEAK WIND IN M.P.H.
PRELIMINARY LOCAL CLIMATOLOGICAL DATA (WS FORM: F-6) , PAGE 2
STATION: EVANSTON WY
MONTH: SEPTEMBER
YEAR: 2023
LATITUDE: 41 16 N
LONGITUDE: 111 2 W
[TEMPERATURE DATA] [PRECIPITATION DATA] SYMBOLS USED IN COLUMN 16
AVERAGE MONTHLY: 58.2 TOTAL FOR MONTH: 1.81 1 = FOG OR MIST
DPTR FM NORMAL: 1.9 DPTR FM NORMAL: 0.80 2 = FOG REDUCING VISIBILITY
HIGHEST: 80 ON 9 GRTST 24HR 0.82 ON 21-22 TO 1/4 MILE OR LESS
LOWEST: 33 ON 23 3 = THUNDER
SNOW, ICE PELLETS, HAIL 4 = ICE PELLETS
TOTAL MONTH: M 5 = HAIL
GRTST 24HR M ON M 6 = FREEZING RAIN OR DRIZZLE
GRTST DEPTH: M ON M 7 = DUSTSTORM OR SANDSTORM:
VSBY 1/2 MILE OR LESS
8 = SMOKE OR HAZE
[NO. OF DAYS WITH] [WEATHER - DAYS WITH] 9 = BLOWING SNOW
X = TORNADO
MAX 32 OR BELOW: 0 0.01 INCH OR MORE: 6
MAX 90 OR ABOVE: 0 0.10 INCH OR MORE: 4
MIN 32 OR BELOW: 0 0.50 INCH OR MORE: 2
MIN 0 OR BELOW: 0 1.00 INCH OR MORE: 0
[HDD (BASE 65) ]
TOTAL THIS MO. 194 CLEAR (SCALE 0-3) 21
DPTR FM NORMAL -74 PTCLDY (SCALE 4-7) 8
TOTAL FM JUL 1 226 CLOUDY (SCALE 8-10) 1
DPTR FM NORMAL -126
[CDD (BASE 65) ]
TOTAL THIS MO. 0
DPTR FM NORMAL -8 [PRESSURE DATA]
TOTAL FM JAN 1 233 HIGHEST SLP M ON M
DPTR FM NORMAL 28 LOWEST SLP 29.58 ON 30
[REMARKS]
#FINAL-09-23#