000
CXUS52 KRAH 010845
CF6GSO
PRELIMINARY LOCAL CLIMATOLOGICAL DATA (WS FORM: F-6)
STATION: GREENSBORO NC
MONTH: APRIL
YEAR: 2023
LATITUDE: 36 4 N
LONGITUDE: 79 57 W
TEMPERATURE IN F: :PCPN: SNOW: WIND :SUNSHINE: SKY :PK WND
================================================================================
1 2 3 4 5 6A 6B 7 8 9 10 11 12 13 14 15 16 17 18
12Z AVG MX 2MIN
DY MAX MIN AVG DEP HDD CDD WTR SNW DPTH SPD SPD DIR MIN PSBL S-S WX SPD DR
================================================================================
1 75 55 65 10 0 0 0.25 0.0 0 18.7 30 220 M M 7 1 41 230
2 64 41 53 -2 12 0 0.00 0.0 0 5.8 21 330 M M 1 28 310
3 71 42 57 1 8 0 T 0.0 0 6.9 20 230 M M 8 27 200
4 80 53 67 11 0 2 0.00 0.0 0 4.8 14 230 M M 6 22 210
5 84 60 72 16 0 7 0.00 0.0 0 9.6 20 210 M M 6 1 27 210
6 84 65 75 18 0 10 1.04 0.0 0 8.2 30 290 M M 10 13 40 290
7 66 42 54 -3 11 0 1.55 0.0 0 12.1 32 60 M M 10 13 38 70
8 46 40 43 -14 22 0 0.59 0.0 0 10.3 22 60 M M 10 1 27 50
9 60 36 48 -10 17 0 T 0.0 0 11.1 21 70 M M 3 28 60
10 63 36 50 -8 15 0 0.00 0.0 0 5.9 15 50 M M 4 19 50
11 73 38 56 -2 9 0 0.00 0.0 0 3.9 12 230 M M 1 16 230
12 78 46 62 4 3 0 0.00 0.0 0 6.3 15 230 M M 3 20 290
13 80 47 64 5 1 0 0.00 0.0 0 7.3 15 190 M M 3 19 190
14 75 58 67 8 0 2 0.81 0.0 0 3.1 17 240 M M 9 13 22 240
15 76 58 67 8 0 2 T 0.0 0 6.6 16 210 M M 6 1 21 250
16 74 54 64 4 1 0 0.00 0.0 0 8.1 24 310 M M 6 30 310
17 68 47 58 -2 7 0 0.00 0.0 0 11.2 24 230 M M 3 31 230
18 78 41 60 0 5 0 0.00 0.0 0 9.6 21 270 M M 1 27 290
19 82 49 66 5 0 1 0.00 0.0 0 6.4 18 220 M M 2 22 210
20 84 52 68 7 0 3 0.00 0.0 0 6.6 17 250 M M 5 22 230
21 81 57 69 8 0 4 0.00 0.0 0 10.7 21 180 M M 4 28 200
22 70 48 59 -2 6 0 0.20 0.0 0 7.0 24 280 M M 7 13 31 280
23 68 42 55 -7 10 0 0.00 0.0 0 6.6 16 230 M M 4 22 260
24 64 45 55 -7 10 0 0.00 0.0 0 5.8 17 290 M M 4 21 290
25 63 42 53 -9 12 0 0.00 0.0 0 4.9 16 40 M M 5 19 40
26 65 43 54 -8 11 0 T 0.0 0 3.6 12 200 M M 8 17 210
27 60 53 57 -6 8 0 0.79 0.0 0 7.1 17 100 M M 10 1 24 100
28 71 57 64 1 1 0 1.53 0.0 0 7.8 31 280 M M 9 13 42 290
29 72 52 62 -1 3 0 T 0.0 0 4.6 13 160 M M 9 12 23 200
30 69 50 60 -4 5 0 0.57 0.0 0 9.6 26 280 M M 9 1 37 290
================================================================================
SM 2144 1449 177 31 7.33 0.0 230.2 M 173
================================================================================
AV 71.5 48.3 7.7 FASTST M M 6 MAX(MPH)
MISC ----> 32 60 42 290
================================================================================
NOTES:
# LAST OF SEVERAL OCCURRENCES
COLUMN 17 PEAK WIND IN M.P.H.
PRELIMINARY LOCAL CLIMATOLOGICAL DATA (WS FORM: F-6) , PAGE 2
STATION: GREENSBORO NC
MONTH: APRIL
YEAR: 2023
LATITUDE: 36 4 N
LONGITUDE: 79 57 W
[TEMPERATURE DATA] [PRECIPITATION DATA] SYMBOLS USED IN COLUMN 16
AVERAGE MONTHLY: 59.9 TOTAL FOR MONTH: 7.33 1 = FOG OR MIST
DPTR FM NORMAL: 0.5 DPTR FM NORMAL: 3.55 2 = FOG REDUCING VISIBILITY
HIGHEST: 84 ON 20, 6 GRTST 24HR 2.54 ON 6- 7 TO 1/4 MILE OR LESS
LOWEST: 36 ON 10, 9 3 = THUNDER
SNOW, ICE PELLETS, HAIL 4 = ICE PELLETS
TOTAL MONTH: 0.0 INCH 5 = HAIL
GRTST 24HR 0.0 6 = FREEZING RAIN OR DRIZZLE
GRTST DEPTH: 0 7 = DUSTSTORM OR SANDSTORM:
VSBY 1/2 MILE OR LESS
8 = SMOKE OR HAZE
[NO. OF DAYS WITH] [WEATHER - DAYS WITH] 9 = BLOWING SNOW
X = TORNADO
MAX 32 OR BELOW: 0 0.01 INCH OR MORE: 9
MAX 90 OR ABOVE: 0 0.10 INCH OR MORE: 9
MIN 32 OR BELOW: 0 0.50 INCH OR MORE: 7
MIN 0 OR BELOW: 0 1.00 INCH OR MORE: 3
[HDD (BASE 65) ]
TOTAL THIS MO. 177 CLEAR (SCALE 0-3) 6
DPTR FM NORMAL -27 PTCLDY (SCALE 4-7) 16
TOTAL FM JUL 1 3038 CLOUDY (SCALE 8-10) 8
DPTR FM NORMAL -397
[CDD (BASE 65) ]
TOTAL THIS MO. 31
DPTR FM NORMAL -7 [PRESSURE DATA]
TOTAL FM JAN 1 44 HIGHEST SLP 30.49 ON 10
DPTR FM NORMAL -1 LOWEST SLP 29.24 ON 30
[REMARKS]
#FINAL-04-23#