000
CXUS51 KOKX 010702
CF6LGA
PRELIMINARY LOCAL CLIMATOLOGICAL DATA (WS FORM: F-6)
STATION: LAGUARDIA NY
MONTH: MARCH
YEAR: 2020
LATITUDE: 40 46 N
LONGITUDE: 73 54 W
TEMPERATURE IN F: :PCPN: SNOW: WIND :SUNSHINE: SKY :PK WND
================================================================================
1 2 3 4 5 6A 6B 7 8 9 10 11 12 13 14 15 16 17 18
12Z AVG MX 2MIN
DY MAX MIN AVG DEP HDD CDD WTR SNW DPTH SPD SPD DIR MIN PSBL S-S WX SPD DR
================================================================================
1 44 26 35 -3 30 0 0.00 0.0 0 13.3 24 300 M M 2 30 310
2 56 38 47 9 18 0 T 0.0 0 10.2 18 180 M M 7 26 190
3 59 49 54 16 11 0 0.29 0.0 0 9.5 32 300 M M 9 18 39 300
4 57 46 52 13 13 0 T 0.0 0 18.4 33 290 M M 3 47 260
5 52 40 46 7 19 0 0.00 0.0 0 12.9 25 320 M M 5 32 320
6 45 38 42 3 23 0 0.14 0.0 0 12.5 24 50 M M 8 29 50
7 47 36 42 2 23 0 T 0.0 0 14.6 28 340 M M 5 36 360
8 60 37 49 9 16 0 0.00 0.0 0 10.1 18 250 M M 3 24 240
9 72 46 59 19 6 0 0.00 0.0 0 11.1 20 240 M M 4 25 230
10 67 55 61 21 4 0 T 0.0 0 13.2 26 330 M M 8 37 250
11 56 44 50 10 15 0 0.00 0.0 0 8.4 26 320 M M 7 32 310
12 50 41 46 5 19 0 0.02 0.0 0 9.1 15 90 M M 8 1 22 50
13 70 43 57 16 8 0 0.27 0.0 0 16.1 32 290 M M 6 18 42 290
14 55 44 50 9 15 0 0.00 0.0 0 14.4 33 310 M M 5 42 290
15 54 41 48 6 17 0 0.00 0.0 0 9.3 18 350 M M 5 22 350
16 43 33 38 -4 27 0 0.00 0.0 0 13.8 21 60 M M 6 25 50
17 55 42 49 7 16 0 0.15 0.0 0 8.8 20 320 M M 9 1 25 310
18 53 44 49 6 16 0 T 0.0 0 9.6 17 190 M M 6 21 170
19 52 42 47 4 18 0 1.02 0.0 0 9.7 24 40 M M 10 1 28 50
20 78 47 63 20 2 0 T 0.0 0 10.9 25 270 M M 9 18 36 270
21 65 41 53 9 12 0 0.00 0.0 0 13.2 25 330 M M 6 33 320
22 44 34 39 -5 26 0 0.00 0.0 0 13.5 21 50 M M 6 25 50
23 42 37 40 -4 25 0 1.44 T 0 14.6 21 100 M M 10 148 27 30
24 54 37 46 1 19 0 0.00 0.0 0 10.2 20 350 M M 5 24 20
25 45 41 43 -2 22 0 0.01 0.0 0 15.6 26 50 M M 9 33 50
26 59 39 49 4 16 0 0.00 0.0 0 8.5 20 190 M M 3 26 170
27 68 50 59 13 6 0 T 0.0 0 6.3 16 20 M M 6 21 30
28 51 45 48 2 17 0 0.42 0.0 0 11.2 23 50 M M 9 1 28 60
29 48 45 47 1 18 0 0.01 0.0 0 18.3 26 50 M M 10 1 32 50
30 50 42 46 -1 19 0 0.07 0.0 0 7.5 15 70 M M 10 1 21 70
31 49 41 45 -2 20 0 0.07 0.0 0 9.2 16 60 M M 10 1 19 70
================================================================================
SM 1700 1284 516 0 3.91 T 364.0 M 209
================================================================================
AV 54.8 41.4 11.7 FASTST M M 7 MAX(MPH)
MISC ----> # 33 290 # 47 260
================================================================================
NOTES:
# LAST OF SEVERAL OCCURRENCES
COLUMN 17 PEAK WIND IN M.P.H.
PRELIMINARY LOCAL CLIMATOLOGICAL DATA (WS FORM: F-6) , PAGE 2
STATION: LAGUARDIA NY
MONTH: MARCH
YEAR: 2020
LATITUDE: 40 46 N
LONGITUDE: 73 54 W
[TEMPERATURE DATA] [PRECIPITATION DATA] SYMBOLS USED IN COLUMN 16
AVERAGE MONTHLY: 48.1 TOTAL FOR MONTH: 3.91 1 = FOG OR MIST
DPTR FM NORMAL: 5.9 DPTR FM NORMAL: -0.06 2 = FOG REDUCING VISIBILITY
HIGHEST: 78 ON 20 GRTST 24HR 1.44 ON 23-23 TO 1/4 MILE OR LESS
LOWEST: 26 ON 1 3 = THUNDER
SNOW, ICE PELLETS, HAIL 4 = ICE PELLETS
TOTAL MONTH: T 5 = HAIL
GRTST 24HR T ON 23-23 6 = FREEZING RAIN OR DRIZZLE
GRTST DEPTH: 0 7 = DUSTSTORM OR SANDSTORM:
VSBY 1/2 MILE OR LESS
8 = SMOKE OR HAZE
[NO. OF DAYS WITH] [WEATHER - DAYS WITH] 9 = BLOWING SNOW
X = TORNADO
MAX 32 OR BELOW: 0 0.01 INCH OR MORE: 12
MAX 90 OR ABOVE: 0 0.10 INCH OR MORE: 7
MIN 32 OR BELOW: 1 0.50 INCH OR MORE: 2
MIN 0 OR BELOW: 0 1.00 INCH OR MORE: 2
[HDD (BASE 65) ]
TOTAL THIS MO. 516 CLEAR (SCALE 0-3) 2
DPTR FM NORMAL -191 PTCLDY (SCALE 4-7) 16
TOTAL FM JUL 1 3599 CLOUDY (SCALE 8-10) 13
DPTR FM NORMAL -537
[CDD (BASE 65) ]
TOTAL THIS MO. 0
DPTR FM NORMAL 0 [PRESSURE DATA]
TOTAL FM JAN 1 0 HIGHEST SLP M ON M
DPTR FM NORMAL 0 LOWEST SLP 29.45 ON 3
[REMARKS]
#FINAL-03-20#