000
CXUS54 KEPZ 011030
CF6LRU
PRELIMINARY LOCAL CLIMATOLOGICAL DATA (WS FORM: F-6)
STATION: LAS CRUCES
MONTH: MAY
YEAR: 2023
LATITUDE: 32 17 N
LONGITUDE: 106 46 W
TEMPERATURE IN F: :PCPN: SNOW: WIND :SUNSHINE: SKY :PK WND
================================================================================
1 2 3 4 5 6A 6B 7 8 9 10 11 12 13 14 15 16 17 18
12Z AVG MX 2MIN
DY MAX MIN AVG DEP HDD CDD WTR SNW DPTH SPD SPD DIR MIN PSBL S-S WX SPD DR
================================================================================
1 89 62 76 M 0 11 0.00 M M 6.6 17 270 M M 0 44 30
2 87 57 72 M 0 7 0.00 M M 9.1 15 240 M M 0 35 260
3 87 57 72 M 0 7 0.00 M M 8.4 17 260 M M 0 24 210
4 84 63 74 M 0 9 0.00 M M 11.9 20 250 M M 3 29 220
5 86 49 68 M 0 3 0.00 M M 13.5 24 240 M M 0 36 230
6 88 48 68 M 0 3 0.00 M M 9.6 22 240 M M 0 30 230
7 89 50 70 M 0 5 0.00 M M 9.6 20 250 M M 0 27 250
8 91 50 71 M 0 6 0.00 M M 6.6 13 190 M M 0 21 230
9 92 53 73 M 0 8 0.00 M M 8.6 16 220 M M 0 27 220
10 86 51 69 M 0 4 0.00 M M 16.3 35 220 M M 0 44 220
11 83 46 65 M 0 0 0.00 M M 10.6 15 220 M M 0 22 230
12 89 50 70 M 0 5 0.00 M M 5.4 9 260 M M 0 18 280
13 85 60 73 M 0 8 0.01 M M 14.4 22 110 M M 2 29 100
14 84 56 70 M 0 5 0.02 M M 8.2 16 330 M M 3 20 330
15 84 61 73 M 0 8 0.16 M M 7.0 16 110 M M 6 25 110
16 86 63 75 M 0 10 0.01 M M 3.9 12 330 M M 5 30 0
17 89 61 75 M 0 10 0.04 M M 8.6 20 270 M M 4 30 270
18 85 62 74 M 0 9 0.00 M M 7.8 24 270 M M 2 29 270
19 89 53 71 M 0 6 T M M 4.7 20 180 M M 2 33 200
20 85 58 72 M 0 7 0.33 M M 10.5 23 60 M M 3 3 35 60
21 84 56 70 M 0 5 0.00 M M 4.8 12 40 M M 1 22 330
22 91 58 75 M 0 10 0.00 M M 5.8 16 260 M M 1 25 260
23 93 57 75 M 0 10 0.00 M M 6.0 16 250 M M 0 32 220
24 93 60 77 M 0 12 0.00 M M 9.9 16 230 M M 0 25 240
25 94 59 77 M 0 12 0.00 M M 6.4 13 180 M M 0 21 160
26 94 59 77 M 0 12 0.00 M M 8.8 18 230 M M 0 29 230
27 91 66 79 M 0 14 0.00 M M 9.5 25 250 M M 0 29 250
28 92 61 77 M 0 12 0.00 M M 9.2 16 280 M M 0 23 280
29 93 52 73 M 0 8 0.00 M M 6.0 15 270 M M 0 21 270
30 96 63 80 M 0 15 0.00 M M 7.0 14 190 M M 1 23 230
31 92 65 79 M 0 14 0.00 M M 13.8 21 270 M M 0 33 230
================================================================================
SM 2751 1766 0 255 0.57 M 268.5 M 33
================================================================================
AV 88.7 57.0 8.7 FASTST M M 1 MAX(MPH)
MISC ----> 35 220 44 220
================================================================================
NOTES:
# LAST OF SEVERAL OCCURRENCES
COLUMN 17 PEAK WIND IN M.P.H.
PRELIMINARY LOCAL CLIMATOLOGICAL DATA (WS FORM: F-6) , PAGE 2
STATION: LAS CRUCES
MONTH: MAY
YEAR: 2023
LATITUDE: 32 17 N
LONGITUDE: 106 46 W
[TEMPERATURE DATA] [PRECIPITATION DATA] SYMBOLS USED IN COLUMN 16
AVERAGE MONTHLY: 72.9 TOTAL FOR MONTH: 0.57 1 = FOG OR MIST
DPTR FM NORMAL: 0.0 DPTR FM NORMAL: M 2 = FOG REDUCING VISIBILITY
HIGHEST: 96 ON 30 GRTST 24HR 0.33 ON 20-20 TO 1/4 MILE OR LESS
LOWEST: 46 ON 11 3 = THUNDER
SNOW, ICE PELLETS, HAIL 4 = ICE PELLETS
TOTAL MONTH: M 5 = HAIL
GRTST 24HR M ON M 6 = FREEZING RAIN OR DRIZZLE
GRTST DEPTH: M ON M 7 = DUSTSTORM OR SANDSTORM:
VSBY 1/2 MILE OR LESS
8 = SMOKE OR HAZE
[NO. OF DAYS WITH] [WEATHER - DAYS WITH] 9 = BLOWING SNOW
X = TORNADO
MAX 32 OR BELOW: 0 0.01 INCH OR MORE: 6
MAX 90 OR ABOVE: 12 0.10 INCH OR MORE: 2
MIN 32 OR BELOW: 0 0.50 INCH OR MORE: 0
MIN 0 OR BELOW: 0 1.00 INCH OR MORE: 0
[HDD (BASE 65) ]
TOTAL THIS MO. 0 CLEAR (SCALE 0-3) 26
DPTR FM NORMAL M PTCLDY (SCALE 4-7) 5
TOTAL FM JUL 1 2624 CLOUDY (SCALE 8-10) 0
DPTR FM NORMAL M
[CDD (BASE 65) ]
TOTAL THIS MO. 255
DPTR FM NORMAL M [PRESSURE DATA]
TOTAL FM JAN 1 330 HIGHEST SLP M ON M
DPTR FM NORMAL M LOWEST SLP M ON M
[REMARKS]
#FINAL-05-23#