000
CXUS51 KPHI 010815
CF6MPO
PRELIMINARY LOCAL CLIMATOLOGICAL DATA (WS FORM: F-6)
STATION: MOUNT POCONO PA
MONTH: OCTOBER
YEAR: 2021
LATITUDE: 41 8 N
LONGITUDE: 75 24 W
TEMPERATURE IN F: :PCPN: SNOW: WIND :SUNSHINE: SKY :PK WND
================================================================================
1 2 3 4 5 6A 6B 7 8 9 10 11 12 13 14 15 16 17 18
12Z AVG MX 2MIN
DY MAX MIN AVG DEP HDD CDD WTR SNW DPTH SPD SPD DIR MIN PSBL S-S WX SPD DR
================================================================================
1 59 38 49 -5 16 0 0.00 M M 7.1 15 350 M M 1 19 350
2 69 42 56 3 9 0 0.00 M M 7.2 16 250 M M 0 22 250
3 72 45 59 6 6 0 0.38 M M 5.1 14 240 M M 5 1 17 250
4 64 55 60 8 5 0 2.05 M M 3.9 10 340 M M 10 12 15 80
5 61 54 58 6 7 0 0.00 M M 2.6 7 50 M M 10 12 14 90
6 60 57 59 7 6 0 0.02 M M 2.3 7 130 M M 10 12 8 110
7 70 56 63 12 2 0 T M M 2.4 9 180 M M 8 12 14 190
8 70 56 63 12 2 0 T M M 4.3 12 130 M M 8 12 16 120
9 60 52 56 6 9 0 0.07 M M 7.6 14 100 M M 10 1 21 90
10 56 51 54 4 11 0 0.11 M M 7.7 12 60 M M 10 12 18 70
11 66 52 59 9 6 0 0.00 M M 5.0 12 50 M M 7 1 17 40
12 62 53 58 9 7 0 0.00 M M 4.2 10 260 M M 9 1 15 100
13 65 56 61 12 4 0 0.00 M M 6.9 16 270 M M 10 1 19 280
14 70 53 62 13 3 0 0.00 M M 7.1 21 310 M M 3 1 26 310
15 77 54 66 18 0 1 0.00 M M 5.9 15 200 M M 5 21 220
16 72 46 59 11 6 0 0.40 M M 11.5 28 270 M M 8 1 36 250
17 53 40 47 -1 18 0 0.11 M M 13.3 24 280 M M 4 32 290
18 50 39 45 -2 20 0 0.01 M M 15.5 30 300 M M 6 41 310
19 61 38 50 3 15 0 0.00 M M 14.9 25 300 M M 0 32 300
20 68 47 58 12 7 0 T M M 11.1 22 310 M M 1 29 290
21 68 45 57 11 8 0 0.01 M M 8.3 17 220 M M 1 25 220
22 58 42 50 4 15 0 0.05 M M 8.7 21 230 M M 8 26 230
23 50 38 44 -2 21 0 0.07 M M 5.6 13 310 M M 8 1 15 290
24 48 38 43 -2 22 0 0.13 M M 5.5 12 290 M M 10 12 15 280
25 66 45 56 11 9 0 0.61 M M 6.1 14 170 M M 6 13 19 160
26 55 45 50 6 15 0 2.60 M M 12.0 21 300 M M 10 1 28 360
27 57 42 50 6 15 0 0.03 M M 16.7 28 320 M M 5 39 320
28 57 35 46 2 19 0 0.00 M M 5.1 13 310 M M 1 1 15 310
29 47 39 43 -1 22 0 0.93 M M 12.2 21 80 M M 10 1 37 90
30 55 43 49 6 16 0 1.66 M M 7.4 20 70 M M 10 12 30 50
31 54 45 50 7 15 0 0.01 M M 10.6 20 260 M M 9 1 25 270
================================================================================
SM 1900 1441 336 1 9.25 M 243.8 M 203
================================================================================
AV 61.3 46.5 7.9 FASTST M M 7 MAX(MPH)
MISC ----> 30 300 41 310
================================================================================
NOTES:
# LAST OF SEVERAL OCCURRENCES
COLUMN 17 PEAK WIND IN M.P.H.
PRELIMINARY LOCAL CLIMATOLOGICAL DATA (WS FORM: F-6) , PAGE 2
STATION: MOUNT POCONO PA
MONTH: OCTOBER
YEAR: 2021
LATITUDE: 41 8 N
LONGITUDE: 75 24 W
[TEMPERATURE DATA] [PRECIPITATION DATA] SYMBOLS USED IN COLUMN 16
AVERAGE MONTHLY: 53.9 TOTAL FOR MONTH: 9.25 1 = FOG OR MIST
DPTR FM NORMAL: 5.9 DPTR FM NORMAL: 4.10 2 = FOG REDUCING VISIBILITY
HIGHEST: 77 ON 15 GRTST 24HR 2.96 ON 25-26 TO 1/4 MILE OR LESS
LOWEST: 35 ON 28 3 = THUNDER
SNOW, ICE PELLETS, HAIL 4 = ICE PELLETS
TOTAL MONTH: M 5 = HAIL
GRTST 24HR M ON M 6 = FREEZING RAIN OR DRIZZLE
GRTST DEPTH: M ON M 7 = DUSTSTORM OR SANDSTORM:
VSBY 1/2 MILE OR LESS
8 = SMOKE OR HAZE
[NO. OF DAYS WITH] [WEATHER - DAYS WITH] 9 = BLOWING SNOW
X = TORNADO
MAX 32 OR BELOW: 0 0.01 INCH OR MORE: 18
MAX 90 OR ABOVE: 0 0.10 INCH OR MORE: 10
MIN 32 OR BELOW: 0 0.50 INCH OR MORE: 5
MIN 0 OR BELOW: 0 1.00 INCH OR MORE: 3
[HDD (BASE 65) ]
TOTAL THIS MO. 336 CLEAR (SCALE 0-3) 6
DPTR FM NORMAL -192 PTCLDY (SCALE 4-7) 12
TOTAL FM JUL 1 530 CLOUDY (SCALE 8-10) 13
DPTR FM NORMAL -276
[CDD (BASE 65) ]
TOTAL THIS MO. 1
DPTR FM NORMAL 0 [PRESSURE DATA]
TOTAL FM JAN 1 421 HIGHEST SLP 30.41 ON 6
DPTR FM NORMAL 133 LOWEST SLP 29.34 ON 26
[REMARKS]
#FINAL-10-21#