000
CXUS54 KOUN 061451
CF6SWO
PRELIMINARY LOCAL CLIMATOLOGICAL DATA (WS FORM: F-6)
STATION: STILLWATER
MONTH: DECEMBER
YEAR: 2021
LATITUDE: 36 10 N
LONGITUDE: 97 5 W
TEMPERATURE IN F: :PCPN: SNOW: WIND :SUNSHINE: SKY :PK WND
================================================================================
1 2 3 4 5 6A 6B 7 8 9 10 11 12 13 14 15 16 17 18
12Z AVG MX 2MIN
DY MAX MIN AVG DEP HDD CDD WTR SNW DPTH SPD SPD DIR MIN PSBL S-S WX SPD DR
================================================================================
1 72 36 54 9 11 0 0.00 0.0 0 2.2 9 330 M M 0 13 330
2 81 39 60 16 5 0 0.00 0.0 0 5.5 13 240 M M 0 16 250
3 75 43 59 15 6 0 0.00 0.0 0 5.4 12 10 M M 0 12 14 10
4 59 49 54 10 11 0 0.00 0.0 0 6.7 14 40 M M 8 1 18 30
5 79 46 63 20 2 0 0.00 0.0 0 12.7 37 10 M M 3 1 46 10
6 49 29 39 -4 26 0 0.00 0.0 0 11.5 28 10 M M 0 34 10
7 49 24 37 -6 28 0 0.00 0.0 0 6.5 22 180 M M 0 27 170
8 61 24 43 1 22 0 0.00 0.0 0 8.5 24 160 M M 0 32 170
9 74 48 61 19 4 0 0.00 0.0 0 7.4 18 180 M M 0 24 190
10 79 39 59 17 6 0 T 0.0 0 16.1 32 290 M M 4 8 49 280
11 51 30 41 -1 24 0 0.00 0.0 0 8.1 20 300 M M 0 27 310
12 60 29 45 3 20 0 0.00 0.0 0 14.0 26 170 M M 0 33 190
13 71 40 56 15 9 0 0.00 0.0 0 11.6 18 160 M M 0 23 160
14 77 51 64 23 1 0 0.00 0.0 0 15.4 26 180 M M 1 34 180
15 80 55 68 27 0 3 0.21 0.0 0 18.0 43 180 M M 6 54 180
16 57 37 47 7 18 0 0.00 0.0 0 8.2 17 350 M M 2 8 23 340
17 60 41 51 11 14 0 T 0.0 0 4.3 14 330 M M 7 19 330
18 45 20 33 -7 32 0 0.00 0.0 0 10.4 20 350 M M 0 25 340
19 45 12 29 -11 36 0 0.00 0.0 0 5.7 12 160 M M 0 14 170
20 57 27 42 2 23 0 0.00 0.0 0 5.7 15 200 M M 0 18 200
21 65 26 46 6 19 0 0.00 0.0 0 5.1 15 230 M M 0 19 220
22 64 27 46 7 19 0 0.00 0.0 0 7.0 20 200 M M 0 1 23 200
23 65 40 53 14 12 0 0.00 0.0 0 8.7 16 180 M M 1 1 M M
24 84 57 71 32 0 6 0.00 0.0 0 15.4 28 240 M M 0 38 250
25 74 46 60 21 5 0 0.00 0.0 0 5.5 25 260 M M 0 32 250
26 80 46 63 24 2 0 0.00 0.0 0 8.9 24 190 M M 0 36 180
27 67 40 54 15 11 0 0.00 0.0 0 7.9 16 30 M M 0 22 320
28 72 38 55 16 10 0 0.19 0.0 0 9.8 24 250 M M 4 1 31 250
29 53 31 42 3 23 0 0.00 0.0 0 5.6 12 10 M M 2 14 10
30 60 28 44 6 21 0 0.00 0.0 0 4.0 12 180 M M 3 12 13 180
31 69 46 58 20 7 0 T 0.0 0 9.3 21 180 M M 3 27 180
================================================================================
SM 2034 1144 427 9 0.40 0.0 271.1 M 44
================================================================================
AV 65.6 36.9 8.7 FASTST M M 1 MAX(MPH)
MISC ----> 43 180 54 180
================================================================================
NOTES:
# LAST OF SEVERAL OCCURRENCES
COLUMN 17 PEAK WIND IN M.P.H.
PRELIMINARY LOCAL CLIMATOLOGICAL DATA (WS FORM: F-6) , PAGE 2
STATION: STILLWATER
MONTH: DECEMBER
YEAR: 2021
LATITUDE: 36 10 N
LONGITUDE: 97 5 W
[TEMPERATURE DATA] [PRECIPITATION DATA] SYMBOLS USED IN COLUMN 16
AVERAGE MONTHLY: 51.3 TOTAL FOR MONTH: 0.40 1 = FOG OR MIST
DPTR FM NORMAL: 10.4 DPTR FM NORMAL: -1.11 2 = FOG REDUCING VISIBILITY
HIGHEST: 84 ON 24 GRTST 24HR 0.21 ON 15-15 TO 1/4 MILE OR LESS
LOWEST: 12 ON 19 3 = THUNDER
SNOW, ICE PELLETS, HAIL 4 = ICE PELLETS
TOTAL MONTH: 0.0 INCH 5 = HAIL
GRTST 24HR 0.0 6 = FREEZING RAIN OR DRIZZLE
GRTST DEPTH: 0 7 = DUSTSTORM OR SANDSTORM:
VSBY 1/2 MILE OR LESS
8 = SMOKE OR HAZE
[NO. OF DAYS WITH] [WEATHER - DAYS WITH] 9 = BLOWING SNOW
X = TORNADO
MAX 32 OR BELOW: 0 0.01 INCH OR MORE: 2
MAX 90 OR ABOVE: 0 0.10 INCH OR MORE: 2
MIN 32 OR BELOW: 12 0.50 INCH OR MORE: 0
MIN 0 OR BELOW: 0 1.00 INCH OR MORE: 0
[HDD (BASE 65) ]
TOTAL THIS MO. 427 CLEAR (SCALE 0-3) 26
DPTR FM NORMAL -321 PTCLDY (SCALE 4-7) 5
TOTAL FM JUL 1 884 CLOUDY (SCALE 8-10) 0
DPTR FM NORMAL -490
[CDD (BASE 65) ]
TOTAL THIS MO. 9
DPTR FM NORMAL 8 [PRESSURE DATA]
TOTAL FM JAN 1 2248 HIGHEST SLP 30.44 ON 19
DPTR FM NORMAL 54 LOWEST SLP 29.39 ON 10
[REMARKS]
#FINAL-12-21#