000
CXUS52 KTAE 010900
CF6TLH
PRELIMINARY LOCAL CLIMATOLOGICAL DATA (WS FORM: F-6)
STATION: TALLAHASSEE
MONTH: JANUARY
YEAR: 2023
LATITUDE: 30 22 N
LONGITUDE: 84 22 W
TEMPERATURE IN F: :PCPN: SNOW: WIND :SUNSHINE: SKY :PK WND
================================================================================
1 2 3 4 5 6A 6B 7 8 9 10 11 12 13 14 15 16 17 18
12Z AVG MX 2MIN
DY MAX MIN AVG DEP HDD CDD WTR SNW DPTH SPD SPD DIR MIN PSBL S-S WX SPD DR
================================================================================
1 76 55 66 14 0 1 0.00 0.0 M 2.2 9 160 M M 8 12 10 160
2 80 62 71 19 0 6 0.00 0.0 0 4.6 12 140 M M 8 128 17 170
3 77 67 72 20 0 7 T M M 9.5 21 160 M M 9 18 27 180
4 71 60 66 14 0 1 0.30 0.0 M 7.9 23 230 M M 9 123 32 210
5 74 44 59 7 6 0 0.00 0.0 0 4.8 18 290 M M 4 12 24 280
6 66 38 52 0 13 0 0.00 0.0 0 2.8 13 300 M M 0 17 320
7 72 34 53 1 12 0 0.00 0.0 0 1.0 8 310 M M 0 10 360
8 71 35 53 1 12 0 0.00 0.0 0 2.8 13 140 M M 5 16 140
9 69 42 56 4 9 0 0.00 0.0 M 4.7 15 340 M M 3 19 360
10 70 39 55 3 10 0 0.00 0.0 0 1.4 12 300 M M 0 13 310
11 76 37 57 5 8 0 0.00 0.0 0 4.9 15 180 M M 4 19 170
12 77 59 68 16 0 3 0.61 0.0 0 9.1 21 180 M M 7 123 28 170
13 67 42 55 3 10 0 0.00 0.0 0 13.1 25 310 M M 5 32 300
14 53 31 42 -10 23 0 0.00 0.0 0 11.5 23 330 M M 5 30 320
15 61 26 44 -8 21 0 0.00 0.0 0 1.8 9 270 M M 0 12 290
16 67 28 48 -4 17 0 0.00 0.0 0 2.6 10 180 M M 1 13 170
17 74 42 58 6 7 0 0.08 0.0 0 5.4 18 190 M M 8 12 24 190
18 74 59 67 15 0 2 0.00 0.0 0 6.2 15 150 M M 7 12 19 150
19 84 52 68 16 0 3 0.00 0.0 0 6.4 22 260 M M 5 1 27 270
20 70 42 56 4 9 0 0.00 0.0 0 3.0 10 290 M M 2 1 15 310
21 60 43 52 0 13 0 0.24 0.0 0 5.1 15 110 M M 7 1 18 110
22 79 51 65 13 0 0 2.90 0.0 0 8.5 39 270 M M 10 138 53 270
23 60 37 49 -3 16 0 0.00 0.0 0 6.6 15 340 M M 2 20 330
24 66 35 51 -1 14 0 0.00 0.0 M 8.7 15 120 M M 3 19 120
25 70 54 62 10 3 0 1.97 M M 12.5 25 170 M M 9 123 36 170
26 59 37 48 -4 17 0 0.00 M M 6.8 18 310 M M 0 24 320
27 59 32 46 -7 19 0 0.00 0.0 0 3.9 13 340 M M 1 18 360
28 64 30 47 -6 18 0 0.00 0.0 0 3.1 14 80 M M 2 20 90
29 71 43 57 4 8 0 0.48 0.0 0 4.0 13 170 M M 9 1 17 160
30 83 64 74 21 0 9 0.10 0.0 M 5.3 16 230 M M 8 12 20 220
31 78 65 72 19 0 7 0.00 0.0 0 4.1 13 170 M M 9 12 17 180
================================================================================
SM 2178 1385 265 39 6.68 0.0 174.3 M 150
================================================================================
AV 70.3 44.7 5.6 FASTST M M 5 MAX(MPH)
MISC ----> 39 270 53 270
================================================================================
NOTES:
# LAST OF SEVERAL OCCURRENCES
COLUMN 17 PEAK WIND IN M.P.H.
PRELIMINARY LOCAL CLIMATOLOGICAL DATA (WS FORM: F-6) , PAGE 2
STATION: TALLAHASSEE
MONTH: JANUARY
YEAR: 2023
LATITUDE: 30 22 N
LONGITUDE: 84 22 W
[TEMPERATURE DATA] [PRECIPITATION DATA] SYMBOLS USED IN COLUMN 16
AVERAGE MONTHLY: 57.5 TOTAL FOR MONTH: 6.68 1 = FOG OR MIST
DPTR FM NORMAL: 5.3 DPTR FM NORMAL: 2.27 2 = FOG REDUCING VISIBILITY
HIGHEST: 84 ON 19 GRTST 24HR 2.90 ON 22-22 TO 1/4 MILE OR LESS
LOWEST: 26 ON 15 3 = THUNDER
SNOW, ICE PELLETS, HAIL 4 = ICE PELLETS
TOTAL MONTH: 0.0 INCH 5 = HAIL
GRTST 24HR 0.0 6 = FREEZING RAIN OR DRIZZLE
GRTST DEPTH: 0 7 = DUSTSTORM OR SANDSTORM:
VSBY 1/2 MILE OR LESS
8 = SMOKE OR HAZE
[NO. OF DAYS WITH] [WEATHER - DAYS WITH] 9 = BLOWING SNOW
X = TORNADO
MAX 32 OR BELOW: 0 0.01 INCH OR MORE: 8
MAX 90 OR ABOVE: 0 0.10 INCH OR MORE: 7
MIN 32 OR BELOW: 5 0.50 INCH OR MORE: 3
MIN 0 OR BELOW: 0 1.00 INCH OR MORE: 2
[HDD (BASE 65) ]
TOTAL THIS MO. 265 CLEAR (SCALE 0-3) 11
DPTR FM NORMAL -140 PTCLDY (SCALE 4-7) 12
TOTAL FM JUL 1 736 CLOUDY (SCALE 8-10) 8
DPTR FM NORMAL -237
[CDD (BASE 65) ]
TOTAL THIS MO. 39
DPTR FM NORMAL 31 [PRESSURE DATA]
TOTAL FM JAN 1 39 HIGHEST SLP 30.46 ON 28
DPTR FM NORMAL 31 LOWEST SLP 29.71 ON 22
[REMARKS]
#FINAL-01-23#