000
CXUS55 KCYS 011610
CF6TOR
PRELIMINARY LOCAL CLIMATOLOGICAL DATA (WS FORM: F-6)
STATION: TORRINGTON WY AIRPORT
MONTH: SEPTEMBER
YEAR: 2023
LATITUDE: 42 3 N
LONGITUDE: 104 9 W
TEMPERATURE IN F: :PCPN: SNOW: WIND :SUNSHINE: SKY :PK WND
================================================================================
1 2 3 4 5 6A 6B 7 8 9 10 11 12 13 14 15 16 17 18
12Z AVG MX 2MIN
DY MAX MIN AVG DEP HDD CDD WTR SNW DPTH SPD SPD DIR MIN PSBL S-S WX SPD DR
================================================================================
1 98 55 77 9 0 12 T M M 8.0 43 240 M M 0 138 60 240
2 96 62 79 11 0 14 0.05 M M 7.7 28 240 M M 1 3 37 230
3 93 61 77 10 0 12 0.01 M M 7.0 31 230 M M 2 3 51 240
4 87 55 71 4 0 6 0.08 M M 8.2 28 300 M M 2 13 39 300
5 72 50 61 -6 4 0 0.00 M M 12.2 24 320 M M 2 8 36 330
6 86 45 66 0 0 1 0.00 M M 7.7 15 120 M M 0 18 20 120
7 89 48 69 3 0 4 0.00 M M 9.6 24 300 M M 0 18 31 330
8 91 47 69 3 0 4 0.00 M M 7.8 18 140 M M 0 8 26 130
9 85 51 68 3 0 3 0.11 M M 8.4 28 50 M M 1 13 37 50
10 69 54 62 -3 3 0 0.52 M M 8.4 31 20 M M 8 13 44 360
11 70 48 59 -5 6 0 0.00 M M 4.7 16 70 M M 4 22 70
12 80 47 64 0 1 0 0.00 M M 8.6 12 150 M M 0 22 160
13 83 49 66 2 0 1 T M M 10.3 22 100 M M 1 3 30 100
14 62 53 58 -5 7 0 0.28 M M 7.2 16 360 M M 6 1 22 350
15 75 47 61 -2 4 0 0.00 M M 4.3 10 240 M M 1 16 220
16 80 43 62 0 3 0 0.00 M M 3.2 12 70 M M 0 1 14 350
17 88 42 65 3 0 0 0.00 M M 3.9 16 310 M M 0 23 260
18 88 47 68 7 0 3 0.00 M M 6.3 17 290 M M 0 8 23 300
19 85 52 69 8 0 4 0.00 M M 6.9 22 170 M M 1 38 32 160
20 83 49 66 6 0 1 0.02 M M 7.0 30 190 M M 2 3 41 170
21 80 50 65 5 0 0 0.01 M M 9.9 24 100 M M 1 3 31 100
22 71 51 61 2 4 0 0.49 M M 12.4 32 110 M M 6 13 42 120
23 73 47 60 1 5 0 T M M 11.1 25 300 M M 2 35 310
24 75 42 59 1 6 0 0.00 M M 5.6 18 280 M M 0 24 300
25 82 38 60 2 5 0 0.00 M M 4.5 13 50 M M 0 14 70
26 81 41 61 3 4 0 0.00 M M 8.1 15 110 M M 0 22 120
27 87 47 67 10 0 2 0.00 M M 7.3 15 120 M M 0 8 20 80
28 79 45 62 6 3 0 0.00 M M 7.7 17 40 M M 0 22 40
29 77 47 62 6 3 0 0.00 M M 8.8 17 110 M M 1 24 110
30 83 51 67 11 0 2 0.03 M M 11.4 29 200 M M 2 123 47 210
================================================================================
SM 2448 1464 58 69 1.60 M 234.2 M 43
================================================================================
AV 81.6 48.8 7.8 FASTST M M 1 MAX(MPH)
MISC ----> 43 240 60 240
================================================================================
NOTES:
# LAST OF SEVERAL OCCURRENCES
COLUMN 17 PEAK WIND IN M.P.H.
PRELIMINARY LOCAL CLIMATOLOGICAL DATA (WS FORM: F-6) , PAGE 2
STATION: TORRINGTON WY AIRPORT
MONTH: SEPTEMBER
YEAR: 2023
LATITUDE: 42 3 N
LONGITUDE: 104 9 W
[TEMPERATURE DATA] [PRECIPITATION DATA] SYMBOLS USED IN COLUMN 16
AVERAGE MONTHLY: 65.2 TOTAL FOR MONTH: 1.60 1 = FOG OR MIST
DPTR FM NORMAL: 3.0 DPTR FM NORMAL: 0.50 2 = FOG REDUCING VISIBILITY
HIGHEST: 98 ON 1 GRTST 24HR 0.63 ON 9-10 TO 1/4 MILE OR LESS
LOWEST: 38 ON 25 3 = THUNDER
SNOW, ICE PELLETS, HAIL 4 = ICE PELLETS
TOTAL MONTH: M 5 = HAIL
GRTST 24HR M ON M 6 = FREEZING RAIN OR DRIZZLE
GRTST DEPTH: M ON M 7 = DUSTSTORM OR SANDSTORM:
VSBY 1/2 MILE OR LESS
8 = SMOKE OR HAZE
[NO. OF DAYS WITH] [WEATHER - DAYS WITH] 9 = BLOWING SNOW
X = TORNADO
MAX 32 OR BELOW: 0 0.01 INCH OR MORE: 10
MAX 90 OR ABOVE: 4 0.10 INCH OR MORE: 4
MIN 32 OR BELOW: 0 0.50 INCH OR MORE: 1
MIN 0 OR BELOW: 0 1.00 INCH OR MORE: 0
[HDD (BASE 65) ]
TOTAL THIS MO. 58 CLEAR (SCALE 0-3) 26
DPTR FM NORMAL -86 PTCLDY (SCALE 4-7) 4
TOTAL FM JUL 1 72 CLOUDY (SCALE 8-10) 0
DPTR FM NORMAL -91
[CDD (BASE 65) ]
TOTAL THIS MO. 69
DPTR FM NORMAL 9 [PRESSURE DATA]
TOTAL FM JAN 1 646 HIGHEST SLP 30.26 ON 11
DPTR FM NORMAL -78 LOWEST SLP 29.50 ON 4
[REMARKS]
#FINAL-09-23#