491
CXUS53 KLSX 012351 CCA
CF6UIN
PRELIMINARY LOCAL CLIMATOLOGICAL DATA (WS FORM: F-6)
STATION: QUINCY IL
MONTH: JUNE
YEAR: 2020
LATITUDE: 39 57 N
LONGITUDE: 91 12 W
TEMPERATURE IN F: :PCPN: SNOW: WIND :SUNSHINE: SKY :PK WND
================================================================================
1 2 3 4 5 6A 6B 7 8 9 10 11 12 13 14 15 16 17 18
12Z AVG MX 2MIN
DY MAX MIN AVG DEP HDD CDD WTR SNW DPTH SPD SPD DIR MIN PSBL S-S WX SPD DR
================================================================================
1 81 62 72 4 0 7 T 0.0 0 10.8 17 190 M M 2 26 210
2 88 66 77 9 0 12 0.00 0.0 0 12.3 21 220 M M 0 30 210
3 87 66 77 9 0 12 0.83 0.0 0 8.5 18 80 M M 4 13 26 210
4 83 65 74 5 0 9 0.00 0.0 0 5.8 16 190 M M 1 23 210
5 87 67 77 8 0 12 0.04 0.0 0 5.9 20 30 M M 1 13 26 30
6 90 70 80 11 0 15 0.00 0.0 0 7.1 13 80 M M 1 1 19 80
7 90 66 78 8 0 13 0.00 0.0 0 9.7 17 130 M M 0 26 120
8 89 68 79 9 0 14 0.00 0.0 0 10.9 18 120 M M 0 24 120
9 81 72 77 7 0 12 1.03 0.0 0 12.5 26 240 M M 6 1 37 240
10 79 60 70 -1 0 5 0.02 0.0 0 11.9 25 280 M M 4 18 36 280
11 82 57 70 -1 0 5 0.00 0.0 0 8.6 20 290 M M 0 27 280
12 87 64 76 5 0 11 0.00 0.0 0 4.2 12 360 M M 1 18 360
13 82 59 71 -1 0 6 0.00 0.0 0 8.3 16 60 M M 0 20 90
14 78 61 70 -2 0 5 0.00 0.0 0 11.7 17 110 M M 1 35 110
15 81 61 71 -1 0 6 0.00 0.0 0 8.7 15 120 M M 1 20 110
16 82 57 70 -2 0 5 0.00 0.0 0 6.6 15 160 M M 0 25 120
17 85 62 74 1 0 9 0.00 0.0 0 7.7 15 190 M M 0 20 150
18 87 64 76 3 0 11 0.00 0.0 0 6.5 13 150 M M 1 18 150
19 88 67 78 5 0 13 0.19 0.0 0 5.6 16 250 M M 2 13 23 280
20 85 69 77 3 0 12 0.15 0.0 0 7.0 22 180 M M 3 13 33 180
21 85 67 76 2 0 11 0.25 0.0 0 6.7 28 210 M M 4 1238 35 210
22 82 65 74 0 0 9 0.16 0.0 0 7.1 24 190 M M 4 13 36 190
23 79 58 69 -5 0 4 0.00 0.0 0 8.6 21 330 M M 3 27 320
24 82 59 71 -3 0 6 0.00 0.0 0 5.3 14 340 M M 1 19 330
25 86 59 73 -2 0 8 0.00 0.0 0 4.9 13 220 M M 0 18 210
26 92 72 82 7 0 17 0.00 0.0 0 11.2 24 210 M M 1 34 200
27 87 69 78 3 0 13 T 0.0 0 7.3 17 210 M M 2 23 220
28 87 68 78 3 0 13 1.11 0.0 0 6.7 32 330 M M 3 123 48 330
29 89 73 81 6 0 16 2.25 0.0 0 8.9 21 190 M M 2 138 30 170
30 77 68 73 -3 0 8 2.22 0.0 0 7.9 14 180 M M 7 13 19 140
================================================================================
SM 2538 1941 0 299 8.25 0.0 244.9 M 55
================================================================================
AV 84.6 64.7 8.2 FASTST M M 2 MAX(MPH)
MISC ----> 32 330 48 330
================================================================================
NOTES:
# LAST OF SEVERAL OCCURRENCES
COLUMN 17 PEAK WIND IN M.P.H.
PRELIMINARY LOCAL CLIMATOLOGICAL DATA (WS FORM: F-6) , PAGE 2
STATION: QUINCY IL
MONTH: JUNE
YEAR: 2020
LATITUDE: 39 57 N
LONGITUDE: 91 12 W
[TEMPERATURE DATA] [PRECIPITATION DATA] SYMBOLS USED IN COLUMN 16
AVERAGE MONTHLY: 74.7 TOTAL FOR MONTH: 8.25 1 = FOG OR MIST
DPTR FM NORMAL: 2.6 DPTR FM NORMAL: 4.26 2 = FOG REDUCING VISIBILITY
HIGHEST: 92 ON 26 GRTST 24HR 4.47 ON 29-30 TO 1/4 MILE OR LESS
LOWEST: 57 ON 16,11 3 = THUNDER
SNOW, ICE PELLETS, HAIL 4 = ICE PELLETS
TOTAL MONTH: 0.0 INCH 5 = HAIL
GRTST 24HR 0.0 6 = FREEZING RAIN OR DRIZZLE
GRTST DEPTH: 0 7 = DUSTSTORM OR SANDSTORM:
VSBY 1/2 MILE OR LESS
8 = SMOKE OR HAZE
[NO. OF DAYS WITH] [WEATHER - DAYS WITH] 9 = BLOWING SNOW
X = TORNADO
MAX 32 OR BELOW: 0 0.01 INCH OR MORE: 11
MAX 90 OR ABOVE: 3 0.10 INCH OR MORE: 9
MIN 32 OR BELOW: 0 0.50 INCH OR MORE: 5
MIN 0 OR BELOW: 0 1.00 INCH OR MORE: 4
[HDD (BASE 65) ]
TOTAL THIS MO. 0 CLEAR (SCALE 0-3) 24
DPTR FM NORMAL -16 PTCLDY (SCALE 4-7) 6
TOTAL FM JUL 1 5361 CLOUDY (SCALE 8-10) 0
DPTR FM NORMAL -221
[CDD (BASE 65) ]
TOTAL THIS MO. 299
DPTR FM NORMAL 72 [PRESSURE DATA]
TOTAL FM JAN 1 370 HIGHEST SLP 30.30 ON 15
DPTR FM NORMAL 57 LOWEST SLP 29.32 ON 9
[REMARKS]
#FINAL-06-20#