000
CXUS55 KGJT 261000
CF6VEL
PRELIMINARY LOCAL CLIMATOLOGICAL DATA (WS FORM: F-6)

                                          STATION:   VERNAL UT
                                          MONTH:     MAY
                                          YEAR:      2018
                                          LATITUDE:   40 27 N
                                          LONGITUDE: 109 31 W

  TEMPERATURE IN F:       :PCPN:    SNOW:  WIND      :SUNSHINE: SKY     :PK WND
================================================================================
1   2   3   4   5  6A  6B    7    8   9   10  11  12  13   14  15   16   17  18
                                     12Z  AVG MX 2MIN
DY MAX MIN AVG DEP HDD CDD  WTR  SNW DPTH SPD SPD DIR MIN PSBL S-S WX    SPD DR
================================================================================

 1  61  40  51  -1  14   0    T    M    M  6.3 21 220   M    M   5 38     25 230
 2  59  42  51  -1  14   0 0.24    M    M  4.7 16 230   M    M   8 1      20 240
 3  66  42  54   2  11   0    M    M    M  4.4 15 220   M    M   6 1      18 230
 4  72  38  55   2  10   0 0.00    M    M  4.6 12 170   M    M   0        18 240
 5  79  43  61   8   4   0 0.00    M    M  4.8 13 190   M    M   0        17 220
 6  82  49  66  12   0   1 0.00    M    M  6.2 15 220   M    M   0        20 190
 7  85  50  68  14   0   3 0.00    M    M  5.9 18 290   M    M   0        23 280
 8  82  45  64  10   1   0 0.00    M    M  4.8 13 120   M    M   0        17 110
 9  85  46  66  12   0   1 0.00    M    M  4.7 14 300   M    M   0        20 250
10  86  53  70  15   0   5    T    M    M  8.1 28 360   M    M   2        36 350
11  72  52  62   7   3   0    T    M    M  9.7 22  40   M    M   4        29 350
12  78  47  63   7   2   0    T    M    M 10.1 30 210   M    M   4        41 210
13  70  46  58   2   7   0    T    M    M  6.2 21 250   M    M   5        33 250
14  75  44  60   4   5   0    T    M    M  7.4 20  20   M    M   2        26 350
15  80  45  63   7   2   0 0.00    M    M  4.3 16 260   M    M   0        21 230
16  83  45  64   7   1   0 0.00    M    M  6.6 22 220   M    M   0        28 200
17  82  44  63   6   2   0 0.00    M    M  7.8 22 220   M    M   0 8      29 220
18  80  50  65   8   0   0 0.00    M    M 10.4 32 270   M    M   1 8      39 280
19  73  45  59   1   6   0 0.00    M    M  9.6 25 320   M    M   2        31 310
20  77  45  61   3   4   0    T    M    M  5.7 32 250   M    M   1        42 270
21  82  45  64   6   1   0 0.00    M    M  4.4 16 200   M    M   0        20 240
22  74  48  61   3   4   0    T    M    M  5.7 25 230   M    M   3 8      32 230
23  74  42  58  -1   7   0 0.00    M    M  4.3 20 280   M    M   1        25 270
24  83  45  64   5   1   0 0.00    M    M  5.2 16 220   M    M   1        22 230
25  89  49  69  10   0   4 0.00    M    M  7.1 20 230   M    M   0        25 230
================================================================================
SM 1929 1140        99  14  0.24    M    159.0          M       45
================================================================================
AV 77.2 45.6                               6.4 FASTST   M    M   2    MAX(MPH)
                                 MISC ---->  # 32 270               # 42  270
================================================================================
NOTES:
# LAST OF SEVERAL OCCURRENCES

COLUMN 17 PEAK WIND IN M.P.H.

PRELIMINARY LOCAL CLIMATOLOGICAL DATA (WS FORM: F-6) , PAGE 2

                                          STATION:  VERNAL UT
                                          MONTH:    MAY
                                          YEAR:     2018
                                          LATITUDE:   40 27 N
                                          LONGITUDE: 109 31 W

[TEMPERATURE DATA]      [PRECIPITATION DATA]       SYMBOLS USED IN COLUMN 16

AVERAGE MONTHLY: 61.4   TOTAL FOR MONTH:   0.24    1 = FOG OR MIST
DPTR FM NORMAL:   5.7   DPTR FM NORMAL:   -0.49    2 = FOG REDUCING VISIBILITY
HIGHEST:    89 ON 25    GRTST 24HR  0.24 ON  2- 2      TO 1/4 MILE OR LESS
LOWEST:     38 ON  4                               3 = THUNDER
                        SNOW, ICE PELLETS, HAIL    4 = ICE PELLETS
                        TOTAL MONTH:    M          5 = HAIL
                        GRTST 24HR    M  ON   M    6 = FREEZING RAIN OR DRIZZLE
                        GRTST DEPTH:  M  ON   M    7 = DUSTSTORM OR SANDSTORM:
                                                       VSBY 1/2 MILE OR LESS
                                                   8 = SMOKE OR HAZE
[NO. OF DAYS WITH]      [WEATHER - DAYS WITH]      9 = BLOWING SNOW
                                                   X = TORNADO
MAX 32 OR BELOW:   0    0.01 INCH OR MORE:   1
MAX 90 OR ABOVE:   0    0.10 INCH OR MORE:   1
MIN 32 OR BELOW:   0    0.50 INCH OR MORE:   0
MIN  0 OR BELOW:   0    1.00 INCH OR MORE:   0

[HDD (BASE 65) ]
TOTAL THIS MO.    99    CLEAR  (SCALE 0-3)  19
DPTR FM NORMAL  -138    PTCLDY (SCALE 4-7)   6
TOTAL FM JUL 1  6032    CLOUDY (SCALE 8-10)  0
DPTR FM NORMAL -1084

[CDD (BASE 65) ]
TOTAL THIS MO.    14
DPTR FM NORMAL    14    [PRESSURE DATA]
TOTAL FM JAN 1    14    HIGHEST SLP M ON M
DPTR FM NORMAL    14    LOWEST  SLP 29.42 ON 11

[REMARKS]
