782
CDUS41 KBUF 202033
CLIBUF

CLIMATE REPORT
NATIONAL WEATHER SERVICE BUFFALO NY
433 PM EDT SAT JUL 20 2024

...................................

...THE BUFFALO NY CLIMATE SUMMARY FOR JULY 20 2024...
VALID TODAY AS OF 0400 PM LOCAL TIME.

CLIMATE NORMAL PERIOD: 1991 TO 2020
CLIMATE RECORD PERIOD: 1871 TO 2024


WEATHER ITEM   OBSERVED TIME   RECORD YEAR NORMAL DEPARTURE LAST
                VALUE   (LST)  VALUE       VALUE  FROM      YEAR
                                                  NORMAL
...................................................................
TEMPERATURE (F)
 TODAY
  MAXIMUM         80   2:45 PM  91    1916  81     -1       85
                                      1978
                                      1994
  MINIMUM         56   4:57 AM  46    1965  64     -8       62
  AVERAGE         68                        72     -4       74

PRECIPITATION (IN)
  TODAY            0.00          3.54 1896   0.11  -0.11     1.09
  MONTH TO DATE    2.46                      2.03   0.43     3.62
  SINCE JUN 1      7.24                      5.40   1.84     6.04
  SINCE JAN 1     23.24                     20.87   2.37    22.50

SNOWFALL (IN)
  TODAY            0.0           0.0    MM   0.0    0.0      0.0
  MONTH TO DATE    0.0                       0.0    0.0      0.0
  SINCE JUN 1      0.0                       0.0    0.0      0.0
  SINCE JUL 1      0.0                       0.0    0.0      0.0
  SNOW DEPTH       0

DEGREE DAYS
 HEATING
  TODAY            0                         0      0        0
  MONTH TO DATE    0                         0      0        0
  SINCE JUN 1     28                        54    -26       44
  SINCE JUL 1      0                         0      0        0

 COOLING
  TODAY            3                         7     -4        9
  MONTH TO DATE  184                       134     50      176
  SINCE JUN 1    374                       244    130      280
  SINCE JAN 1    434                       278    156      311
...................................................................


WIND (MPH)
  HIGHEST WIND SPEED    13   HIGHEST WIND DIRECTION    SW (220)
  HIGHEST GUST SPEED    20   HIGHEST GUST DIRECTION     S (200)
  AVERAGE WIND SPEED     5.1


SKY COVER
  AVERAGE SKY COVER 0.2


WEATHER CONDITIONS
THE FOLLOWING WEATHER WAS RECORDED TODAY.
  NO SIGNIFICANT WEATHER WAS OBSERVED.


RELATIVE HUMIDITY (PERCENT)
 HIGHEST    84           5:00 AM
 LOWEST     41           2:00 PM
 AVERAGE    63

..........................................................


THE BUFFALO NY CLIMATE NORMALS FOR TOMORROW
                         NORMAL    RECORD    YEAR
 MAXIMUM TEMPERATURE (F)   81        93      1953
 MINIMUM TEMPERATURE (F)   64        48      1965


SUNRISE AND SUNSET
JULY 20 2024..........SUNRISE   5:55 AM EDT   SUNSET   8:48 PM EDT
JULY 21 2024..........SUNRISE   5:56 AM EDT   SUNSET   8:47 PM EDT


-  INDICATES NEGATIVE NUMBERS.
R  INDICATES RECORD WAS SET OR TIED.
MM INDICATES DATA IS MISSING.
T  INDICATES TRACE AMOUNT.




$$