000
CXUS54 KCRP 011310
CF6COT
PRELIMINARY LOCAL CLIMATOLOGICAL DATA (WS FORM: F-6)
STATION: COTULLA
MONTH: JANUARY
YEAR: 2022
LATITUDE: 28 27 N
LONGITUDE: 99 13 W
TEMPERATURE IN F: :PCPN: SNOW: WIND :SUNSHINE: SKY :PK WND
================================================================================
1 2 3 4 5 6A 6B 7 8 9 10 11 12 13 14 15 16 17 18
12Z AVG MX 2MIN
DY MAX MIN AVG DEP HDD CDD WTR SNW DPTH SPD SPD DIR MIN PSBL S-S WX SPD DR
================================================================================
1 94 61 78 23 0 13 0.00 0.0 M 5.3 14 280 M M 2 20 160
2 70 35 53 -2 12 0 0.00 0.0 0 14.4 30 340 M M 0 37 350
3 62 25 44 -11 21 0 0.00 0.0 M 5.2 13 150 M M 0 15 110
4 74 37 56 1 9 0 0.00 0.0 0 5.9 15 180 M M 0 20 170
5 82 39 61 6 4 0 0.00 0.0 M 2.8 10 260 M M 0 15 290
6 87 39 63 8 2 0 0.00 0.0 M 7.0 22 60 M M 0 30 60
7 49 40 45 -10 20 0 T M M 6.1 14 40 M M 9 18 18 50
8 64 45 55 0 10 0 0.02 0.0 0 2.5 8 350 M M 7 18 9 340
9 78 50 64 9 1 0 0.01 M 0 8.2 21 30 M M 8 18 30 30
10 67 48 58 3 7 0 0.00 0.0 0 11.1 17 60 M M 4 24 40
11 61 47 54 -1 11 0 0.00 0.0 M 6.1 13 50 M M 9 16 40
12 69 42 56 1 9 0 0.00 0.0 M 3.1 9 220 M M 2 12 280
13 80 34 57 2 8 0 0.00 0.0 M 2.7 9 170 M M 0 14 340
14 85 38 62 7 3 0 0.00 0.0 0 4.7 14 210 M M 0 20 180
15 65 47 56 1 9 0 0.00 0.0 0 17.6 33 360 M M 1 42 330
16 72 28 50 -5 15 0 0.00 0.0 0 4.3 12 300 M M 0 16 350
17 77 32 55 0 10 0 0.00 0.0 0 6.0 15 130 M M 0 19 140
18 82 46 64 8 1 0 0.00 0.0 0 6.7 15 190 M M 0 20 180
19 85 56 71 15 0 6 T 0.0 0 5.2 22 30 M M 3 128 30 20
20 64 38 51 -5 14 0 T 0.0 0 14.2 22 20 M M 6 29 10
21 55 39 47 -9 18 0 0.00 0.0 M 6.3 12 360 M M 6 13 10
22 53 37 45 -11 20 0 0.00 0.0 M 6.4 14 80 M M 9 18 70
23 61 50 56 0 9 0 0.00 0.0 0 3.4 9 130 M M 10 13 110
24 61 42 52 -4 13 0 0.05 0.0 0 3.6 10 140 M M 6 128 12 150
25 66 39 53 -3 12 0 0.00 0.0 0 5.2 13 110 M M 8 128 M M
26 62 53 58 1 7 0 0.00 0.0 0 7.9 14 90 M M 10 17 70
27 60 50 55 -2 10 0 0.02 0.0 0 5.3 12 120 M M 10 18 14 110
28 63 40 52 -5 13 0 0.03 0.0 M 8.8 20 40 M M 6 1 26 20
29 71 33 52 -5 13 0 0.00 0.0 M 4.6 9 150 M M 0 14 210
30 76 37 57 -1 8 0 0.00 0.0 M 8.1 17 130 M M 0 22 140
31 79 55 67 9 0 2 0.00 0.0 0 8.1 17 330 M M 4 23 330
================================================================================
SM 2174 1302 289 21 0.13 0.0 206.8 M 120
================================================================================
AV 70.1 42.0 6.7 FASTST M M 4 MAX(MPH)
MISC ----> 33 360 42 330
================================================================================
NOTES:
# LAST OF SEVERAL OCCURRENCES
COLUMN 17 PEAK WIND IN M.P.H.
PRELIMINARY LOCAL CLIMATOLOGICAL DATA (WS FORM: F-6) , PAGE 2
STATION: COTULLA
MONTH: JANUARY
YEAR: 2022
LATITUDE: 28 27 N
LONGITUDE: 99 13 W
[TEMPERATURE DATA] [PRECIPITATION DATA] SYMBOLS USED IN COLUMN 16
AVERAGE MONTHLY: 56.1 TOTAL FOR MONTH: 0.13 1 = FOG OR MIST
DPTR FM NORMAL: 0.4 DPTR FM NORMAL: -0.72 2 = FOG REDUCING VISIBILITY
HIGHEST: 94 ON 1 GRTST 24HR 0.93 ON 24-24 TO 1/4 MILE OR LESS
LOWEST: 25 ON 3 3 = THUNDER
SNOW, ICE PELLETS, HAIL 4 = ICE PELLETS
TOTAL MONTH: 0.0 INCH 5 = HAIL
GRTST 24HR 0.0 6 = FREEZING RAIN OR DRIZZLE
GRTST DEPTH: 0 7 = DUSTSTORM OR SANDSTORM:
VSBY 1/2 MILE OR LESS
8 = SMOKE OR HAZE
[NO. OF DAYS WITH] [WEATHER - DAYS WITH] 9 = BLOWING SNOW
X = TORNADO
MAX 32 OR BELOW: 0 0.01 INCH OR MORE: 5
MAX 90 OR ABOVE: 1 0.10 INCH OR MORE: 0
MIN 32 OR BELOW: 3 0.50 INCH OR MORE: 0
MIN 0 OR BELOW: 0 1.00 INCH OR MORE: 0
[HDD (BASE 65) ]
TOTAL THIS MO. 289 CLEAR (SCALE 0-3) 16
DPTR FM NORMAL -23 PTCLDY (SCALE 4-7) 9
TOTAL FM JUL 1 392 CLOUDY (SCALE 8-10) 6
DPTR FM NORMAL -343
[CDD (BASE 65) ]
TOTAL THIS MO. 21
DPTR FM NORMAL -2 [PRESSURE DATA]
TOTAL FM JAN 1 21 HIGHEST SLP 30.63 ON 10
DPTR FM NORMAL -2 LOWEST SLP 29.57 ON 1
[REMARKS]
#FINAL-01-22#