405
CXUS54 KCRP 011300
CF6COT
PRELIMINARY LOCAL CLIMATOLOGICAL DATA (WS FORM: F-6)
STATION: COTULLA
MONTH: SEPTEMBER
YEAR: 2020
LATITUDE: 28 27 N
LONGITUDE: 99 13 W
TEMPERATURE IN F: :PCPN: SNOW: WIND :SUNSHINE: SKY :PK WND
================================================================================
1 2 3 4 5 6A 6B 7 8 9 10 11 12 13 14 15 16 17 18
12Z AVG MX 2MIN
DY MAX MIN AVG DEP HDD CDD WTR SNW DPTH SPD SPD DIR MIN PSBL S-S WX SPD DR
================================================================================
1 105 83 94 9 0 29 0.00 0.0 0 10.0 20 170 M M 5 27 180
2 92 81 87 3 0 22 T 0.0 0 7.4 18 130 M M 1 3 22 120
3 98 75 87 3 0 22 T 0.0 0 10.5 23 360 M M 3 38 31 170
4 96 75 86 2 0 21 0.00 0.0 0 8.7 25 140 M M 2 30 130
5 94 75 85 1 0 20 T 0.0 0 7.9 24 170 M M 3 3 40 150
6 94 74 84 1 0 19 0.00 0.0 0 4.0 18 230 M M 2 25 220
7 90 74 82 -1 0 17 0.00 0.0 0 6.6 16 140 M M 0 19 150
8 95 76 86 3 0 21 1.16 0.0 0 10.8 28 130 M M 3 138 38 160
9 88 70 79 -3 0 14 0.05 0.0 0 10.4 18 340 M M 5 18 22 330
10 70 61 66 -16 0 1 0.18 0.0 0 9.5 17 350 M M 10 1 20 10
11 84 64 74 -8 0 9 0.01 0.0 0 6.1 12 310 M M 6 1 15 310
12 95 69 82 0 0 17 0.00 0.0 0 3.7 13 120 M M 2 15 120
13 98 76 87 6 0 22 0.00 0.0 0 7.6 17 350 M M 2 27 20
14 96 75 86 5 0 21 0.00 0.0 0 9.2 21 40 M M 3 27 40
15 93 76 85 4 0 20 T 0.0 0 5.5 18 130 M M 6 23 120
16 96 72 84 4 0 19 1.13 0.0 0 4.6 23 360 M M 4 13 29 360
17 88 71 80 0 0 15 0.73 0.0 0 5.3 22 80 M M 2 13 29 70
18 92 71 82 2 0 17 0.00 0.0 0 8.1 15 60 M M 1 1 21 40
19 88 69 79 -1 0 14 0.00 0.0 0 8.0 16 30 M M 0 19 20
20 90 63 77 -2 0 12 0.00 0.0 0 6.8 13 40 M M 0 19 50
21 84 72 78 -1 0 13 T 0.0 0 9.7 18 10 M M 9 22 10
22 92 70 81 2 0 16 0.00 0.0 0 8.4 16 360 M M 5 20 340
23 94 67 81 3 0 16 0.00 0.0 0 5.5 14 30 M M 1 17 10
24 91 66 79 1 0 14 0.00 0.0 0 3.6 9 120 M M 1 12 120
25 92 69 81 3 0 16 0.00 0.0 0 7.6 14 140 M M 3 1 20 120
26 97 75 86 8 0 21 0.00 0.0 0 10.1 16 150 M M 3 22 140
27 100 78 89 11 0 24 0.00 0.0 0 9.1 14 160 M M 4 17 170
28 85 71 78 1 0 13 T 0.0 0 10.2 24 30 M M 8 33 40
29 87 55 71 -6 0 6 0.00 0.0 0 5.1 14 360 M M 1 19 10
30 91 50 71 -6 0 6 0.00 0.0 0 4.4 13 130 M M 0 26 150
================================================================================
SM 2755 2123 0 497 3.26 0.0 224.4 M 95
================================================================================
AV 91.8 70.8 7.5 FASTST M M 3 MAX(MPH)
MISC ----> # 28 130 # 40 150
================================================================================
NOTES:
# LAST OF SEVERAL OCCURRENCES
COLUMN 17 PEAK WIND IN M.P.H.
PRELIMINARY LOCAL CLIMATOLOGICAL DATA (WS FORM: F-6) , PAGE 2
STATION: COTULLA
MONTH: SEPTEMBER
YEAR: 2020
LATITUDE: 28 27 N
LONGITUDE: 99 13 W
[TEMPERATURE DATA] [PRECIPITATION DATA] SYMBOLS USED IN COLUMN 16
AVERAGE MONTHLY: 81.3 TOTAL FOR MONTH: 3.26 1 = FOG OR MIST
DPTR FM NORMAL: 0.6 DPTR FM NORMAL: -0.16 2 = FOG REDUCING VISIBILITY
HIGHEST: 105 ON 1 GRTST 24HR 1.16 ON 8- 8 TO 1/4 MILE OR LESS
LOWEST: 50 ON 30 3 = THUNDER
SNOW, ICE PELLETS, HAIL 4 = ICE PELLETS
TOTAL MONTH: 0.0 INCH 5 = HAIL
GRTST 24HR 0.0 6 = FREEZING RAIN OR DRIZZLE
GRTST DEPTH: 0 7 = DUSTSTORM OR SANDSTORM:
VSBY 1/2 MILE OR LESS
8 = SMOKE OR HAZE
[NO. OF DAYS WITH] [WEATHER - DAYS WITH] 9 = BLOWING SNOW
X = TORNADO
MAX 32 OR BELOW: 0 0.01 INCH OR MORE: 6
MAX 90 OR ABOVE: 22 0.10 INCH OR MORE: 4
MIN 32 OR BELOW: 0 0.50 INCH OR MORE: 3
MIN 0 OR BELOW: 0 1.00 INCH OR MORE: 2
[HDD (BASE 65) ]
TOTAL THIS MO. 0 CLEAR (SCALE 0-3) 19
DPTR FM NORMAL -1 PTCLDY (SCALE 4-7) 8
TOTAL FM JUL 1 0 CLOUDY (SCALE 8-10) 3
DPTR FM NORMAL -1
[CDD (BASE 65) ]
TOTAL THIS MO. 497
DPTR FM NORMAL 27 [PRESSURE DATA]
TOTAL FM JAN 1 3818 HIGHEST SLP 30.26 ON 29
DPTR FM NORMAL 512 LOWEST SLP 29.63 ON 27
[REMARKS]
#FINAL-09-20#