000
CDUS41 KCLE 230545
CLICAK


CLIMATE REPORT
NATIONAL WEATHER SERVICE CLEVELAND OH
145 AM EDT WED MAY 23 2018


...................................

...THE AKRON CANTON OH CLIMATE SUMMARY FOR MAY 22 2018...

CLIMATE NORMAL PERIOD 1981 TO 2010
CLIMATE RECORD PERIOD 1887 TO 2018


WEATHER ITEM   OBSERVED TIME   RECORD YEAR NORMAL DEPARTURE LAST
                VALUE   (LST)  VALUE       VALUE  FROM      YEAR
                                                  NORMAL
..................................................................
TEMPERATURE (F)
 YESTERDAY
  MAXIMUM         81    307 PM  91    1941  71     10       67
  MINIMUM         63   1120 PM  34    2002  50     13       53
                                      1935
                                      1895
  AVERAGE         72                        61     11       60

PRECIPITATION (IN)
  YESTERDAY        0.17                      0.14   0.03     0.07
  MONTH TO DATE    3.51                      2.99   0.52     5.79
  SINCE MAR 1     12.16                      9.52   2.64    15.90
  SINCE JAN 1     19.71                     14.44   5.27    24.41

SNOWFALL (IN)
  YESTERDAY        0.0                       0.0    0.0      0.0
  MONTH TO DATE    0.0                       0.1   -0.1      0.0
  SINCE MAR 1     15.1                      11.0    4.1     16.0
  SINCE JUL 1     53.3                      47.5    5.8     37.2
  SNOW DEPTH       0

DEGREE DAYS
 HEATING
  YESTERDAY        0                         6     -6        5
  MONTH TO DATE   28                       182   -154      181
  SINCE MAR 1   1576                      1514     62     1259
  SINCE JUL 1   5722                      6058   -336     4859

 COOLING
  YESTERDAY        7                         2      5        0
  MONTH TO DATE   53                        17     36       26
  SINCE MAR 1     61                        23     38       48
  SINCE JAN 1     64                        23     41       50
..................................................................


WIND (MPH)
  HIGHEST WIND SPEED    30   HIGHEST WIND DIRECTION    NW (320)
  HIGHEST GUST SPEED    37   HIGHEST GUST DIRECTION    NW (330)
  AVERAGE WIND SPEED     7.6


SKY COVER
  POSSIBLE SUNSHINE  MM
  AVERAGE SKY COVER 0.9


WEATHER CONDITIONS
 THE FOLLOWING WEATHER WAS RECORDED YESTERDAY.
  THUNDERSTORM
  LIGHT RAIN
  FOG
  HAZE


RELATIVE HUMIDITY (PERCENT)
 HIGHEST    93           100 AM
 LOWEST     58           300 PM
 AVERAGE    76

..........................................................


THE AKRON CANTON OH CLIMATE NORMALS FOR TODAY
                         NORMAL    RECORD    YEAR
 MAXIMUM TEMPERATURE (F)   71        92      1991
 MINIMUM TEMPERATURE (F)   51        32      1967


SUNRISE AND SUNSET
MAY 23 2018...........SUNRISE   601 AM EDT   SUNSET   844 PM EDT
MAY 24 2018...........SUNRISE   601 AM EDT   SUNSET   845 PM EDT


-  INDICATES NEGATIVE NUMBERS.
R  INDICATES RECORD WAS SET OR TIED.
MM INDICATES DATA IS MISSING.
T  INDICATES TRACE AMOUNT.




$$
