000
CXUS53 KABR 011100
CF6ABR
PRELIMINARY LOCAL CLIMATOLOGICAL DATA (WS FORM: F-6)
STATION: ABERDEEN SD
MONTH: MARCH
YEAR: 2024
LATITUDE: 45 27 N
LONGITUDE: 98 26 W
TEMPERATURE IN F: :PCPN: SNOW: WIND :SUNSHINE: SKY :PK WND
================================================================================
1 2 3 4 5 6A 6B 7 8 9 10 11 12 13 14 15 16 17 18
12Z AVG MX 2MIN
DY MAX MIN AVG DEP HDD CDD WTR SNW DPTH SPD SPD DIR MIN PSBL S-S WX SPD DR
================================================================================
1 69 33 51 28 14 0 0.00 0.0 0 11.6 25 360 M M 0 33 10
2 48 29 39 15 26 0 0.00 0.0 0 13.2 23 30 M M 1 29 50
3 45 25 35 11 30 0 0.00 0.0 0 15.4 32 270 M M 2 49 290
4 37 20 29 4 36 0 0.00 0.0 0 6.7 20 270 M M 1 24 280
5 47 20 34 9 31 0 T T 0 11.9 24 170 M M 5 30 160
6 57 19 38 12 27 0 0.00 0.0 0 13.6 35 190 M M 7 47 190
7 40 12 26 0 39 0 0.00 0.0 0 7.8 18 360 M M 1 23 10
8 48 11 30 3 35 0 0.00 0.0 0 8.3 20 330 M M 0 27 330
9 50 16 33 6 32 0 0.00 0.0 0 5.5 12 350 M M 0 15 350
10 63 21 42 14 23 0 0.00 0.0 0 10.4 18 190 M M 0 30 160
11 72 22 47 19 18 0 0.00 0.0 0 8.8 23 330 M M 0 31 330
12 65 22 44 15 21 0 0.00 0.0 0 5.9 14 340 M M 0 20 330
13 63 37 50 21 15 0 0.00 0.0 0 14.0 26 110 M M 4 38 80
14 56 34 45 15 20 0 0.00 0.0 0 14.8 22 360 M M 6 32 30
15 59 22 41 11 24 0 0.00 0.0 0 13.5 26 240 M M 4 18 36 250
16 48 27 38 7 27 0 T T 0 20.0 32 340 M M 3 18 43 340
17 33 19 26 -5 39 0 T T T 18.2 28 350 M M 9 36 350
18 49 10 30 -2 35 0 0.00 0.0 0 11.0 25 220 M M 0 1 36 220
19 57 25 41 9 24 0 0.00 0.0 0 13.8 24 350 M M 2 34 340
20 29 14 22 -11 43 0 T T 0 8.7 21 30 M M 5 28 20
21 30 21 26 -7 39 0 0.38 4.3 T 13.0 20 90 M M 10 12 26 100
22 29 4 17 -17 48 0 T T 4 8.9 16 360 M M 6 1 21 30
23 27 0 14 -20 51 0 0.04 0.5 3 5.8 15 90 M M 8 8 20 90
24 30 26 28 -6 37 0 0.16 3.3 3 18.0 28 60 M M 10 12 36 30
25 28 22 25 -10 40 0 0.01 0.2 5 25.1 32 20 M M 10 189 45 20
26 26 13 20 -16 45 0 T T 5 21.2 29 330 M M 7 8 39 340
27 30 8 19 -17 46 0 0.00 0.0 4 9.1 17 310 M M 0 23 310
28 42 4 23 -13 42 0 0.00 0.0 3 7.0 14 70 M M 0 18 90
29 46 31 39 2 26 0 T 0.0 T 9.3 20 330 M M 7 25 340
30 43 33 38 1 27 0 0.00 0.0 T 7.8 17 330 M M 10 23 350
31 40 32 36 -2 29 0 0.01 T 0 8.8 16 60 M M 10 18 23 60
================================================================================
SM 1406 632 989 0 0.60 8.3 367.1 M 128
================================================================================
AV 45.4 20.4 11.8 FASTST M M 4 MAX(MPH)
MISC ----> 35 190 49 290
================================================================================
NOTES:
# LAST OF SEVERAL OCCURRENCES
COLUMN 17 PEAK WIND IN M.P.H.
PRELIMINARY LOCAL CLIMATOLOGICAL DATA (WS FORM: F-6) , PAGE 2
STATION: ABERDEEN SD
MONTH: MARCH
YEAR: 2024
LATITUDE: 45 27 N
LONGITUDE: 98 26 W
[TEMPERATURE DATA] [PRECIPITATION DATA] SYMBOLS USED IN COLUMN 16
AVERAGE MONTHLY: 32.9 TOTAL FOR MONTH: 0.60 1 = FOG OR MIST
DPTR FM NORMAL: 2.4 DPTR FM NORMAL: -0.29 2 = FOG REDUCING VISIBILITY
HIGHEST: 72 ON 11 GRTST 24HR 0.38 ON 21-21 TO 1/4 MILE OR LESS
LOWEST: 0 ON 23 3 = THUNDER
SNOW, ICE PELLETS, HAIL 4 = ICE PELLETS
TOTAL MONTH: 8.3 INCHES 5 = HAIL
GRTST 24HR 4.3 ON 21-21 6 = FREEZING RAIN OR DRIZZLE
GRTST DEPTH: 5 ON 26,25 7 = DUSTSTORM OR SANDSTORM:
VSBY 1/2 MILE OR LESS
8 = SMOKE OR HAZE
[NO. OF DAYS WITH] [WEATHER - DAYS WITH] 9 = BLOWING SNOW
X = TORNADO
MAX 32 OR BELOW: 8 0.01 INCH OR MORE: 5
MAX 90 OR ABOVE: 0 0.10 INCH OR MORE: 2
MIN 32 OR BELOW: 27 0.50 INCH OR MORE: 0
MIN 0 OR BELOW: 1 1.00 INCH OR MORE: 0
[HDD (BASE 65) ]
TOTAL THIS MO. 989 CLEAR (SCALE 0-3) 14
DPTR FM NORMAL -79 PTCLDY (SCALE 4-7) 10
TOTAL FM JUL 1 6092 CLOUDY (SCALE 8-10) 7
DPTR FM NORMAL -1191
[CDD (BASE 65) ]
TOTAL THIS MO. 0
DPTR FM NORMAL 0 [PRESSURE DATA]
TOTAL FM JAN 1 0 HIGHEST SLP 30.47 ON 22
DPTR FM NORMAL 0 LOWEST SLP 29.25 ON 3
[REMARKS]
#FINAL-03-24#