000
CXUS55 KGJT 011812
CF6ASE
PRELIMINARY LOCAL CLIMATOLOGICAL DATA (WS FORM: F-6)
STATION: ASPEN CO
MONTH: MARCH
YEAR: 2022
LATITUDE: 39 13 N
LONGITUDE: 106 52 W
TEMPERATURE IN F: :PCPN: SNOW: WIND :SUNSHINE: SKY :PK WND
================================================================================
1 2 3 4 5 6A 6B 7 8 9 10 11 12 13 14 15 16 17 18
12Z AVG MX 2MIN
DY MAX MIN AVG DEP HDD CDD WTR SNW DPTH SPD SPD DIR MIN PSBL S-S WX SPD DR
================================================================================
1 49 11 30 1 35 0 0.00 M M 4.7 10 190 M M 0 13 190
2 53 17 35 6 30 0 0.00 M M 5.6 10 210 M M 0 16 210
3 55 18 37 8 28 0 0.00 M M 5.6 13 210 M M 0 16 180
4 50 25 38 8 27 0 0.01 M M 5.5 22 300 M M 5 18 32 290
5 39 26 33 3 32 0 0.09 M M 4.0 14 340 M M 9 18 20 350
6 31 18 25 -5 40 0 0.05 M M 5.8 18 350 M M 9 128 26 340
7 22 7 15 -16 50 0 0.07 M M 5.7 13 360 M M 10 18 18 240
8 28 -1 14 -17 51 0 T M M 4.0 12 140 M M 5 1 16 150
9 36 17 27 -4 38 0 0.13 M M 5.1 20 350 M M 9 18 31 350
10 23 -1 11 -21 54 0 T M M 5.8 18 340 M M 7 18 29 350
11 25 -10 8 -24 57 0 T M M 5.6 13 10 M M 4 21 40
12 42 6 24 -8 41 0 0.00 M M 4.5 12 330 M M 2 16 310
13 46 13 30 -3 35 0 0.24 M M 6.0 16 210 M M 3 1 27 350
14 41 22 32 -1 33 0 0.01 M M 4.8 17 290 M M 4 18 22 290
15 49 12 31 -2 34 0 0.00 M M 5.7 14 330 M M 0 18 320
16 47 23 35 1 30 0 0.17 M M 6.0 18 330 M M 6 18 25 330
17 38 18 28 -6 37 0 0.03 M M 4.8 15 340 M M 8 18 22 330
18 40 12 26 -8 39 0 0.00 M M 7.7 14 330 M M 0 20 340
19 48 17 33 -2 32 0 0.00 M M 5.8 12 200 M M 0 17 280
20 50 31 41 6 24 0 0.00 M M 9.2 24 180 M M 3 31 170
21 39 19 29 -6 36 0 0.04 M M 6.2 14 300 M M 8 18 22 320
22 34 16 25 -10 40 0 T M M 6.5 22 320 M M 8 8 27 310
23 42 13 28 -8 37 0 0.00 M M 5.8 16 330 M M 1 23 330
24 51 18 35 -1 30 0 0.00 M M 5.6 15 330 M M 0 25 350
25 54 27 41 5 24 0 T M M 7.3 16 360 M M 1 24 330
26 63 31 47 11 18 0 0.00 M M 7.1 17 350 M M 2 26 350
27 64 32 48 11 17 0 0.00 M M 6.7 16 230 M M 0 23 310
28 61 32 47 10 18 0 0.00 M M 6.0 17 160 M M 1 22 250
29 45 32 39 2 26 0 0.22 M M 4.7 18 350 M M 9 18 25 350
30 37 25 31 -7 34 0 0.01 M M 8.6 24 320 M M 8 1 40 330
31 51 19 35 -3 30 0 0.04 M M 4.9 15 340 M M 2 1 20 340
================================================================================
SM 1353 545 1057 0 1.11 M 181.3 M 124
================================================================================
AV 43.6 17.6 5.8 FASTST M M 4 MAX(MPH)
MISC ----> # 24 180 40 330
================================================================================
NOTES:
# LAST OF SEVERAL OCCURRENCES
COLUMN 17 PEAK WIND IN M.P.H.
PRELIMINARY LOCAL CLIMATOLOGICAL DATA (WS FORM: F-6) , PAGE 2
STATION: ASPEN CO
MONTH: MARCH
YEAR: 2022
LATITUDE: 39 13 N
LONGITUDE: 106 52 W
[TEMPERATURE DATA] [PRECIPITATION DATA] SYMBOLS USED IN COLUMN 16
AVERAGE MONTHLY: 30.6 TOTAL FOR MONTH: 1.11 1 = FOG OR MIST
DPTR FM NORMAL: -2.9 DPTR FM NORMAL: 0.08 2 = FOG REDUCING VISIBILITY
HIGHEST: 64 ON 27 GRTST 24HR 0.25 ON 13-14 TO 1/4 MILE OR LESS
LOWEST: -10 ON 11 3 = THUNDER
SNOW, ICE PELLETS, HAIL 4 = ICE PELLETS
TOTAL MONTH: M 5 = HAIL
GRTST 24HR M ON M 6 = FREEZING RAIN OR DRIZZLE
GRTST DEPTH: M ON M 7 = DUSTSTORM OR SANDSTORM:
VSBY 1/2 MILE OR LESS
8 = SMOKE OR HAZE
[NO. OF DAYS WITH] [WEATHER - DAYS WITH] 9 = BLOWING SNOW
X = TORNADO
MAX 32 OR BELOW: 5 0.01 INCH OR MORE: 13
MAX 90 OR ABOVE: 0 0.10 INCH OR MORE: 4
MIN 32 OR BELOW: 31 0.50 INCH OR MORE: 0
MIN 0 OR BELOW: 3 1.00 INCH OR MORE: 0
[HDD (BASE 65) ]
TOTAL THIS MO. 1057 CLEAR (SCALE 0-3) 16
DPTR FM NORMAL 80 PTCLDY (SCALE 4-7) 8
TOTAL FM JUL 1 6596 CLOUDY (SCALE 8-10) 7
DPTR FM NORMAL -198
[CDD (BASE 65) ]
TOTAL THIS MO. 0
DPTR FM NORMAL 0 [PRESSURE DATA]
TOTAL FM JAN 1 0 HIGHEST SLP 30.53 ON 1
DPTR FM NORMAL 0 LOWEST SLP 29.40 ON 29
[REMARKS]
#FINAL-03-22#