000
CXUS55 KBYZ 012359
CF6BIL
PRELIMINARY LOCAL CLIMATOLOGICAL DATA (WS FORM: F-6)
STATION: BILLINGS MT
MONTH: JULY
YEAR: 2022
LATITUDE: 45 47 N
LONGITUDE: 108 32 W
TEMPERATURE IN F: :PCPN: SNOW: WIND :SUNSHINE: SKY :PK WND
================================================================================
1 2 3 4 5 6A 6B 7 8 9 10 11 12 13 14 15 16 17 18
12Z AVG MX 2MIN
DY MAX MIN AVG DEP HDD CDD WTR SNW DPTH SPD SPD DIR MIN PSBL S-S WX SPD DR
================================================================================
1 86 55 71 1 0 6 T 0.0 0 6.4 30 360 M M 4 3 36 360
2 88 58 73 3 0 8 T 0.0 0 6.6 23 50 M M 5 3 28 10
3 84 60 72 2 0 7 0.03 0.0 0 8.5 41 310 M M 5 3 53 310
4 80 57 69 -1 0 4 0.08 0.0 0 9.9 38 80 M M 5 13 47 60
5 82 58 70 -1 0 5 0.06 0.0 0 6.6 24 330 M M 6 13 30 280
6 88 61 75 4 0 10 T 0.0 0 8.6 36 80 M M 4 41 80
7 87 58 73 1 0 8 T 0.0 0 6.9 22 60 M M 5 27 40
8 96 63 80 8 0 15 0.00 0.0 0 8.6 20 320 M M 5 3 25 310
9 93 65 79 7 0 14 0.00 0.0 0 7.4 32 340 M M 4 40 340
10 87 59 73 1 0 8 0.07 0.0 0 8.0 25 350 M M 4 3 31 360
11 83 56 70 -3 0 5 0.00 0.0 0 6.2 15 280 M M 1 20 280
12 91 57 74 1 0 9 0.00 0.0 0 5.9 15 120 M M 1 20 130
13 100 61 81 8 0 16 0.02 0.0 0 8.8 35 330 M M 4 3 43 330
14 93 65 79 5 0 14 0.04 T 0 8.1 33 240 M M 4 35 56 240
15 97 62 80 6 0 15 0.31 0.0 0 8.6 51 320 M M 5 3 61 320
16 95 61 78 4 0 13 0.00 0.0 0 7.3 16 240 M M 2 25 170
17 103 64 84 10 0 19 T 0.0 0 9.5 36 270 M M 4 3 52 270
18 98 66 82 8 0 17 T 0.0 0 15.5 38 310 M M 6 3 47 300
19 90 62 76 2 0 11 0.00 0.0 0 15.7 32 290 M M 1 43 290
20 96 63 80 5 0 15 0.00 0.0 0 11.6 22 320 M M 1 29 280
21 95 62 79 4 0 14 0.00 0.0 0 10.5 21 330 M M 1 29 310
22 99 62 81 6 0 16 T 0.0 0 12.5 28 10 M M 4 35 20
23 87 64 76 1 0 11 0.00 0.0 0 8.1 22 10 M M 2 29 10
24 93 53 73 -2 0 8 1.50 T 0 12.2 55 360 M M 4 135 69 10
25 87 57 72 -3 0 7 T 0.0 0 7.1 21 20 M M 6 26 20
26 82 61 72 -3 0 7 0.07 0.0 0 4.9 10 70 M M 5 13 14 70
27 85 62 74 -1 0 9 0.00 0.0 0 8.0 28 70 M M 4 34 70
28 87 58 73 -2 0 8 0.00 0.0 0 5.1 12 100 M M 1 14 60
29 94 60 77 2 0 12 T 0.0 0 7.5 36 270 M M 3 3 44 270
30 98 70 84 9 0 19 0.00 0.0 0 11.1 24 280 M M 2 30 300
31 96 63 80 5 0 15 0.00 0.0 0 6.7 13 240 M M 2 15 120
================================================================================
SM 2820 1883 0 345 2.18 T 268.4 M 110
================================================================================
AV 91.0 60.7 8.7 FASTST M M 4 MAX(MPH)
MISC ----> 55 360 69 10
================================================================================
NOTES:
# LAST OF SEVERAL OCCURRENCES
COLUMN 17 PEAK WIND IN M.P.H.
PRELIMINARY LOCAL CLIMATOLOGICAL DATA (WS FORM: F-6) , PAGE 2
STATION: BILLINGS MT
MONTH: JULY
YEAR: 2022
LATITUDE: 45 47 N
LONGITUDE: 108 32 W
[TEMPERATURE DATA] [PRECIPITATION DATA] SYMBOLS USED IN COLUMN 16
AVERAGE MONTHLY: 75.9 TOTAL FOR MONTH: 2.18 1 = FOG OR MIST
DPTR FM NORMAL: 2.6 DPTR FM NORMAL: 0.96 2 = FOG REDUCING VISIBILITY
HIGHEST: 103 ON 17 GRTST 24HR 1.50 ON 24-24 TO 1/4 MILE OR LESS
LOWEST: 53 ON 24 3 = THUNDER
SNOW, ICE PELLETS, HAIL 4 = ICE PELLETS
TOTAL MONTH: T 5 = HAIL
GRTST 24HR T ON 14-14 6 = FREEZING RAIN OR DRIZZLE
GRTST DEPTH: 0 7 = DUSTSTORM OR SANDSTORM:
VSBY 1/2 MILE OR LESS
8 = SMOKE OR HAZE
[NO. OF DAYS WITH] [WEATHER - DAYS WITH] 9 = BLOWING SNOW
X = TORNADO
MAX 32 OR BELOW: 0 0.01 INCH OR MORE: 9
MAX 90 OR ABOVE: 17 0.10 INCH OR MORE: 2
MIN 32 OR BELOW: 0 0.50 INCH OR MORE: 1
MIN 0 OR BELOW: 0 1.00 INCH OR MORE: 1
[HDD (BASE 65) ]
TOTAL THIS MO. 0 CLEAR (SCALE 0-3) 10
DPTR FM NORMAL -12 PTCLDY (SCALE 4-7) 21
TOTAL FM JUL 1 0 CLOUDY (SCALE 8-10) 0
DPTR FM NORMAL -9
[CDD (BASE 65) ]
TOTAL THIS MO. 345
DPTR FM NORMAL 76 [PRESSURE DATA]
TOTAL FM JAN 1 422 HIGHEST SLP 30.22 ON 11
DPTR FM NORMAL 57 LOWEST SLP 29.53 ON 18
[REMARKS]
#FINAL-07-22#