000
CXUS54 KMAF 012319
CF6GDP
PRELIMINARY LOCAL CLIMATOLOGICAL DATA (WS FORM: F-6)
STATION: GUADALUPE PASS
MONTH: JANUARY
YEAR: 2023
LATITUDE: 31 49 N
LONGITUDE: 104 48 W
TEMPERATURE IN F: :PCPN: SNOW: WIND :SUNSHINE: SKY :PK WND
================================================================================
1 2 3 4 5 6A 6B 7 8 9 10 11 12 13 14 15 16 17 18
12Z AVG MX 2MIN
DY MAX MIN AVG DEP HDD CDD WTR SNW DPTH SPD SPD DIR MIN PSBL S-S WX SPD DR
================================================================================
1 60 42 51 9 14 0 0.00 M M 19.1 32 240 M M 0 43 240
2 55 35 45 3 20 0 0.00 M M 34.4 54 270 M M 0 75 290
3 50 32 41 -1 24 0 0.00 M M 35.2 54 260 M M 0 72 260
4 55 34 45 3 20 0 0.00 M M 25.7 49 260 M M 0 64 260
5 62 37 50 8 15 0 0.00 M M 15.4 28 240 M M 0 36 250
6 65 47 56 14 9 0 0.00 M M 17.3 39 250 M M 0 49 260
7 51 39 45 3 20 0 0.00 M M 11.4 33 230 M M 0 43 230
8 61 38 50 8 15 0 0.00 M M 10.8 23 230 M M 0 29 240
9 59 42 51 9 14 0 0.00 M M 14.9 23 230 M M 0 30 230
10 M M M M M M 0.00 M M M M M M M 0 M M
11 M M M M M M 0.00 M M M M M M M 0 M M
12 49 39 44 2 21 0 0.00 M M 11.8 21 80 M M 0 24 80
13 59 34 47 4 18 0 0.00 M M 16.1 28 240 M M 0 35 240
14 66 40 53 10 12 0 0.00 M M 20.5 38 250 M M 0 47 250
15 62 48 55 12 10 0 0.00 M M 39.5 60 250 M M 4 79 240
16 49 43 46 3 19 0 T M M 37.7 56 260 M M 9 72 250
17 54 42 48 5 17 0 0.03 M M 23.1 39 240 M M 9 61 240
18 46 30 38 -5 27 0 0.00 M M 34.8 61 250 M M 1 77 240
19 35 33 34 -9 31 0 0.00 M M 32.2 32 250 M M 0 47 260
20 M M M M M M 0.00 M M M M M M M 0 M M
21 M M M M M M 0.00 M M M M M M M 0 M M
22 M M M M M M 0.00 M M M M M M M 0 M M
23 M M M M M M 0.00 M M M M M M M 0 M M
24 M M M M M M 0.00 M M M M M M M 0 M M
25 M M M M M M M M M M M M M M 0 M M
26 M M M M M M M M M M M M M M M M M
27 M M M M M M M M M M M M M M M M M
28 M M M M M M M M M M M M M M M M M
29 M M M M M M M M M M M M M M M M M
30 M M M M M M M M M M M M M M M M M
31 M M M M M M M M M M M M M M M M M
================================================================================
SM 938 655 306 0 0.03 M 399.9 M 23
================================================================================
AV 55.2 38.5 23.5 FASTST M M 1 MAX(MPH)
MISC ----> 61 250 79 240
================================================================================
NOTES:
# LAST OF SEVERAL OCCURRENCES
COLUMN 17 PEAK WIND IN M.P.H.
PRELIMINARY LOCAL CLIMATOLOGICAL DATA (WS FORM: F-6) , PAGE 2
STATION: GUADALUPE PASS
MONTH: JANUARY
YEAR: 2023
LATITUDE: 31 49 N
LONGITUDE: 104 48 W
[TEMPERATURE DATA] [PRECIPITATION DATA] SYMBOLS USED IN COLUMN 16
AVERAGE MONTHLY: 46.9 TOTAL FOR MONTH: 0.03 1 = FOG OR MIST
DPTR FM NORMAL: 3.8 DPTR FM NORMAL: -0.27 2 = FOG REDUCING VISIBILITY
HIGHEST: 66 ON 14 GRTST 24HR 0.11 ON 23-24 TO 1/4 MILE OR LESS
LOWEST: 30 ON 18 3 = THUNDER
SNOW, ICE PELLETS, HAIL 4 = ICE PELLETS
TOTAL MONTH: M 5 = HAIL
GRTST 24HR M ON M 6 = FREEZING RAIN OR DRIZZLE
GRTST DEPTH: M ON M 7 = DUSTSTORM OR SANDSTORM:
VSBY 1/2 MILE OR LESS
8 = SMOKE OR HAZE
[NO. OF DAYS WITH] [WEATHER - DAYS WITH] 9 = BLOWING SNOW
X = TORNADO
MAX 32 OR BELOW: 0 0.01 INCH OR MORE: 1
MAX 90 OR ABOVE: 0 0.10 INCH OR MORE: 0
MIN 32 OR BELOW: 2 0.50 INCH OR MORE: 0
MIN 0 OR BELOW: 0 1.00 INCH OR MORE: 0
[HDD (BASE 65) ]
TOTAL THIS MO. 306 CLEAR (SCALE 0-3) 22
DPTR FM NORMAL -374 PTCLDY (SCALE 4-7) 1
TOTAL FM JUL 1 697 CLOUDY (SCALE 8-10) 8
DPTR FM NORMAL -1272
[CDD (BASE 65) ]
TOTAL THIS MO. 0
DPTR FM NORMAL 0 [PRESSURE DATA]
TOTAL FM JAN 1 0 HIGHEST SLP M ON M
DPTR FM NORMAL 0 LOWEST SLP 29.54 ON 15
[REMARKS]
#FINAL-01-23#