000
CXUS55 KGJT 020151
CF6GJT
PRELIMINARY LOCAL CLIMATOLOGICAL DATA (WS FORM: F-6)
STATION: GRAND JUNCTION CO
MONTH: NOVEMBER
YEAR: 2023
LATITUDE: 39 7 N
LONGITUDE: 108 32 W
TEMPERATURE IN F: :PCPN: SNOW: WIND :SUNSHINE: SKY :PK WND
================================================================================
1 2 3 4 5 6A 6B 7 8 9 10 11 12 13 14 15 16 17 18
12Z AVG MX 2MIN
DY MAX MIN AVG DEP HDD CDD WTR SNW DPTH SPD SPD DIR MIN PSBL S-S WX SPD DR
================================================================================
1 54 25 40 -6 25 0 0.00 0.0 0 5.4 14 110 M M 0 15 110
2 61 26 44 -2 21 0 0.00 0.0 0 4.7 13 110 M M 1 15 110
3 64 34 49 4 16 0 0.00 0.0 0 4.2 13 120 M M 1 14 120
4 68 34 51 6 14 0 0.00 0.0 0 6.1 18 140 M M 0 22 130
5 64 41 53 9 12 0 0.00 0.0 0 6.3 16 100 M M 0 22 140
6 73 44 59 15 6 0 0.00 0.0 0 7.4 17 110 M M 0 20 110
7 72 44 58 14 7 0 0.00 0.0 0 7.4 25 260 M M 1 37 190
8 53 34 44 1 21 0 T 0.0 0 7.2 20 80 M M 4 24 30
9 53 26 40 -3 25 0 0.00 0.0 0 4.5 16 40 M M 0 23 80
10 54 26 40 -2 25 0 0.00 0.0 0 7.3 20 130 M M 0 23 130
11 55 19 37 -5 28 0 0.00 0.0 0 3.6 14 100 M M 0 16 110
12 59 27 43 2 22 0 0.00 0.0 0 5.9 14 90 M M 0 17 150
13 60 22 41 0 24 0 0.00 0.0 0 4.5 13 110 M M 0 15 290
14 63 28 46 6 19 0 0.00 0.0 0 5.5 14 100 M M 0 17 90
15 64 35 50 10 15 0 0.00 0.0 0 6.7 15 110 M M 0 17 120
16 59 40 50 11 15 0 0.17 0.0 0 5.0 20 300 M M 7 1 24 290
17 62 38 50 11 15 0 0.00 0.0 0 5.8 13 120 M M 2 15 120
18 57 37 47 9 18 0 T 0.0 0 8.4 20 80 M M 4 24 90
19 53 41 47 9 18 0 0.10 0.0 0 6.0 20 10 M M 9 1 27 20
20 53 33 43 5 22 0 0.00 0.0 0 7.5 20 10 M M 2 25 10
21 52 28 40 3 25 0 0.00 0.0 0 4.8 13 120 M M 0 8 15 120
22 52 24 38 1 27 0 0.00 0.0 0 4.3 13 100 M M 0 18 14 90
23 46 26 36 0 29 0 0.00 0.0 0 2.8 13 100 M M 2 15 110
24 46 31 39 3 26 0 0.35 1.8 0 6.1 16 310 M M 9 1 20 320
25 32 15 24 -11 41 0 0.09 1.7 3 5.7 12 30 M M 5 1 15 300
26 35 12 24 -11 41 0 0.00 0.0 2 3.0 9 30 M M 0 12 80
27 35 13 24 -10 41 0 0.00 0.0 1 3.5 8 150 M M 0 12 160
28 37 15 26 -8 39 0 0.00 0.0 1 3.7 7 340 M M 0 9 90
29 37 17 27 -7 38 0 0.00 0.0 T 4.1 8 70 M M 1 10 80
30 38 23 31 -2 34 0 T T T 3.1 13 310 M M 7 16 310
================================================================================
SM 1611 858 709 0 0.71 3.5 160.5 M 55
================================================================================
AV 53.7 28.6 5.4 FASTST M M 2 MAX(MPH)
MISC ----> 25 260 37 190
================================================================================
NOTES:
# LAST OF SEVERAL OCCURRENCES
COLUMN 17 PEAK WIND IN M.P.H.
PRELIMINARY LOCAL CLIMATOLOGICAL DATA (WS FORM: F-6) , PAGE 2
STATION: GRAND JUNCTION CO
MONTH: NOVEMBER
YEAR: 2023
LATITUDE: 39 7 N
LONGITUDE: 108 32 W
[TEMPERATURE DATA] [PRECIPITATION DATA] SYMBOLS USED IN COLUMN 16
AVERAGE MONTHLY: 41.2 TOTAL FOR MONTH: 0.71 1 = FOG OR MIST
DPTR FM NORMAL: 1.6 DPTR FM NORMAL: 0.10 2 = FOG REDUCING VISIBILITY
HIGHEST: 73 ON 6 GRTST 24HR 0.44 ON 24-25 TO 1/4 MILE OR LESS
LOWEST: 12 ON 26 3 = THUNDER
SNOW, ICE PELLETS, HAIL 4 = ICE PELLETS
TOTAL MONTH: 3.5 INCHES 5 = HAIL
GRTST 24HR 1.8 ON 24-24 6 = FREEZING RAIN OR DRIZZLE
GRTST DEPTH: 3 ON 25 7 = DUSTSTORM OR SANDSTORM:
VSBY 1/2 MILE OR LESS
8 = SMOKE OR HAZE
[NO. OF DAYS WITH] [WEATHER - DAYS WITH] 9 = BLOWING SNOW
X = TORNADO
MAX 32 OR BELOW: 1 0.01 INCH OR MORE: 4
MAX 90 OR ABOVE: 0 0.10 INCH OR MORE: 3
MIN 32 OR BELOW: 18 0.50 INCH OR MORE: 0
MIN 0 OR BELOW: 0 1.00 INCH OR MORE: 0
[HDD (BASE 65) ]
TOTAL THIS MO. 709 CLEAR (SCALE 0-3) 23
DPTR FM NORMAL -51 PTCLDY (SCALE 4-7) 5
TOTAL FM JUL 1 1005 CLOUDY (SCALE 8-10) 2
DPTR FM NORMAL -186
[CDD (BASE 65) ]
TOTAL THIS MO. 0
DPTR FM NORMAL 0 [PRESSURE DATA]
TOTAL FM JAN 1 1450 HIGHEST SLP 30.61 ON 28
DPTR FM NORMAL 217 LOWEST SLP 29.60 ON 7
[REMARKS]
#FINAL-11-23#