000
CXUS52 KRAH 020255
CF6GSO
PRELIMINARY LOCAL CLIMATOLOGICAL DATA (WS FORM: F-6)
STATION: GREENSBORO NC
MONTH: SEPTEMBER
YEAR: 2023
LATITUDE: 36 4 N
LONGITUDE: 79 57 W
TEMPERATURE IN F: :PCPN: SNOW: WIND :SUNSHINE: SKY :PK WND
================================================================================
1 2 3 4 5 6A 6B 7 8 9 10 11 12 13 14 15 16 17 18
12Z AVG MX 2MIN
DY MAX MIN AVG DEP HDD CDD WTR SNW DPTH SPD SPD DIR MIN PSBL S-S WX SPD DR
================================================================================
1 80 58 69 -6 0 4 0.00 0.0 0 4.1 13 70 M M 2 16 70
2 84 59 72 -3 0 7 0.00 0.0 0 2.9 8 100 M M 4 13 100
3 90 62 76 1 0 11 0.00 0.0 0 4.7 12 30 M M 1 19 350
4 91 68 80 6 0 15 0.00 0.0 0 2.8 12 360 M M 1 17 330
5 93 69 81 7 0 16 0.00 0.0 0 3.1 14 50 M M 2 17 50
6 95 71 83 9 0 18 0.00 0.0 0 2.1 12 40 M M 2 19 300
7 91 72 82 8 0 17 0.00 0.0 0 4.8 26 210 M M 6 36 210
8 89 66 78 5 0 13 0.00 0.0 0 5.2 16 160 M M 6 24 160
9 79 66 73 0 0 8 0.15 0.0 0 5.8 30 170 M M 7 13 39 160
10 81 65 73 0 0 8 2.09 0.0 0 4.0 13 230 M M 9 13 17 220
11 85 63 74 2 0 9 0.00 0.0 0 1.5 12 310 M M 4 12 16 310
12 88 67 78 6 0 13 2.24 0.0 0 4.5 25 180 M M 8 13 32 170
13 83 65 74 2 0 9 0.00 0.0 0 4.0 10 40 M M 7 1 14 50
14 80 63 72 0 0 7 0.00 0.0 0 8.3 17 70 M M 5 25 50
15 77 57 67 -4 0 2 0.00 0.0 0 5.7 17 50 M M 1 24 60
16 81 56 69 -2 0 4 0.00 0.0 0 5.4 13 220 M M 4 18 260
17 68 62 65 -6 0 0 0.19 0.0 0 6.0 16 210 M M 9 1 22 220
18 78 56 67 -3 0 2 0.00 0.0 0 6.3 15 310 M M 3 22 290
19 79 54 67 -3 0 2 0.00 0.0 0 1.4 9 260 M M 2 12 260
20 81 59 70 0 0 5 0.00 0.0 0 1.7 12 160 M M 7 17 160
21 80 59 70 1 0 5 0.00 0.0 0 5.2 13 40 M M 8 18 40
22 73 58 66 -3 0 1 T 0.0 0 12.8 23 40 M M 7 35 50
23 63 54 59 -10 6 0 0.70 0.0 0 10.0 23 20 M M 10 1 37 360
24 77 57 67 -1 0 2 0.00 0.0 0 5.1 12 240 M M 8 1 17 250
25 79 60 70 2 0 5 0.00 0.0 0 4.6 10 310 M M 7 17 320
26 71 61 66 -2 0 1 0.01 0.0 0 9.2 16 60 M M 10 1 20 60
27 64 58 61 -6 4 0 T 0.0 0 9.8 17 50 M M 10 1 21 60
28 73 57 65 -2 0 0 0.00 0.0 0 6.3 15 60 M M 6 21 50
29 77 59 68 2 0 3 0.00 0.0 0 5.0 13 50 M M 5 16 40
30 77 58 68 2 0 3 0.00 0.0 0 4.2 12 60 M M 5 16 80
================================================================================
SM 2407 1839 10 190 5.38 0.0 156.5 M 166
================================================================================
AV 80.2 61.3 5.2 FASTST M M 6 MAX(MPH)
MISC ----> 30 170 39 160
================================================================================
NOTES:
# LAST OF SEVERAL OCCURRENCES
COLUMN 17 PEAK WIND IN M.P.H.
PRELIMINARY LOCAL CLIMATOLOGICAL DATA (WS FORM: F-6) , PAGE 2
STATION: GREENSBORO NC
MONTH: SEPTEMBER
YEAR: 2023
LATITUDE: 36 4 N
LONGITUDE: 79 57 W
[TEMPERATURE DATA] [PRECIPITATION DATA] SYMBOLS USED IN COLUMN 16
AVERAGE MONTHLY: 70.8 TOTAL FOR MONTH: 5.38 1 = FOG OR MIST
DPTR FM NORMAL: -0.2 DPTR FM NORMAL: 0.79 2 = FOG REDUCING VISIBILITY
HIGHEST: 95 ON 6 GRTST 24HR 2.24 ON 12-12 TO 1/4 MILE OR LESS
LOWEST: 54 ON 23,19 3 = THUNDER
SNOW, ICE PELLETS, HAIL 4 = ICE PELLETS
TOTAL MONTH: 0.0 INCH 5 = HAIL
GRTST 24HR 0.0 6 = FREEZING RAIN OR DRIZZLE
GRTST DEPTH: 0 7 = DUSTSTORM OR SANDSTORM:
VSBY 1/2 MILE OR LESS
8 = SMOKE OR HAZE
[NO. OF DAYS WITH] [WEATHER - DAYS WITH] 9 = BLOWING SNOW
X = TORNADO
MAX 32 OR BELOW: 0 0.01 INCH OR MORE: 6
MAX 90 OR ABOVE: 5 0.10 INCH OR MORE: 5
MIN 32 OR BELOW: 0 0.50 INCH OR MORE: 3
MIN 0 OR BELOW: 0 1.00 INCH OR MORE: 2
[HDD (BASE 65) ]
TOTAL THIS MO. 10 CLEAR (SCALE 0-3) 7
DPTR FM NORMAL -12 PTCLDY (SCALE 4-7) 17
TOTAL FM JUL 1 10 CLOUDY (SCALE 8-10) 6
DPTR FM NORMAL -9
[CDD (BASE 65) ]
TOTAL THIS MO. 190
DPTR FM NORMAL -10 [PRESSURE DATA]
TOTAL FM JAN 1 1328 HIGHEST SLP 30.27 ON 1
DPTR FM NORMAL -182 LOWEST SLP 29.75 ON 23
[REMARKS]
#FINAL-09-23#