000
CXUS52 KRAH 220845
CF6GSO
PRELIMINARY LOCAL CLIMATOLOGICAL DATA (WS FORM: F-6)

                                          STATION:   PIEDMONT TRIAD INTL AIRPORT NC
                                          MONTH:     OCTOBER
                                          YEAR:      2020
                                          LATITUDE:   36  4 N
                                          LONGITUDE:  79 57 W

  TEMPERATURE IN F:       :PCPN:    SNOW:  WIND      :SUNSHINE: SKY     :PK WND
================================================================================
1   2   3   4   5  6A  6B    7    8   9   10  11  12  13   14  15   16   17  18
                                     12Z  AVG MX 2MIN
DY MAX MIN AVG DEP HDD CDD  WTR  SNW DPTH SPD SPD DIR MIN PSBL S-S WX    SPD DR
================================================================================

 1  77  51  64   0   1   0    T  0.0    0  4.9 13  10   M    M   5        18  10
 2  68  50  59  -5   6   0    T  0.0    0  5.9 14  10   M    M   5        21  20
 3  68  46  57  -7   8   0 0.00  0.0    0  4.8 12  70   M    M   3        15  60
 4  68  45  57  -6   8   0 0.00  0.0    M  3.8 10  60   M    M   8        14  70
 5  70  50  60  -3   5   0 0.00  0.0    0  5.3 13 320   M    M   2        17 330
 6  74  48  61  -2   4   0 0.00  0.0    0  4.2 14 200   M    M   2        18 210
 7  81  52  67   5   0   2 0.00  0.0    0  7.6 16 240   M    M   1 1      20 240
 8  82  56  69   7   0   4 0.00  0.0    0  4.6 13 320   M    M   2        18 320
 9  69  54  62   0   3   0 0.00  0.0    0  5.2 13  50   M    M   9        16  60
10  67  61  64   3   1   0 0.99  0.0    M  3.9 13 210   M    M  10 1      19  60
11  66  62  64   3   1   0 1.37  0.0    M  8.8 16 100   M    M  10 1      22 100
12  69  63  66   5   0   1 0.01  0.0    0  6.0 10  50   M    M  10 1      12  40
13  80  51  66   6   0   1    T  0.0    0  5.5 16 320   M    M   6 12     20 330
14  74  45  60   0   5   0 0.00  0.0    0  3.1  9 180   M    M   1        12 190
15  75  53  64   4   1   0 0.09  0.0    0  7.9 15 230   M    M   7 1      21 220
16  68  50  59   0   6   0 0.05  0.0    0  5.6 14 360   M    M   9 1      20 360
17  62  44  53  -6  12   0 0.00  0.0    0  5.4 15  60   M    M   5        21  30
18  65  40  53  -6  12   0 0.00  0.0    0  2.7 10  80   M    M   2        13  70
19  72  44  58   0   7   0 0.00  0.0    0  1.7  8 260   M    M   5        10 170
20  77  48  63   5   2   0 0.00  0.0    0  2.1  9 220   M    M   6 2      13 270
21  80  60  70  12   0   5    T  0.0    0  2.6  9 180   M    M   8        13 170
================================================================================
SM 1512 1073        82  13  2.51  0.0    101.6          M      116
================================================================================
AV 72.0 51.1                               4.8 FASTST   M    M   6    MAX(MPH)
                                 MISC ---->  # 16 240                 22 100
================================================================================
NOTES:
# LAST OF SEVERAL OCCURRENCES

COLUMN 17 PEAK WIND IN M.P.H.

PRELIMINARY LOCAL CLIMATOLOGICAL DATA (WS FORM: F-6) , PAGE 2

                                          STATION:   PIEDMONT TRIAD INTL AIRPORT NC
                                          MONTH:     OCTOBER
                                          YEAR:      2020
                                          LATITUDE:   36  4 N
                                          LONGITUDE:  79 57 W

[TEMPERATURE DATA]      [PRECIPITATION DATA]       SYMBOLS USED IN COLUMN 16

AVERAGE MONTHLY: 61.5   TOTAL FOR MONTH:   2.51    1 = FOG OR MIST
DPTR FM NORMAL:   0.5   DPTR FM NORMAL:    0.40    2 = FOG REDUCING VISIBILITY
HIGHEST:    82 ON  8    GRTST 24HR  2.03 ON 10-11      TO 1/4 MILE OR LESS
LOWEST:     40 ON 18                               3 = THUNDER
                        SNOW, ICE PELLETS, HAIL    4 = ICE PELLETS
                        TOTAL MONTH:   0.0 INCH    5 = HAIL
                        GRTST 24HR  0.0            6 = FREEZING RAIN OR DRIZZLE
                        GRTST DEPTH:  0            7 = DUSTSTORM OR SANDSTORM:
                                                       VSBY 1/2 MILE OR LESS
                                                   8 = SMOKE OR HAZE
[NO. OF DAYS WITH]      [WEATHER - DAYS WITH]      9 = BLOWING SNOW
                                                   X = TORNADO
MAX 32 OR BELOW:   0    0.01 INCH OR MORE:   5
MAX 90 OR ABOVE:   0    0.10 INCH OR MORE:   2
MIN 32 OR BELOW:   0    0.50 INCH OR MORE:   2
MIN  0 OR BELOW:   0    1.00 INCH OR MORE:   1

[HDD (BASE 65) ]
TOTAL THIS MO.    82    CLEAR  (SCALE 0-3)   6
DPTR FM NORMAL   -29    PTCLDY (SCALE 4-7)  10
TOTAL FM JUL 1   131    CLOUDY (SCALE 8-10)  5
DPTR FM NORMAL   -11

[CDD (BASE 65) ]
TOTAL THIS MO.    13
DPTR FM NORMAL   -17    [PRESSURE DATA]
TOTAL FM JAN 1  1485    HIGHEST SLP M ON M
DPTR FM NORMAL     8    LOWEST  SLP 29.82 ON 12

[REMARKS]
