000
CXUS54 KJAN 190918
CF6GWO
PRELIMINARY LOCAL CLIMATOLOGICAL DATA (WS FORM: F-6)
STATION: GREENWOOD
MONTH: MARCH
YEAR: 2023
LATITUDE: 33 30 N
LONGITUDE: 90 5 W
TEMPERATURE IN F: :PCPN: SNOW: WIND :SUNSHINE: SKY :PK WND
================================================================================
1 2 3 4 5 6A 6B 7 8 9 10 11 12 13 14 15 16 17 18
12Z AVG MX 2MIN
DY MAX MIN AVG DEP HDD CDD WTR SNW DPTH SPD SPD DIR MIN PSBL S-S WX SPD DR
================================================================================
1 84 63 74 22 0 9 0.09 0.0 0 8.4 18 20 M M 8 138 26 350
2 69 64 67 15 0 2 0.53 0.0 0 8.6 24 130 M M 8 13 39 330
3 74 57 66 13 0 1 0.34 0.0 0 14.0 35 170 M M 5 1 53 260
4 68 48 58 5 7 0 0.00 0.0 0 3.1 8 340 M M 5 14 340
5 80 44 62 9 3 0 0.00 0.0 0 3.4 13 140 M M 0 16 140
6 81 51 66 12 0 1 0.00 0.0 0 6.0 17 220 M M 1 25 250
7 84 59 72 18 0 7 0.00 0.0 0 3.5 16 90 M M 1 18 22 90
8 69 55 62 8 3 0 1.46 0.0 0 6.1 16 350 M M 7 13 24 350
9 73 56 65 11 0 0 0.43 0.0 0 2.7 8 350 M M 6 13 11 330
10 64 47 56 1 9 0 0.10 0.0 0 7.2 14 360 M M 5 1 24 360
11 70 44 57 2 8 0 0.00 0.0 0 6.7 15 210 M M 5 23 150
12 72 44 58 3 7 0 0.92 0.0 0 9.1 28 220 M M 8 13 39 230
13 54 39 47 -8 18 0 0.00 0.0 0 7.0 15 360 M M 0 23 360
14 55 34 45 -11 20 0 0.00 0.0 0 6.7 14 360 M M 0 20 20
15 61 32 47 -9 18 0 0.00 0.0 0 4.0 13 110 M M 0 17 100
16 75 47 61 5 4 0 0.35 0.0 0 13.5 23 180 M M 4 1 37 190
17 64 40 52 -4 13 0 0.67 0.0 0 9.6 23 160 M M 6 1 30 340
18 55 38 47 -10 18 0 0.00 0.0 0 7.6 15 340 M M 1 24 310
19 44 29 37 -20 28 0 0.00 0.0 0 6.3 15 20 M M 1 23 350
20 58 25 42 -15 23 0 0.00 0.0 0 3.3 14 130 M M 0 19 150
21 69 45 57 -1 8 0 0.00 0.0 0 10.4 20 160 M M 7 30 170
22 81 60 71 13 0 6 T 0.0 0 10.1 22 180 M M 7 28 190
23 83 60 72 14 0 7 0.00 0.0 0 10.7 21 200 M M 1 28 200
24 87 67 77 19 0 12 1.24 0.0 0 14.9 39 190 M M 8 13 53 180
25 81 58 70 12 0 5 T 0.0 0 4.6 14 240 M M 1 1 21 240
26 86 55 71 12 0 6 0.11 0.0 0 2.4 9 110 M M 3 13 12 110
27 78 56 67 8 0 2 0.00 0.0 0 6.9 18 40 M M 2 1 24 50
28 70 48 59 0 6 0 0.00 0.0 0 9.6 22 360 M M 0 36 360
29 70 41 56 -4 9 0 0.00 0.0 0 3.5 14 80 M M 0 19 80
30 81 46 64 4 1 0 0.00 0.0 0 7.9 18 180 M M 3 24 180
31 84 66 75 15 0 10 T 0.0 0 17.0 32 160 M M 6 45 150
================================================================================
SM 2224 1518 203 68 6.24 0.0 234.8 M 109
================================================================================
AV 71.7 49.0 7.6 FASTST M M 4 MAX(MPH)
MISC ----> 39 190 # 53 180
================================================================================
NOTES:
# LAST OF SEVERAL OCCURRENCES
COLUMN 17 PEAK WIND IN M.P.H.
PRELIMINARY LOCAL CLIMATOLOGICAL DATA (WS FORM: F-6) , PAGE 2
STATION: GREENWOOD
MONTH: MARCH
YEAR: 2023
LATITUDE: 33 30 N
LONGITUDE: 90 5 W
[TEMPERATURE DATA] [PRECIPITATION DATA] SYMBOLS USED IN COLUMN 16
AVERAGE MONTHLY: 60.4 TOTAL FOR MONTH: 6.24 1 = FOG OR MIST
DPTR FM NORMAL: 4.3 DPTR FM NORMAL: 1.48 2 = FOG REDUCING VISIBILITY
HIGHEST: 87 ON 24 GRTST 24HR 1.68 ON 8- 9 TO 1/4 MILE OR LESS
LOWEST: 25 ON 20 3 = THUNDER
SNOW, ICE PELLETS, HAIL 4 = ICE PELLETS
TOTAL MONTH: 0.0 INCH 5 = HAIL
GRTST 24HR 0.0 6 = FREEZING RAIN OR DRIZZLE
GRTST DEPTH: 0 7 = DUSTSTORM OR SANDSTORM:
VSBY 1/2 MILE OR LESS
8 = SMOKE OR HAZE
[NO. OF DAYS WITH] [WEATHER - DAYS WITH] 9 = BLOWING SNOW
X = TORNADO
MAX 32 OR BELOW: 0 0.01 INCH OR MORE: 11
MAX 90 OR ABOVE: 0 0.10 INCH OR MORE: 10
MIN 32 OR BELOW: 3 0.50 INCH OR MORE: 5
MIN 0 OR BELOW: 0 1.00 INCH OR MORE: 2
[HDD (BASE 65) ]
TOTAL THIS MO. 203 CLEAR (SCALE 0-3) 14
DPTR FM NORMAL -95 PTCLDY (SCALE 4-7) 17
TOTAL FM JUL 1 1733 CLOUDY (SCALE 8-10) 0
DPTR FM NORMAL -712
[CDD (BASE 65) ]
TOTAL THIS MO. 68
DPTR FM NORMAL 44 [PRESSURE DATA]
TOTAL FM JAN 1 130 HIGHEST SLP 30.53 ON 19
DPTR FM NORMAL 98 LOWEST SLP 29.20 ON 3
[REMARKS]
#FINAL-03-23#