000
CXUS54 KJAN 012028
CF6GWO
PRELIMINARY LOCAL CLIMATOLOGICAL DATA (WS FORM: F-6)
STATION: GREENWOOD
MONTH: AUGUST
YEAR: 2022
LATITUDE: 33 30 N
LONGITUDE: 90 5 W
TEMPERATURE IN F: :PCPN: SNOW: WIND :SUNSHINE: SKY :PK WND
================================================================================
1 2 3 4 5 6A 6B 7 8 9 10 11 12 13 14 15 16 17 18
12Z AVG MX 2MIN
DY MAX MIN AVG DEP HDD CDD WTR SNW DPTH SPD SPD DIR MIN PSBL S-S WX SPD DR
================================================================================
1 92 75 84 2 0 19 0.00 0.0 0 3.9 16 210 M M 1 25 210
2 92 74 83 1 0 18 T 0.0 0 6.9 17 190 M M 1 23 190
3 95 74 85 3 0 20 0.00 0.0 0 5.0 14 180 M M 5 19 180
4 89 75 82 0 0 17 0.00 0.0 0 4.5 9 170 M M 2 13 220
5 94 76 85 3 0 20 0.00 0.0 0 6.2 13 190 M M 1 18 190
6 95 74 85 3 0 20 0.00 0.0 0 4.4 20 210 M M 1 28 210
7 94 73 84 2 0 19 0.00 0.0 0 3.8 10 200 M M 1 15 300
8 96 75 86 4 0 21 T 0.0 0 4.2 23 140 M M 1 3 33 130
9 93 74 84 2 0 19 0.86 0.0 0 4.6 28 220 M M 2 13 43 200
10 89 74 82 0 0 17 T 0.0 0 2.6 12 120 M M 3 13 16 120
11 91 73 82 0 0 17 0.10 0.0 0 2.8 15 90 M M 4 1 23 90
12 95 75 85 3 0 20 0.00 0.0 0 5.2 15 30 M M 2 19 30
13 94 71 83 1 0 18 0.00 0.0 0 3.5 10 360 M M 0 14 350
14 96 70 83 1 0 18 0.00 0.0 0 1.9 14 220 M M 1 1 21 200
15 99 75 87 5 0 22 0.00 0.0 0 3.3 8 250 M M 1 1 14 300
16 96 74 85 4 0 20 0.00 0.0 0 3.5 14 190 M M 1 24 220
17 84 75 80 -1 0 15 0.05 0.0 0 5.5 13 80 M M 7 17 90
18 87 73 80 -1 0 15 T 0.0 0 2.5 8 230 M M 9 18 12 180
19 92 71 82 1 0 17 0.00 0.0 0 4.0 12 170 M M 3 1 15 170
20 92 76 84 3 0 19 0.13 0.0 0 6.3 24 210 M M 5 13 31 220
21 84 74 79 -2 0 14 1.87 0.0 0 2.6 13 300 M M 5 123 22 280
22 82 75 79 -2 0 14 0.34 0.0 0 2.3 7 230 M M 7 1 9 230
23 79 73 76 -5 0 11 1.08 0.0 0 5.1 12 120 M M 9 1 16 110
24 78 73 76 -4 0 11 0.06 0.0 0 5.9 15 110 M M 10 1 22 110
25 89 72 81 1 0 16 0.01 0.0 0 3.1 12 150 M M 7 14 90
26 92 74 83 3 0 18 0.00 0.0 0 2.7 8 30 M M 5 1 15 140
27 95 73 84 4 0 19 0.00 0.0 0 1.9 12 170 M M 1 1 14 170
28 92 76 84 4 0 19 0.01 0.0 0 4.7 14 160 M M 2 21 200
29 94 75 85 5 0 20 0.00 0.0 0 2.4 10 210 M M 1 1 15 220
30 96 77 87 7 0 22 0.00 0.0 0 2.3 12 30 M M 1 16 360
31 94 71 83 4 0 18 0.00 0.0 0 2.8 9 40 M M 2 14 40
================================================================================
SM 2830 2290 0 553 4.51 0.0 120.4 M 101
================================================================================
AV 91.3 73.9 3.9 FASTST M M 3 MAX(MPH)
MISC ----> 28 220 43 200
================================================================================
NOTES:
# LAST OF SEVERAL OCCURRENCES
COLUMN 17 PEAK WIND IN M.P.H.
PRELIMINARY LOCAL CLIMATOLOGICAL DATA (WS FORM: F-6) , PAGE 2
STATION: GREENWOOD
MONTH: AUGUST
YEAR: 2022
LATITUDE: 33 30 N
LONGITUDE: 90 5 W
[TEMPERATURE DATA] [PRECIPITATION DATA] SYMBOLS USED IN COLUMN 16
AVERAGE MONTHLY: 82.6 TOTAL FOR MONTH: 4.51 1 = FOG OR MIST
DPTR FM NORMAL: 1.5 DPTR FM NORMAL: 1.30 2 = FOG REDUCING VISIBILITY
HIGHEST: 99 ON 15 GRTST 24HR 2.06 ON 21-22 TO 1/4 MILE OR LESS
LOWEST: 70 ON 14 3 = THUNDER
SNOW, ICE PELLETS, HAIL 4 = ICE PELLETS
TOTAL MONTH: 0.0 INCH 5 = HAIL
GRTST 24HR 0.0 6 = FREEZING RAIN OR DRIZZLE
GRTST DEPTH: 0 7 = DUSTSTORM OR SANDSTORM:
VSBY 1/2 MILE OR LESS
8 = SMOKE OR HAZE
[NO. OF DAYS WITH] [WEATHER - DAYS WITH] 9 = BLOWING SNOW
X = TORNADO
MAX 32 OR BELOW: 0 0.01 INCH OR MORE: 10
MAX 90 OR ABOVE: 22 0.10 INCH OR MORE: 6
MIN 32 OR BELOW: 0 0.50 INCH OR MORE: 3
MIN 0 OR BELOW: 0 1.00 INCH OR MORE: 2
[HDD (BASE 65) ]
TOTAL THIS MO. 0 CLEAR (SCALE 0-3) 20
DPTR FM NORMAL 0 PTCLDY (SCALE 4-7) 8
TOTAL FM JUL 1 0 CLOUDY (SCALE 8-10) 3
DPTR FM NORMAL 0
[CDD (BASE 65) ]
TOTAL THIS MO. 553
DPTR FM NORMAL 53 [PRESSURE DATA]
TOTAL FM JAN 1 2234 HIGHEST SLP 30.19 ON 7
DPTR FM NORMAL 446 LOWEST SLP 29.85 ON 27
[REMARKS]
#FINAL-08-22#