000
CXUS53 KGID 011649 RRA
CF6HDE
PRELIMINARY LOCAL CLIMATOLOGICAL DATA (WS FORM: F-6)
STATION: HOLDREGE NE
MONTH: JULY
YEAR: 2022
LATITUDE: 40 27 N
LONGITUDE: 99 20 W
TEMPERATURE IN F: :PCPN: SNOW: WIND :SUNSHINE: SKY :PK WND
================================================================================
1 2 3 4 5 6A 6B 7 8 9 10 11 12 13 14 15 16 17 18
12Z AVG MX 2MIN
DY MAX MIN AVG DEP HDD CDD WTR SNW DPTH SPD SPD DIR MIN PSBL S-S WX SPD DR
================================================================================
1 84 64 74 M 0 9 0.00 M M 10.2 16 10 M M 3 23 340
2 84 62 73 M 0 8 0.05 M M 7.2 14 120 M M 5 1 18 140
3 89 65 77 M 0 12 0.47 M M 12.6 20 130 M M 6 13 33 180
4 97 71 84 M 0 19 0.00 M M 8.3 14 190 M M 0 17 200
5 96 69 83 M 0 18 1.28 M M 10.9 20 100 M M 3 3 31 100
6 82 67 75 M 0 10 0.15 M M 9.7 15 100 M M 5 24 200
7 83 68 76 M 0 11 0.00 M M 4.1 12 10 M M 5 1 M M
8 85 65 75 M 0 10 0.00 M M 6.4 9 60 M M 1 1 M M
9 88 63 76 M 0 11 0.00 M M 8.1 15 130 M M 1 12 18 150
10 99 68 84 M 0 19 0.00 M M 12.1 18 200 M M 0 30 160
11 84 63 74 M 0 9 T M M 10.4 23 40 M M 0 32 10
12 84 56 70 M 0 5 0.00 M M 4.0 8 140 M M 2 M M
13 92 62 77 M 0 12 0.00 M M 9.5 16 180 M M 1 21 200
14 98 67 83 M 0 18 0.00 M M 10.6 16 180 M M 0 25 170
15 93 69 81 M 0 16 0.00 M M 7.1 12 60 M M 0 17 20
16 91 67 79 M 0 14 0.77 M M 6.6 16 50 M M 2 1 39 100
17 84 64 74 M 0 9 0.00 M M 6.3 10 10 M M 4 12 17 10
18 90 64 77 M 0 12 0.00 M M 9.1 15 170 M M 1 1 18 150
19 88 68 78 M 0 13 0.00 M M 7.3 14 190 M M 0 3 20 190
20 87 60 74 M 0 9 0.00 M M 4.1 8 170 M M 0 8 M M
21 91 65 78 M 0 13 T M M 7.5 16 130 M M 1 24 200
22 94 68 81 M 0 16 0.14 M M 7.7 16 20 M M 2 30 220
23 99 69 84 M 0 19 0.35 M M 8.7 15 190 M M 2 23 180
24 82 66 74 M 0 9 0.00 M M 9.7 16 80 M M 0 21 80
25 67 60 64 M 1 0 1.16 M M 8.0 13 120 M M 9 1 17 120
26 80 64 72 M 0 7 0.00 M M 5.4 10 310 M M 7 1 M M
27 82 62 72 M 0 7 0.00 M M 3.9 7 150 M M 1 1 M M
28 76 64 70 M 0 5 0.78 M M 6.3 13 120 M M 6 36 130
29 76 59 68 M 0 3 0.00 M M 5.6 10 180 M M 2 16 170
30 79 53 66 M 0 1 0.00 M M 6.5 14 180 M M 0 18 160
31 88 60 74 M 0 9 0.00 M M 7.0 15 220 M M 2 1 18 220
================================================================================
SM 2692 1992 1 333 5.15 M 240.9 M 71
================================================================================
AV 86.8 64.3 7.8 FASTST M M 2 MAX(MPH)
MISC ----> 23 40 M M
================================================================================
NOTES:
# LAST OF SEVERAL OCCURRENCES
COLUMN 17 PEAK WIND IN M.P.H.
PRELIMINARY LOCAL CLIMATOLOGICAL DATA (WS FORM: F-6) , PAGE 2
STATION: HOLDREGE NE
MONTH: JULY
YEAR: 2022
LATITUDE: 40 27 N
LONGITUDE: 99 20 W
[TEMPERATURE DATA] [PRECIPITATION DATA] SYMBOLS USED IN COLUMN 16
AVERAGE MONTHLY: 75.5 TOTAL FOR MONTH: 5.15 1 = FOG OR MIST
DPTR FM NORMAL: M DPTR FM NORMAL: M 2 = FOG REDUCING VISIBILITY
HIGHEST: 99 ON 23,10 GRTST 24HR 1.28 ON 5- 5 TO 1/4 MILE OR LESS
LOWEST: 53 ON 30 3 = THUNDER
SNOW, ICE PELLETS, HAIL 4 = ICE PELLETS
TOTAL MONTH: M 5 = HAIL
GRTST 24HR M ON M 6 = FREEZING RAIN OR DRIZZLE
GRTST DEPTH: M ON M 7 = DUSTSTORM OR SANDSTORM:
VSBY 1/2 MILE OR LESS
8 = SMOKE OR HAZE
[NO. OF DAYS WITH] [WEATHER - DAYS WITH] 9 = BLOWING SNOW
X = TORNADO
MAX 32 OR BELOW: 0 0.01 INCH OR MORE: 9
MAX 90 OR ABOVE: 11 0.10 INCH OR MORE: 8
MIN 32 OR BELOW: 0 0.50 INCH OR MORE: 4
MIN 0 OR BELOW: 0 1.00 INCH OR MORE: 2
[HDD (BASE 65) ]
TOTAL THIS MO. 1 CLEAR (SCALE 0-3) 22
DPTR FM NORMAL M PTCLDY (SCALE 4-7) 8
TOTAL FM JUL 1 1 CLOUDY (SCALE 8-10) 1
DPTR FM NORMAL M
[CDD (BASE 65) ]
TOTAL THIS MO. 333
DPTR FM NORMAL M [PRESSURE DATA]
TOTAL FM JAN 1 683 HIGHEST SLP M ON M
DPTR FM NORMAL M LOWEST SLP M ON M
[REMARKS]
#FINAL-07-22#