000
CXUS54 KLZK 020138
CF6HRO
PRELIMINARY LOCAL CLIMATOLOGICAL DATA (WS FORM: F-6)
STATION: Harrison
MONTH: AUGUST
YEAR: 2020
LATITUDE: 36 15 N
LONGITUDE: 93 9 W
TEMPERATURE IN F: :PCPN: SNOW: WIND :SUNSHINE: SKY :PK WND
================================================================================
1 2 3 4 5 6A 6B 7 8 9 10 11 12 13 14 15 16 17 18
12Z AVG MX 2MIN
DY MAX MIN AVG DEP HDD CDD WTR SNW DPTH SPD SPD DIR MIN PSBL S-S WX SPD DR
================================================================================
1 83 63 73 -6 0 8 0.00 0.0 0 6.1 12 330 M M 5 17 320
2 85 62 74 -5 0 9 0.17 0.0 0 4.1 16 310 M M 5 138 26 280
3 82 63 73 -6 0 8 0.00 0.0 0 6.3 14 320 M M 3 18 310
4 79 57 68 -11 0 3 0.00 0.0 0 4.5 10 30 M M 4 15 340
5 83 55 69 -10 0 4 0.00 0.0 0 4.3 13 150 M M 2 16 160
6 86 61 74 -5 0 9 0.03 0.0 0 8.3 16 120 M M 2 3 20 160
7 82 67 75 -4 0 10 1.12 0.0 0 7.9 15 140 M M 3 13 18 160
8 87 70 79 0 0 14 T 0.0 0 7.6 20 170 M M 2 24 170
9 92 70 81 2 0 16 T 0.0 0 5.1 13 250 M M 0 18 17 250
10 93 73 83 4 0 18 0.00 0.0 0 4.9 13 220 M M 1 18 180
11 87 65 76 -3 0 11 1.82 0.0 0 5.0 26 290 M M 2 13 38 300
12 85 66 76 -2 0 11 0.00 0.0 0 5.4 14 90 M M 5 12 17 100
13 87 68 78 0 0 13 0.00 0.0 0 3.5 14 130 M M 4 128 17 130
14 90 70 80 2 0 15 0.09 0.0 0 2.6 9 150 M M 2 1 13 110
15 93 68 81 3 0 16 0.00 0.0 0 3.7 12 30 M M 1 13 15 40
16 88 63 76 -2 0 11 0.00 0.0 0 2.6 12 50 M M 0 16 50
17 90 59 75 -3 0 10 0.00 0.0 0 3.6 10 340 M M 1 15 340
18 85 61 73 -5 0 8 0.00 0.0 0 5.9 15 320 M M 1 21 340
19 84 59 72 -6 0 7 0.00 0.0 0 4.0 12 60 M M 2 16 70
20 85 55 70 -8 0 5 0.00 0.0 0 1.9 9 70 M M 0 8 14 300
21 87 57 72 -5 0 7 0.00 0.0 0 2.3 9 130 M M 0 8 12 20
22 90 60 75 -2 0 10 0.00 0.0 0 2.3 7 260 M M 0 11 350
23 91 64 78 1 0 13 0.00 0.0 0 3.2 10 270 M M 0 13 250
24 93 65 79 2 0 14 0.00 0.0 0 2.3 8 160 M M 1 11 140
25 93 67 80 4 0 15 0.00 0.0 0 4.6 13 100 M M 1 1 20 90
26 81 68 75 -1 0 10 0.06 0.0 0 5.3 16 170 M M 5 1 22 160
27 78 69 74 -2 0 9 0.25 0.0 0 8.0 17 20 M M 6 12 27 360
28 91 69 80 4 0 15 0.15 0.0 0 6.9 15 330 M M 5 1 24 30
29 90 68 79 3 0 14 0.39 0.0 0 4.1 29 340 M M 2 13 41 340
30 81 69 75 0 0 10 0.10 0.0 0 5.6 9 110 M M 7 1 13 140
31 83 68 76 1 0 11 0.19 0.0 0 6.1 14 140 M M 2 1 21 220
================================================================================
SM 2684 1999 0 334 4.37 0.0 148.0 M 74
================================================================================
AV 86.6 64.5 4.8 FASTST M M 2 MAX(MPH)
MISC ----> # 29 340 # 41 340
================================================================================
NOTES:
# LAST OF SEVERAL OCCURRENCES
COLUMN 17 PEAK WIND IN M.P.H.
PRELIMINARY LOCAL CLIMATOLOGICAL DATA (WS FORM: F-6) , PAGE 2
STATION: Harrison
MONTH: AUGUST
YEAR: 2020
LATITUDE: 36 15 N
LONGITUDE: 93 9 W
[TEMPERATURE DATA] [PRECIPITATION DATA] SYMBOLS USED IN COLUMN 16
AVERAGE MONTHLY: 75.5 TOTAL FOR MONTH: 4.37 1 = FOG OR MIST
DPTR FM NORMAL: -2.1 DPTR FM NORMAL: 0.79 2 = FOG REDUCING VISIBILITY
HIGHEST: 93 ON 25,24 GRTST 24HR 1.82 ON 11-11 TO 1/4 MILE OR LESS
LOWEST: 55 ON 20, 5 3 = THUNDER
SNOW, ICE PELLETS, HAIL 4 = ICE PELLETS
TOTAL MONTH: 0.0 INCH 5 = HAIL
GRTST 24HR 0.0 6 = FREEZING RAIN OR DRIZZLE
GRTST DEPTH: 0 7 = DUSTSTORM OR SANDSTORM:
VSBY 1/2 MILE OR LESS
8 = SMOKE OR HAZE
[NO. OF DAYS WITH] [WEATHER - DAYS WITH] 9 = BLOWING SNOW
X = TORNADO
MAX 32 OR BELOW: 0 0.01 INCH OR MORE: 11
MAX 90 OR ABOVE: 11 0.10 INCH OR MORE: 8
MIN 32 OR BELOW: 0 0.50 INCH OR MORE: 2
MIN 0 OR BELOW: 0 1.00 INCH OR MORE: 2
[HDD (BASE 65) ]
TOTAL THIS MO. 0 CLEAR (SCALE 0-3) 22
DPTR FM NORMAL -1 PTCLDY (SCALE 4-7) 9
TOTAL FM JUL 1 0 CLOUDY (SCALE 8-10) 0
DPTR FM NORMAL -1
[CDD (BASE 65) ]
TOTAL THIS MO. 334
DPTR FM NORMAL -59 [PRESSURE DATA]
TOTAL FM JAN 1 1202 HIGHEST SLP 30.15 ON 8
DPTR FM NORMAL -9 LOWEST SLP 29.63 ON 28
[REMARKS]
#FINAL-08-20#