000
CXUS53 KBIS 010830
CF6JMS
PRELIMINARY LOCAL CLIMATOLOGICAL DATA (WS FORM: F-6)
STATION: JAMESTOWN ND
MONTH: MARCH
YEAR: 2020
LATITUDE: 46 55 N
LONGITUDE: 98 40 W
TEMPERATURE IN F: :PCPN: SNOW: WIND :SUNSHINE: SKY :PK WND
================================================================================
1 2 3 4 5 6A 6B 7 8 9 10 11 12 13 14 15 16 17 18
12Z AVG MX 2MIN
DY MAX MIN AVG DEP HDD CDD WTR SNW DPTH SPD SPD DIR MIN PSBL S-S WX SPD DR
================================================================================
1 37 24 31 11 34 0 0.00 M M 21.1 39 290 M M 6 53 300
2 39 13 26 5 39 0 T M M 14.4 24 300 M M 3 1 33 300
3 37 23 30 9 35 0 0.00 M M 12.3 23 320 M M 3 1 31 300
4 41 20 31 9 34 0 0.01 M M 10.6 30 290 M M 5 12 39 290
5 37 20 29 7 36 0 T M M 18.9 39 330 M M 6 1 49 320
6 37 20 29 6 36 0 0.00 M M 16.5 29 190 M M 0 1 39 190
7 43 27 35 12 30 0 0.00 M M 8.5 21 190 M M 0 1 27 190
8 33 22 28 4 37 0 0.00 M M 13.3 26 340 M M 8 12 33 340
9 27 12 20 -4 45 0 T M M 7.9 20 340 M M 4 1 23 340
10 39 15 27 2 38 0 T M M 7.2 14 200 M M 6 1 17 210
11 49 27 38 13 27 0 T M M 9.5 17 240 M M 4 1 24 240
12 42 24 33 7 32 0 T M M 18.2 31 300 M M 5 41 310
13 25 18 22 -4 43 0 T M M 12.1 25 320 M M 3 1 33 340
14 24 12 18 -8 47 0 T M M 11.7 17 50 M M 3 25 80
15 31 16 24 -3 41 0 0.01 M M 10.3 20 180 M M 10 1 28 170
16 31 20 26 -2 39 0 T M M 15.6 28 300 M M 7 1 34 300
17 38 16 27 -1 38 0 T M M 10.1 20 150 M M 3 25 300
18 33 20 27 -1 38 0 0.01 M M 10.3 16 30 M M 10 1268 19 30
19 21 10 16 -13 49 0 0.02 M M 21.4 33 350 M M 6 16 43 360
20 22 3 13 -16 52 0 0.00 M M 9.1 20 340 M M 0 26 330
21 30 11 21 -9 44 0 M M M 12.8 21 150 M M 8 1 29 150
22 37 21 29 -1 36 0 0.00 M M 5.8 15 140 M M 7 12 20 130
23 46 17 32 1 33 0 0.00 M M 9.3 21 170 M M 3 26 180
24 50 31 41 10 24 0 0.00 M M 11.6 21 170 M M 6 12 26 170
25 33 21 27 -5 38 0 0.00 M M 10.0 22 320 M M 7 30 320
26 44 20 32 0 33 0 0.00 M M 7.4 14 190 M M 4 1 19 190
27 56 29 43 10 22 0 0.00 M M 9.2 18 250 M M 3 1 25 240
28 50 25 38 5 27 0 0.00 M M 6.5 16 30 M M 1 12 21 20
29 54 24 39 5 26 0 0.00 M M 5.7 9 110 M M 0 12 40
30 58 25 42 8 23 0 0.00 M M 10.8 22 140 M M 1 30 140
31 53 34 44 9 21 0 T M M 13.3 24 140 M M 5 31 150
================================================================================
SM 1197 620 1097 0 0.05 M 361.4 M 137
================================================================================
AV 38.6 20.0 11.7 FASTST M M 4 MAX(MPH)
MISC ----> # 39 290 # 53 300
================================================================================
NOTES:
# LAST OF SEVERAL OCCURRENCES
COLUMN 17 PEAK WIND IN M.P.H.
PRELIMINARY LOCAL CLIMATOLOGICAL DATA (WS FORM: F-6) , PAGE 2
STATION: JAMESTOWN ND
MONTH: MARCH
YEAR: 2020
LATITUDE: 46 55 N
LONGITUDE: 98 40 W
[TEMPERATURE DATA] [PRECIPITATION DATA] SYMBOLS USED IN COLUMN 16
AVERAGE MONTHLY: 29.3 TOTAL FOR MONTH: 0.05 1 = FOG OR MIST
DPTR FM NORMAL: 1.7 DPTR FM NORMAL: -0.79 2 = FOG REDUCING VISIBILITY
HIGHEST: 58 ON 30 GRTST 24HR 0.02 ON 19-19 TO 1/4 MILE OR LESS
LOWEST: 3 ON 20 3 = THUNDER
SNOW, ICE PELLETS, HAIL 4 = ICE PELLETS
TOTAL MONTH: M 5 = HAIL
GRTST 24HR M ON M 6 = FREEZING RAIN OR DRIZZLE
GRTST DEPTH: M ON M 7 = DUSTSTORM OR SANDSTORM:
VSBY 1/2 MILE OR LESS
8 = SMOKE OR HAZE
[NO. OF DAYS WITH] [WEATHER - DAYS WITH] 9 = BLOWING SNOW
X = TORNADO
MAX 32 OR BELOW: 8 0.01 INCH OR MORE: 4
MAX 90 OR ABOVE: 0 0.10 INCH OR MORE: 0
MIN 32 OR BELOW: 30 0.50 INCH OR MORE: 0
MIN 0 OR BELOW: 0 1.00 INCH OR MORE: 0
[HDD (BASE 65) ]
TOTAL THIS MO. 1097 CLEAR (SCALE 0-3) 11
DPTR FM NORMAL -64 PTCLDY (SCALE 4-7) 18
TOTAL FM JUL 1 7843 CLOUDY (SCALE 8-10) 2
DPTR FM NORMAL -77
[CDD (BASE 65) ]
TOTAL THIS MO. 0
DPTR FM NORMAL 0 [PRESSURE DATA]
TOTAL FM JAN 1 0 HIGHEST SLP 30.74 ON 20
DPTR FM NORMAL 0 LOWEST SLP 29.42 ON 2
[REMARKS]
#FINAL-03-20#