000
CXUS53 KMKX 280811
CF6LNR
PRELIMINARY LOCAL CLIMATOLOGICAL DATA (WS FORM: F-6)
STATION: LONE ROCK WI
MONTH: APRIL
YEAR: 2024
LATITUDE: 43 12 N
LONGITUDE: 90 11 W
TEMPERATURE IN F: :PCPN: SNOW: WIND :SUNSHINE: SKY :PK WND
================================================================================
1 2 3 4 5 6A 6B 7 8 9 10 11 12 13 14 15 16 17 18
12Z AVG MX 2MIN
DY MAX MIN AVG DEP HDD CDD WTR SNW DPTH SPD SPD DIR MIN PSBL S-S WX SPD DR
================================================================================
1 47 34 41 -1 24 0 0.22 M M 11.7 26 70 M M 7 1 35 60
2 39 34 37 -5 28 0 0.63 M M 12.7 20 310 M M 10 12 33 290
3 37 34 36 -7 29 0 0.17 M M 16.1 24 330 M M 10 18 43 340
4 44 35 40 -3 25 0 T M M 11.2 22 340 M M 10 31 320
5 53 29 41 -2 24 0 0.00 M M 5.4 16 50 M M 3 23 50
6 57 25 41 -3 24 0 0.00 M M 7.6 20 100 M M 0 27 90
7 47 36 42 -2 23 0 0.12 M M 15.5 23 100 M M 7 1 37 120
8 63 40 52 8 13 0 0.00 M M 8.4 20 240 M M 3 29 230
9 62 37 50 5 15 0 0.00 M M 7.5 17 270 M M 3 25 270
10 71 34 53 8 12 0 0.00 M M 3.4 14 290 M M 2 20 280
11 65 38 52 6 13 0 0.14 M M 4.5 24 290 M M 7 1 30 290
12 64 42 53 7 12 0 0.01 M M 13.6 26 310 M M 3 39 300
13 74 29 52 6 13 0 0.00 M M 6.0 18 180 M M 0 27 180
14 83 50 67 20 0 2 T M M 6.9 20 290 M M 0 29 300
15 77 38 58 11 7 0 0.00 M M 4.9 12 90 M M 0 19 320
16 69 49 59 12 6 0 1.32 M M 18.4 36 90 M M 4 123 48 110
17 63 43 53 5 12 0 0.11 M M 12.3 28 290 M M 9 13 39 270
18 51 38 45 -3 20 0 0.09 M M 4.7 16 310 M M 7 1 25 300
19 52 34 43 -5 22 0 0.00 M M 15.9 30 280 M M 4 45 270
20 40 27 34 -15 31 0 0.00 M M 8.5 16 290 M M 6 23 300
21 60 24 42 -7 23 0 0.00 M M 5.4 21 280 M M 0 31 280
22 67 27 47 -3 18 0 T M M 10.2 25 190 M M 3 37 260
23 68 44 56 6 9 0 T M M 10.3 29 280 M M 2 40 250
24 58 32 45 -5 20 0 0.00 M M 5.3 16 20 M M 0 23 40
25 63 31 47 -4 18 0 0.00 M M 8.3 16 140 M M 0 25 140
26 60 40 50 -1 15 0 0.10 M M 14.2 26 140 M M 7 1 37 150
27 81 59 70 18 0 5 0.00 M M 13.6 25 220 M M 6 3 41 240
================================================================================
SM 1615 983 456 7 2.91 M 262.5 M 113
================================================================================
AV 59.8 36.4 9.7 FASTST M M 4 MAX(MPH)
MISC ----> 36 90 48 110
================================================================================
NOTES:
# LAST OF SEVERAL OCCURRENCES
COLUMN 17 PEAK WIND IN M.P.H.
PRELIMINARY LOCAL CLIMATOLOGICAL DATA (WS FORM: F-6) , PAGE 2
STATION: LONE ROCK WI
MONTH: APRIL
YEAR: 2024
LATITUDE: 43 12 N
LONGITUDE: 90 11 W
[TEMPERATURE DATA] [PRECIPITATION DATA] SYMBOLS USED IN COLUMN 16
AVERAGE MONTHLY: 48.1 TOTAL FOR MONTH: 2.91 1 = FOG OR MIST
DPTR FM NORMAL: 1.4 DPTR FM NORMAL: -0.37 2 = FOG REDUCING VISIBILITY
HIGHEST: 83 ON 14 GRTST 24HR 1.43 ON 16-17 TO 1/4 MILE OR LESS
LOWEST: 24 ON 21 3 = THUNDER
SNOW, ICE PELLETS, HAIL 4 = ICE PELLETS
TOTAL MONTH: M 5 = HAIL
GRTST 24HR M ON M 6 = FREEZING RAIN OR DRIZZLE
GRTST DEPTH: M ON M 7 = DUSTSTORM OR SANDSTORM:
VSBY 1/2 MILE OR LESS
8 = SMOKE OR HAZE
[NO. OF DAYS WITH] [WEATHER - DAYS WITH] 9 = BLOWING SNOW
X = TORNADO
MAX 32 OR BELOW: 0 0.01 INCH OR MORE: 10
MAX 90 OR ABOVE: 0 0.10 INCH OR MORE: 8
MIN 32 OR BELOW: 8 0.50 INCH OR MORE: 2
MIN 0 OR BELOW: 0 1.00 INCH OR MORE: 1
[HDD (BASE 65) ]
TOTAL THIS MO. 456 CLEAR (SCALE 0-3) 14
DPTR FM NORMAL -39 PTCLDY (SCALE 4-7) 9
TOTAL FM JUL 1 5399 CLOUDY (SCALE 8-10) 4
DPTR FM NORMAL -1371
[CDD (BASE 65) ]
TOTAL THIS MO. 7
DPTR FM NORMAL 7 [PRESSURE DATA]
TOTAL FM JAN 1 7 HIGHEST SLP M ON M
DPTR FM NORMAL 6 LOWEST SLP 29.32 ON 3
[REMARKS]