572
CXUS55 KJKL 011500
CF6LOZ
PRELIMINARY LOCAL CLIMATOLOGICAL DATA (WS FORM: F-6)
STATION: LONDON KY
MONTH: APRIL
YEAR: 2020
LATITUDE: 37 4 N
LONGITUDE: 84 5 W
TEMPERATURE IN F: :PCPN: SNOW: WIND :SUNSHINE: SKY :PK WND
================================================================================
1 2 3 4 5 6A 6B 7 8 9 10 11 12 13 14 15 16 17 18
12Z AVG MX 2MIN
DY MAX MIN AVG DEP HDD CDD WTR SNW DPTH SPD SPD DIR MIN PSBL S-S WX SPD DR
================================================================================
1 50 39 45 -7 20 0 0.02 M M 5.6 13 340 M M 10 1 18 330
2 62 33 48 -4 17 0 0.00 M M 3.6 14 30 M M 1 1 21 340
3 70 36 53 0 12 0 0.00 M M 2.2 10 40 M M 0 16 60
4 75 41 58 5 7 0 0.00 M M 2.8 14 10 M M 1 23 300
5 77 49 63 10 2 0 0.00 M M 2.3 15 280 M M 2 21 280
6 77 48 63 9 2 0 0.00 M M 3.4 14 250 M M 1 1 20 250
7 80 50 65 11 0 0 0.00 M M 6.4 20 250 M M 3 18 27 250
8 78 62 70 16 0 5 0.00 M M 8.8 17 250 M M 5 25 230
9 70 46 58 3 7 0 0.02 M M 11.3 28 260 M M 5 3 37 250
10 53 34 44 -11 21 0 T M M 8.4 23 340 M M 3 33 340
11 67 30 49 -6 16 0 0.00 M M 2.7 10 330 M M 2 16 170
12 67 50 59 3 6 0 1.41 M M 9.3 30 180 M M 8 1 49 180
13 63 41 52 -4 13 0 0.25 M M 12.0 28 270 M M 7 1 42 270
14 47 32 40 -16 25 0 T M M 4.7 16 330 M M 8 1 22 350
15 55 28 42 -14 23 0 0.00 M M 4.3 20 250 M M 4 12 26 260
16 58 31 45 -12 20 0 0.00 M M 3.3 13 360 M M 1 18 350
17 75 34 55 -2 10 0 0.01 M M 7.9 23 190 M M 2 34 250
18 52 35 44 -13 21 0 0.26 M M 5.1 17 310 M M 6 1 26 330
19 66 31 49 -9 16 0 0.09 M M 2.7 12 300 M M 4 1 16 170
20 68 44 56 -2 9 0 0.01 M M 5.4 17 270 M M 2 1 24 250
21 68 43 56 -2 9 0 T M M 11.5 29 300 M M 4 43 270
22 69 34 52 -7 13 0 0.00 M M 2.5 10 160 M M 0 17 230
23 65 51 58 -1 7 0 0.37 M M 6.3 20 180 M M 10 1 32 180
24 67 48 58 -1 7 0 0.08 M M 6.2 13 300 M M 6 1 18 300
25 63 45 54 -5 11 0 0.65 M M 4.2 14 220 M M 6 13 21 210
26 55 45 50 -10 15 0 0.39 M M 12.0 22 250 M M 9 1 30 250
27 64 40 52 -8 13 0 0.00 M M 2.2 10 280 M M 4 12 16 200
28 75 43 59 -1 6 0 0.02 M M 4.7 14 180 M M 5 20 170
29 74 50 62 2 3 0 0.67 M M 10.0 28 190 M M 7 1 41 180
30 55 48 52 -9 13 0 0.09 M M 8.9 17 300 M M 10 1 28 300
================================================================================
SM 1965 1241 344 5 4.34 M 180.7 M 136
================================================================================
AV 65.5 41.4 6.0 FASTST M M 5 MAX(MPH)
MISC ----> # 30 180 # 49 180
================================================================================
NOTES:
# LAST OF SEVERAL OCCURRENCES
COLUMN 17 PEAK WIND IN M.P.H.
PRELIMINARY LOCAL CLIMATOLOGICAL DATA (WS FORM: F-6) , PAGE 2
STATION: LONDON KY
MONTH: APRIL
YEAR: 2020
LATITUDE: 37 4 N
LONGITUDE: 84 5 W
[TEMPERATURE DATA] [PRECIPITATION DATA] SYMBOLS USED IN COLUMN 16
AVERAGE MONTHLY: 53.4 TOTAL FOR MONTH: 4.34 1 = FOG OR MIST
DPTR FM NORMAL: -3.1 DPTR FM NORMAL: 0.29 2 = FOG REDUCING VISIBILITY
HIGHEST: 80 ON 7 GRTST 24HR 1.41 ON 12-12 TO 1/4 MILE OR LESS
LOWEST: 28 ON 15 3 = THUNDER
SNOW, ICE PELLETS, HAIL 4 = ICE PELLETS
TOTAL MONTH: M 5 = HAIL
GRTST 24HR M ON M 6 = FREEZING RAIN OR DRIZZLE
GRTST DEPTH: M ON M 7 = DUSTSTORM OR SANDSTORM:
VSBY 1/2 MILE OR LESS
8 = SMOKE OR HAZE
[NO. OF DAYS WITH] [WEATHER - DAYS WITH] 9 = BLOWING SNOW
X = TORNADO
MAX 32 OR BELOW: 0 0.01 INCH OR MORE: 15
MAX 90 OR ABOVE: 0 0.10 INCH OR MORE: 7
MIN 32 OR BELOW: 5 0.50 INCH OR MORE: 3
MIN 0 OR BELOW: 0 1.00 INCH OR MORE: 1
[HDD (BASE 65) ]
TOTAL THIS MO. 344 CLEAR (SCALE 0-3) 12
DPTR FM NORMAL 68 PTCLDY (SCALE 4-7) 13
TOTAL FM JUL 1 3691 CLOUDY (SCALE 8-10) 5
DPTR FM NORMAL -410
[CDD (BASE 65) ]
TOTAL THIS MO. 5
DPTR FM NORMAL -18 [PRESSURE DATA]
TOTAL FM JAN 1 27 HIGHEST SLP 30.38 ON 16
DPTR FM NORMAL 1 LOWEST SLP 29.36 ON 13
[REMARKS]
#FINAL-04-20#