000
CXUS53 KTOP 010810
CF6MHK
PRELIMINARY LOCAL CLIMATOLOGICAL DATA (WS FORM: F-6)
STATION: MANHATTAN KS
MONTH: MAY
YEAR: 2022
LATITUDE: 39 9 N
LONGITUDE: 96 40 W
TEMPERATURE IN F: :PCPN: SNOW: WIND :SUNSHINE: SKY :PK WND
================================================================================
1 2 3 4 5 6A 6B 7 8 9 10 11 12 13 14 15 16 17 18
12Z AVG MX 2MIN
DY MAX MIN AVG DEP HDD CDD WTR SNW DPTH SPD SPD DIR MIN PSBL S-S WX SPD DR
================================================================================
1 72 41 57 -2 8 0 T M M 5.8 15 250 M M 3 3 26 250
2 61 44 53 -7 12 0 0.65 M M 14.4 28 70 M M 9 13 39 60
3 56 43 50 -10 15 0 0.00 M M 7.7 15 360 M M 10 24 10
4 55 50 53 -7 12 0 0.67 M M 8.9 23 60 M M 10 13 28 50
5 59 52 56 -5 9 0 0.93 M M 5.6 13 50 M M 10 1 19 20
6 71 55 63 2 2 0 0.02 M M 2.0 8 50 M M 7 18 11 360
7 77 53 65 4 0 0 0.00 M M 11.8 22 140 M M 0 32 150
8 80 66 73 11 0 8 T M M 13.1 25 170 M M 6 36 160
9 95 74 85 23 0 20 0.00 M M 16.8 29 220 M M 0 8 42 220
10 95 77 86 24 0 21 0.00 M M 11.2 21 210 M M 2 8 33 190
11 92 75 84 21 0 19 0.00 M M 13.2 25 210 M M 0 8 37 200
12 95 72 84 21 0 19 0.00 M M 14.1 28 190 M M 0 42 180
13 84 63 74 10 0 9 0.03 M M 4.4 18 70 M M 5 13 26 80
14 91 56 74 10 0 9 0.00 M M 2.9 13 40 M M 1 12 17 40
15 79 52 66 2 0 1 0.44 M M 5.0 28 70 M M 3 38 43 80
16 82 48 65 0 0 0 0.00 M M 1.9 12 170 M M 0 15 170
17 89 58 74 9 0 9 1.10 M M 10.1 23 40 M M 1 38 35 50
18 88 61 75 9 0 10 0.05 M M 5.0 20 240 M M 1 3 28 110
19 87 62 75 9 0 10 0.00 M M 8.6 20 210 M M 0 28 200
20 79 58 69 3 0 4 0.00 M M 10.4 20 30 M M 6 30 180
21 62 39 51 -16 14 0 0.00 M M 7.5 20 30 M M 5 29 30
22 69 38 54 -13 11 0 0.00 M M 1.6 15 70 M M 0 19 60
23 67 46 57 -11 8 0 0.00 M M 5.2 16 120 M M 9 26 110
24 58 54 56 -12 9 0 0.74 M M 10.8 20 70 M M 10 1 28 70
25 60 52 56 -12 9 0 M M M 6.9 15 10 M M 10 1 28 360
26 65 48 57 -12 8 0 0.08 M M 7.0 15 360 M M 7 1 26 360
27 85 46 66 -3 0 1 0.00 M M 3.5 14 190 M M 0 1 28 180
28 87 66 77 8 0 12 0.00 M M 14.5 30 230 M M 1 3 42 220
29 89 74 82 12 0 17 0.00 M M 17.8 30 180 M M 0 3 50 180
30 90 63 77 7 0 12 1.78 M M 19.5 46 180 M M 3 13 68 180
31 81 61 71 1 0 6 0.40 M M 4.4 15 270 M M 7 13 20 20
================================================================================
SM 2400 1747 117 187 6.89 M 271.6 M 126
================================================================================
AV 77.4 56.4 8.8 FASTST M M 4 MAX(MPH)
MISC ----> 46 180 68 180
================================================================================
NOTES:
# LAST OF SEVERAL OCCURRENCES
COLUMN 17 PEAK WIND IN M.P.H.
PRELIMINARY LOCAL CLIMATOLOGICAL DATA (WS FORM: F-6) , PAGE 2
STATION: MANHATTAN KS
MONTH: MAY
YEAR: 2022
LATITUDE: 39 9 N
LONGITUDE: 96 40 W
[TEMPERATURE DATA] [PRECIPITATION DATA] SYMBOLS USED IN COLUMN 16
AVERAGE MONTHLY: 66.9 TOTAL FOR MONTH: 6.89 1 = FOG OR MIST
DPTR FM NORMAL: 2.1 DPTR FM NORMAL: 2.24 2 = FOG REDUCING VISIBILITY
HIGHEST: 95 ON 12,10 GRTST 24HR 2.17 ON 30-31 TO 1/4 MILE OR LESS
LOWEST: 38 ON 22 3 = THUNDER
SNOW, ICE PELLETS, HAIL 4 = ICE PELLETS
TOTAL MONTH: M 5 = HAIL
GRTST 24HR M ON M 6 = FREEZING RAIN OR DRIZZLE
GRTST DEPTH: M ON M 7 = DUSTSTORM OR SANDSTORM:
VSBY 1/2 MILE OR LESS
8 = SMOKE OR HAZE
[NO. OF DAYS WITH] [WEATHER - DAYS WITH] 9 = BLOWING SNOW
X = TORNADO
MAX 32 OR BELOW: 0 0.01 INCH OR MORE: 12
MAX 90 OR ABOVE: 6 0.10 INCH OR MORE: 8
MIN 32 OR BELOW: 0 0.50 INCH OR MORE: 6
MIN 0 OR BELOW: 0 1.00 INCH OR MORE: 2
[HDD (BASE 65) ]
TOTAL THIS MO. 117 CLEAR (SCALE 0-3) 16
DPTR FM NORMAL 4 PTCLDY (SCALE 4-7) 8
TOTAL FM JUL 1 4616 CLOUDY (SCALE 8-10) 7
DPTR FM NORMAL -480
[CDD (BASE 65) ]
TOTAL THIS MO. 187
DPTR FM NORMAL 79 [PRESSURE DATA]
TOTAL FM JAN 1 227 HIGHEST SLP M ON M
DPTR FM NORMAL 96 LOWEST SLP 29.19 ON 20
[REMARKS]
#FINAL-05-22#