000
CXUS51 KGYX 011739
CF6MHT
PRELIMINARY LOCAL CLIMATOLOGICAL DATA (WS FORM: F-6)
STATION: MANCHESTER
MONTH: JANUARY
YEAR: 2024
LATITUDE: 42 55 N
LONGITUDE: 71 26 W
TEMPERATURE IN F: :PCPN: SNOW: WIND :SUNSHINE: SKY :PK WND
================================================================================
1 2 3 4 5 6A 6B 7 8 9 10 11 12 13 14 15 16 17 18
12Z AVG MX 2MIN
DY MAX MIN AVG DEP HDD CDD WTR SNW DPTH SPD SPD DIR MIN PSBL S-S WX SPD DR
================================================================================
1 38 23 31 4 34 0 0.00 0.0 0 6.9 14 330 M M 5 17 330
2 44 18 31 4 34 0 0.00 0.0 0 2.0 9 330 M M 0 17 340
3 44 24 34 7 31 0 0.00 0.0 0 1.3 10 320 M M 6 13 310
4 44 21 33 6 32 0 T T 0 11.0 29 320 M M 6 39 320
5 32 17 25 -1 40 0 0.00 0.0 0 10.4 25 330 M M 4 33 290
6 37 28 33 7 32 0 0.02 0.4 0 4.8 12 80 M M 10 18 20 60
7 28 24 26 0 39 0 0.20 8.7 5 9.5 16 20 M M 10 128 26 20
8 37 16 27 1 38 0 T T 8 6.5 21 320 M M 5 32 310
9 41 12 27 1 38 0 0.70 0.7 6 3.5 16 100 M M 8 12 33 110
10 52 40 46 20 19 0 1.11 0.0 3 11.6 26 250 M M 8 1 41 130
11 44 34 39 13 26 0 0.00 0.0 0 7.3 17 260 M M 8 26 250
12 48 29 39 13 26 0 0.00 0.0 0 3.2 14 310 M M 6 18 310
13 52 36 44 19 21 0 1.07 0.0 0 8.7 23 270 M M 9 12 39 270
14 39 25 32 7 33 0 T 0.5 0 12.8 25 250 M M 5 1 43 240
15 31 16 24 -1 41 0 0.00 0.0 1 4.9 14 280 M M 3 20 230
16 26 22 24 -1 41 0 0.20 4.5 T 8.6 26 320 M M 9 146 40 290
17 27 15 21 -4 44 0 0.00 0.0 3 10.8 23 310 M M 1 36 320
18 29 12 21 -4 44 0 0.00 0.0 3 4.8 16 290 M M 6 24 270
19 26 10 18 -7 47 0 0.00 0.0 3 8.7 23 330 M M 7 30 330
20 18 10 14 -11 51 0 T T 3 14.7 23 310 M M 7 30 340
21 26 13 20 -5 45 0 0.00 0.0 3 15.5 25 310 M M 3 35 300
22 39 8 24 -1 41 0 0.00 0.0 3 4.7 13 210 M M 5 19 220
23 39 31 35 10 30 0 0.02 T 2 7.1 18 310 M M 9 1 24 320
24 35 31 33 8 32 0 0.51 1.0 3 0.8 6 350 M M 10 16 10 350
25 49 34 42 17 23 0 0.08 0.0 3 2.4 9 340 M M 10 18 11 340
26 39 35 37 12 28 0 0.70 0.0 0 2.9 9 330 M M 10 1 12 60
27 42 35 39 14 26 0 T T 0 2.7 7 10 M M 10 1 9 10
28 37 34 36 11 29 0 0.71 4.4 0 3.0 9 350 M M 10 1 13 350
29 35 32 34 9 31 0 0.18 1.4 6 5.8 14 340 M M 10 18 20 350
30 32 24 28 3 37 0 T T 5 3.6 10 70 M M 10 18 17 80
31 33 24 29 3 36 0 0.00 0.0 5 3.8 9 180 M M 10 13 210
================================================================================
SM 1143 733 1069 0 5.50 21.6 204.3 M 220
================================================================================
AV 36.9 23.6 6.6 FASTST M M 7 MAX(MPH)
MISC ----> 29 320 43 240
================================================================================
NOTES:
# LAST OF SEVERAL OCCURRENCES
COLUMN 17 PEAK WIND IN M.P.H.
PRELIMINARY LOCAL CLIMATOLOGICAL DATA (WS FORM: F-6) , PAGE 2
STATION: MANCHESTER
MONTH: JANUARY
YEAR: 2024
LATITUDE: 42 55 N
LONGITUDE: 71 26 W
[TEMPERATURE DATA] [PRECIPITATION DATA] SYMBOLS USED IN COLUMN 16
AVERAGE MONTHLY: 30.3 TOTAL FOR MONTH: 5.50 1 = FOG OR MIST
DPTR FM NORMAL: 4.7 DPTR FM NORMAL: 3.06 2 = FOG REDUCING VISIBILITY
HIGHEST: 52 ON 13,10 GRTST 24HR 2.42 ON 9-10 TO 1/4 MILE OR LESS
LOWEST: 8 ON 22 3 = THUNDER
SNOW, ICE PELLETS, HAIL 4 = ICE PELLETS
TOTAL MONTH: 21.6 INCHES 5 = HAIL
GRTST 24HR 8.7 ON 7- 7 6 = FREEZING RAIN OR DRIZZLE
GRTST DEPTH: 8 ON 8 7 = DUSTSTORM OR SANDSTORM:
VSBY 1/2 MILE OR LESS
8 = SMOKE OR HAZE
[NO. OF DAYS WITH] [WEATHER - DAYS WITH] 9 = BLOWING SNOW
X = TORNADO
MAX 32 OR BELOW: 10 0.01 INCH OR MORE: 12
MAX 90 OR ABOVE: 0 0.10 INCH OR MORE: 9
MIN 32 OR BELOW: 24 0.50 INCH OR MORE: 6
MIN 0 OR BELOW: 0 1.00 INCH OR MORE: 2
[HDD (BASE 65) ]
TOTAL THIS MO. 1069 CLEAR (SCALE 0-3) 4
DPTR FM NORMAL -152 PTCLDY (SCALE 4-7) 12
TOTAL FM JUL 1 2971 CLOUDY (SCALE 8-10) 15
DPTR FM NORMAL -511
[CDD (BASE 65) ]
TOTAL THIS MO. 0
DPTR FM NORMAL 0 [PRESSURE DATA]
TOTAL FM JAN 1 0 HIGHEST SLP 30.66 ON 24
DPTR FM NORMAL 0 LOWEST SLP 28.92 ON 10
[REMARKS]
#FINAL-01-24#