000
CXUS54 KSJT 011000
CF6SJT
PRELIMINARY LOCAL CLIMATOLOGICAL DATA (WS FORM: F-6)
STATION: SAN ANGELO
MONTH: AUGUST
YEAR: 2023
LATITUDE: 31 21 N
LONGITUDE: 100 30 W
TEMPERATURE IN F: :PCPN: SNOW: WIND :SUNSHINE: SKY :PK WND
================================================================================
1 2 3 4 5 6A 6B 7 8 9 10 11 12 13 14 15 16 17 18
12Z AVG MX 2MIN
DY MAX MIN AVG DEP HDD CDD WTR SNW DPTH SPD SPD DIR MIN PSBL S-S WX SPD DR
================================================================================
1 105 74 90 4 0 25 0.00 0.0 0 7.1 21 150 M M 0 28 160
2 105 78 92 6 0 27 0.00 0.0 0 8.8 17 190 M M 0 24 180
3 104 77 91 5 0 26 0.00 0.0 0 9.2 17 180 M M 0 23 190
4 105 80 93 7 0 28 0.00 0.0 0 9.7 17 190 M M 0 27 170
5 108 80 94 8 0 29 0.00 0.0 0 10.0 18 190 M M 0 27 180
6 108 81 95 9 0 30 0.00 0.0 0 10.7 18 180 M M 0 29 160
7 109 81 95 9 0 30 0.00 0.0 0 9.5 20 190 M M 0 28 200
8 109 80 95 9 0 30 0.00 0.0 0 10.9 23 200 M M 0 28 190
9 110 80 95 10 0 30 0.00 0.0 0 10.0 20 200 M M 1 3 28 200
10 111 74 93 8 0 28 0.29 0.0 0 10.1 43 190 M M 1 3 66 180
11 108 75 92 7 0 27 0.00 0.0 0 9.0 16 180 M M 0 27 180
12 108 80 94 9 0 29 0.00 0.0 0 11.2 20 190 M M 0 30 190
13 106 80 93 8 0 28 0.00 0.0 0 11.0 20 170 M M 0 31 170
14 101 80 91 6 0 26 0.00 0.0 0 10.3 25 70 M M 0 3 36 60
15 98 74 86 1 0 21 0.00 0.0 0 8.0 16 80 M M 0 23 90
16 104 69 87 3 0 22 0.00 0.0 0 5.0 14 180 M M 1 19 190
17 109 77 93 9 0 28 0.00 0.0 M 8.1 16 210 M M 0 22 220
18 108 80 94 10 0 29 0.00 0.0 0 9.8 17 110 M M 0 29 130
19 107 73 90 6 0 25 0.00 0.0 0 9.3 20 110 M M 0 27 140
20 104 69 87 3 0 22 0.00 0.0 0 6.8 25 130 M M 1 33 110
21 107 73 90 6 0 25 0.00 0.0 0 8.0 20 80 M M 0 30 100
22 99 72 86 3 0 21 0.00 0.0 0 6.5 21 80 M M 1 27 80
23 97 75 86 3 0 21 T 0.0 0 9.8 26 170 M M 4 41 160
24 101 68 85 2 0 20 0.00 0.0 0 6.4 17 130 M M 0 26 130
25 103 70 87 4 0 22 0.00 0.0 0 5.0 15 170 M M 1 21 170
26 104 76 90 8 0 25 0.00 0.0 0 4.6 24 360 M M 1 38 36 330
27 101 76 89 7 0 24 0.00 0.0 0 6.8 22 40 M M 1 30 30
28 97 72 85 3 0 20 0.00 0.0 0 6.9 21 280 M M 2 3 27 280
29 99 61 80 -2 0 15 0.00 0.0 0 4.9 17 60 M M 0 1 26 50
30 99 65 82 0 0 17 0.00 0.0 0 3.2 15 10 M M 1 19 40
31 102 64 83 2 0 18 0.00 0.0 0 4.4 14 30 M M 0 19 70
================================================================================
SM 3236 2314 0 768 0.29 0.0 251.0 M 15
================================================================================
AV104.4 74.6 8.1 FASTST M M 0 MAX(MPH)
MISC ----> 43 190 66 180
================================================================================
NOTES:
# LAST OF SEVERAL OCCURRENCES
COLUMN 17 PEAK WIND IN M.P.H.
PRELIMINARY LOCAL CLIMATOLOGICAL DATA (WS FORM: F-6) , PAGE 2
STATION: SAN ANGELO
MONTH: AUGUST
YEAR: 2023
LATITUDE: 31 21 N
LONGITUDE: 100 30 W
[TEMPERATURE DATA] [PRECIPITATION DATA] SYMBOLS USED IN COLUMN 16
AVERAGE MONTHLY: 89.5 TOTAL FOR MONTH: 0.29 1 = FOG OR MIST
DPTR FM NORMAL: 5.4 DPTR FM NORMAL: -2.13 2 = FOG REDUCING VISIBILITY
HIGHEST: 111 ON 10 GRTST 24HR 0.29 ON 10-10 TO 1/4 MILE OR LESS
LOWEST: 61 ON 29 3 = THUNDER
SNOW, ICE PELLETS, HAIL 4 = ICE PELLETS
TOTAL MONTH: 0.0 INCH 5 = HAIL
GRTST 24HR 0.0 6 = FREEZING RAIN OR DRIZZLE
GRTST DEPTH: 0 7 = DUSTSTORM OR SANDSTORM:
VSBY 1/2 MILE OR LESS
8 = SMOKE OR HAZE
[NO. OF DAYS WITH] [WEATHER - DAYS WITH] 9 = BLOWING SNOW
X = TORNADO
MAX 32 OR BELOW: 0 0.01 INCH OR MORE: 1
MAX 90 OR ABOVE: 31 0.10 INCH OR MORE: 1
MIN 32 OR BELOW: 0 0.50 INCH OR MORE: 0
MIN 0 OR BELOW: 0 1.00 INCH OR MORE: 0
[HDD (BASE 65) ]
TOTAL THIS MO. 0 CLEAR (SCALE 0-3) 30
DPTR FM NORMAL 0 PTCLDY (SCALE 4-7) 1
TOTAL FM JUL 1 0 CLOUDY (SCALE 8-10) 0
DPTR FM NORMAL 0
[CDD (BASE 65) ]
TOTAL THIS MO. 768
DPTR FM NORMAL 174 [PRESSURE DATA]
TOTAL FM JAN 1 2676 HIGHEST SLP 30.18 ON 15
DPTR FM NORMAL 421 LOWEST SLP 29.63 ON 9
[REMARKS]
#FINAL-08-23#