000
CXUS56 KSGX 011245
CF6TRM
PRELIMINARY LOCAL CLIMATOLOGICAL DATA (WS FORM: F-6)
STATION: THERMAL AIRPORT CA
MONTH: SEPTEMBER
YEAR: 2020
LATITUDE: 33 37 N
LONGITUDE: 116 10 W
TEMPERATURE IN F: :PCPN: SNOW: WIND :SUNSHINE: SKY :PK WND
================================================================================
1 2 3 4 5 6A 6B 7 8 9 10 11 12 13 14 15 16 17 18
12Z AVG MX 2MIN
DY MAX MIN AVG DEP HDD CDD WTR SNW DPTH SPD SPD DIR MIN PSBL S-S WX SPD DR
================================================================================
1 107 73 90 2 0 25 0.00 0.0 0 4.4 13 320 M M M 17 330
2 105 72 89 1 0 24 0.00 0.0 0 5.0 13 150 M M M 17 150
3 110 70 90 2 0 25 0.00 0.0 M 4.1 10 140 M M M 14 150
4 116 73 95 8 0 30 M M M 4.5 15 M M M M M 140
5 122 80 101 14 0 36 0.00 M M 5.2 M M M M M 15 23
6 117 76 97 10 0 32 0.00 0.0 M 4.7 13 120 M M M 15 130
7 106 74 90 3 0 25 0.00 0.0 M 4.3 14 330 M M M 19 340
8 106 77 92 6 0 27 0.00 0.0 M 6.7 17 340 M M M 25 20
9 98 62 80 -6 0 15 0.00 0.0 M 5.7 15 340 M M M 20 270
10 98 55 77 -9 0 12 0.00 M M M M M M M M M M
11 100 58 79 -7 0 14 0.00 M M M M M M M M M M
12 103 58 81 -4 0 16 0.00 M M M M M M M M M M
13 104 60 82 -3 0 17 0.00 0.0 M 4.7 13 140 M M M 17 140
14 106 62 84 -1 0 19 0.00 0.0 M 4.6 15 120 M M M 19 110
15 109 65 87 3 0 22 0.00 0.0 M 5.6 16 320 M M M 21 310
16 114 68 91 7 0 26 0.00 0.0 0 M 20 340 M M M 24 340
17 113 73 93 9 0 28 0.00 0.0 M 5.6 15 320 M M M 22 330
18 110 67 89 6 0 24 0.00 0.0 M 5.2 12 350 M M M 14 180
19 105 66 86 3 0 21 0.00 0.0 M 3.7 10 150 M M M 14 150
20 105 67 86 3 0 21 0.00 0.0 M M M M M M M M M
21 104 68 86 4 0 21 0.00 0.0 M M M M M M M M M
22 104 65 85 3 0 20 0.00 0.0 M 6.0 18 340 M M M 24 340
23 106 66 86 4 0 21 0.00 0.0 M 5.8 13 140 M M M 17 130
24 106 67 87 6 0 22 0.00 0.0 0 6.1 14 310 M M M 19 300
25 104 69 87 6 0 22 0.00 0.0 M 5.1 10 140 M M M 15 320
26 102 61 82 2 0 17 0.00 0.0 M 3.7 9 120 M M M 14 130
27 102 63 83 3 0 18 0.00 0.0 M 3.3 12 140 M M M 13 160
28 108 63 86 6 0 21 0.00 0.0 M 3.2 10 260 M M M 13 280
29 108 63 86 7 0 21 0.00 0.0 M 4.6 12 150 M M 0 8 14 130
30 112 61 87 8 0 22 0.00 0.0 0 3.6 8 350 M M 0 8 10 260
================================================================================
SM 3210 2002 0 664 0.00 0.0 115.4 M 0
================================================================================
AV107.0 66.7 4.8 FASTST M M 0 MAX(MPH)
MISC ----> # 20 340 # 25 20
================================================================================
NOTES:
# LAST OF SEVERAL OCCURRENCES
COLUMN 17 PEAK WIND IN M.P.H.
PRELIMINARY LOCAL CLIMATOLOGICAL DATA (WS FORM: F-6) , PAGE 2
STATION: THERMAL AIRPORT CA
MONTH: SEPTEMBER
YEAR: 2020
LATITUDE: 33 37 N
LONGITUDE: 116 10 W
[TEMPERATURE DATA] [PRECIPITATION DATA] SYMBOLS USED IN COLUMN 16
AVERAGE MONTHLY: 86.9 TOTAL FOR MONTH: 0.00 1 = FOG OR MIST
DPTR FM NORMAL: 3.0 DPTR FM NORMAL: -0.24 2 = FOG REDUCING VISIBILITY
HIGHEST: 122 ON 5 GRTST 24HR 0.00 ON 30-30 TO 1/4 MILE OR LESS
LOWEST: 55 ON 10 3 = THUNDER
SNOW, ICE PELLETS, HAIL 4 = ICE PELLETS
TOTAL MONTH: 0.0 INCH 5 = HAIL
GRTST 24HR 0.0 6 = FREEZING RAIN OR DRIZZLE
GRTST DEPTH: 0 7 = DUSTSTORM OR SANDSTORM:
VSBY 1/2 MILE OR LESS
8 = SMOKE OR HAZE
[NO. OF DAYS WITH] [WEATHER - DAYS WITH] 9 = BLOWING SNOW
X = TORNADO
MAX 32 OR BELOW: 0 0.01 INCH OR MORE: 0
MAX 90 OR ABOVE: 30 0.10 INCH OR MORE: 0
MIN 32 OR BELOW: 0 0.50 INCH OR MORE: 0
MIN 0 OR BELOW: 0 1.00 INCH OR MORE: 0
[HDD (BASE 65) ]
TOTAL THIS MO. 0 CLEAR (SCALE 0-3) 2
DPTR FM NORMAL 0 PTCLDY (SCALE 4-7) 0
TOTAL FM JUL 1 0 CLOUDY (SCALE 8-10) 0
DPTR FM NORMAL 0
[CDD (BASE 65) ]
TOTAL THIS MO. 664
DPTR FM NORMAL 99 [PRESSURE DATA]
TOTAL FM JAN 1 4109 HIGHEST SLP 29.98 ON 16
DPTR FM NORMAL 711 LOWEST SLP 29.60 ON 8
[REMARKS]
#FINAL-09-20#