556
CXUS51 KPHI 231500
CF6ABE
PRELIMINARY LOCAL CLIMATOLOGICAL DATA (WS FORM: F-6)

                                          STATION:   ALLENTOWN PA
                                          MONTH:     JULY
                                          YEAR:      2019
                                          LATITUDE:   40 39 N
                                          LONGITUDE:  75 26 W

  TEMPERATURE IN F:       :PCPN:    SNOW:  WIND      :SUNSHINE: SKY     :PK WND
================================================================================
1   2   3   4   5  6A  6B    7    8   9   10  11  12  13   14  15   16   17  18
                                     12Z  AVG MX 2MIN
DY MAX MIN AVG DEP HDD CDD  WTR  SNW DPTH SPD SPD DIR MIN PSBL S-S WX    SPD DR
================================================================================

 1  85  58  72  -1   0   7 0.00  0.0    0  4.0 12 250   M    M   0 8      15 250
 2  90  61  76   3   0  11 0.07  0.0    0  6.2 16 240   M    M   3 138    21 220
 3  88  72  80   7   0  15 0.41  0.0    0  2.6 14  20   M    M   4 18     20  10
 4  92  70  81   8   0  16 0.00  0.0    0  5.4 14 130   M    M   4 1      21 110
 5  89  73  81   8   0  16 0.00  0.0    0  4.4 16 140   M    M   7 18     21 130
 6  92  73  83  10   0  18 0.79  0.0    0  4.8 23  10   M    M   5 138    32  10
 7  88  70  79   6   0  14    T  0.0    0  6.0 15  50   M    M   5 1      18 110
 8  79  67  73   0   0   8 0.67  0.0    0  4.6 10  80   M    M   7 18     13  70
 9  87  64  76   2   0  11 0.00  0.0    0  4.0 10 250   M    M   1 1      14 260
10  89  66  78   4   0  13 0.00  0.0    0  6.1 14 210   M    M   2 1      18 200
11  78  72  75   1   0  10 2.75  0.0    0  4.0 12 200   M    M   7 138    19 170
12  87  68  78   4   0  13 0.00  0.0    0  6.7 17 330   M    M   4 1      24 290
13  86  64  75   1   0  10 0.00  0.0    0  4.9 15 240   M    M   1        18 260
14  89  67  78   4   0  13 0.00  0.0    0  6.4 15 300   M    M   1        21 300
15  86  61  74   0   0   9 0.00  0.0    0  4.0 13 250   M    M   0        17 250
16  91  63  77   3   0  12    T  0.0    0  5.7 18 250   M    M   1        24 250
17  94  72  83   9   0  18 0.85  0.0    0  4.5 22 270   M    M   3 13     33 260
18  87  74  81   7   0  16 0.17  0.0    0  4.7 12  70   M    M   9 1      13  80
19  93  75  84  10   0  19 0.00  0.0    0  6.6 18 240   M    M   4 1      22 240
20  95  76  86  12   0  21 0.00  0.0    0  6.9 16 260   M    M   1        21 240
21  96  73  85  11   0  20 0.61  0.0    0  8.3 30 270   M    M   2 13     44 260
22  89  69  79   5   0  14 2.50  0.0    0  5.1 30 270   M    M   5 123    41 260
================================================================================
SM 1950 1508         0 304  8.82     0.0 115.9          M       76
================================================================================
AV 88.6 68.6                               5.3 FASTST   M    M   3    MAX(MPH)
                                 MISC ---->  # 30 270               # 44  260
================================================================================
NOTES:
# LAST OF SEVERAL OCCURRENCES

COLUMN 17 PEAK WIND IN M.P.H.

PRELIMINARY LOCAL CLIMATOLOGICAL DATA (WS FORM: F-6) , PAGE 2

                                          STATION:  ALLENTOWN PA
                                          MONTH:    JULY
                                          YEAR:     2019
                                          LATITUDE:   40 39 N
                                          LONGITUDE:  75 26 W

[TEMPERATURE DATA]      [PRECIPITATION DATA]       SYMBOLS USED IN COLUMN 16

AVERAGE MONTHLY: 78.6   TOTAL FOR MONTH:   8.82    1 = FOG OR MIST
DPTR FM NORMAL:   5.0   DPTR FM NORMAL:    5.30    2 = FOG REDUCING VISIBILITY
HIGHEST:    96 ON 21    GRTST 24HR  2.75 ON 11-11      TO 1/4 MILE OR LESS
LOWEST:     58 ON  1                               3 = THUNDER
                        SNOW, ICE PELLETS, HAIL    4 = ICE PELLETS
                        TOTAL MONTH:   0.0 INCH    5 = HAIL
                        GRTST 24HR     0.0         6 = FREEZING RAIN OR DRIZZLE
                        GRTST DEPTH:   0           7 = DUSTSTORM OR SANDSTORM:
                                                       VSBY 1/2 MILE OR LESS
                                                   8 = SMOKE OR HAZE
[NO. OF DAYS WITH]      [WEATHER - DAYS WITH]      9 = BLOWING SNOW
                                                   X = TORNADO
MAX 32 OR BELOW:   0    0.01 INCH OR MORE:   9
MAX 90 OR ABOVE:   8    0.10 INCH OR MORE:   8
MIN 32 OR BELOW:   0    0.50 INCH OR MORE:   6
MIN  0 OR BELOW:   0    1.00 INCH OR MORE:   2

[HDD (BASE 65) ]
TOTAL THIS MO.     0    CLEAR  (SCALE 0-3)  10
DPTR FM NORMAL     0    PTCLDY (SCALE 4-7)  11
TOTAL FM JUL 1     0    CLOUDY (SCALE 8-10)  1
DPTR FM NORMAL     0

[CDD (BASE 65) ]
TOTAL THIS MO.   304
DPTR FM NORMAL   114    [PRESSURE DATA]
TOTAL FM JAN 1   588    HIGHEST SLP M ON M
DPTR FM NORMAL   198    LOWEST  SLP 29.70 ON 22

[REMARKS]
