000
CXUS51 KPHI 251500
CF6ABE
PRELIMINARY LOCAL CLIMATOLOGICAL DATA (WS FORM: F-6)

                                          STATION:   ALLENTOWN PA
                                          MONTH:     MARCH
                                          YEAR:      2019
                                          LATITUDE:   40 39 N
                                          LONGITUDE:  75 26 W

  TEMPERATURE IN F:       :PCPN:    SNOW:  WIND      :SUNSHINE: SKY     :PK WND
================================================================================
1   2   3   4   5  6A  6B    7    8   9   10  11  12  13   14  15   16   17  18
                                     12Z  AVG MX 2MIN
DY MAX MIN AVG DEP HDD CDD  WTR  SNW DPTH SPD SPD DIR MIN PSBL S-S WX    SPD DR
================================================================================

 1  36  26  31  -3  34   0 0.10  1.0    1  7.1 12  80   M    M  10 8      14  70
 2  39  32  36   2  29   0 0.37  3.9    4  5.4 12 250   M    M   9 18     14  40
 3  41  29  35   0  30   0 0.68  6.3    2  4.3  9  50   M    M   7 18     12  20
 4  36  23  30  -5  35   0 0.04  0.3    6 10.6 22 330   M    M   6 18     27 340
 5  28  11  20 -15  45   0 0.00  0.0    5  9.5 22 300   M    M   1        29 310
 6  25  13  19 -17  46   0    T    T    4  9.8 22 290   M    M   3        31 260
 7  32   5  19 -17  46   0    T    T    4  6.1 18 290   M    M   5        24 250
 8  38   9  24 -12  41   0    T    T    3  2.6 13 220   M    M   3        15 180
 9  47  25  36  -1  29   0 0.00  0.0    1  3.9 14 140   M    M   2 18     18 150
10  43  36  40   3  25   0 0.55    T    0  7.4 22 100   M    M  10 1248   28 100
11  55  37  46   9  19   0 0.00  0.0    0 11.9 21 360   M    M   1 1      27 270
12  44  29  37  -1  28   0 0.00  0.0    0 10.5 24 350   M    M   2        32  10
13  51  23  37  -1  28   0 0.00  0.0    0  4.6 14 210   M    M   2        17 210
14  66  35  51  13  14   0 0.00  0.0    0  6.4 16 180   M    M   0        22 180
15  74  51  63  24   2   0 0.57  0.0    0  9.7 23 300   M    M   5 3      37 300
16  51  34  43   4  22   0 0.00  0.0    0 14.3 25 300   M    M   5        35 280
17  46  28  37  -2  28   0 0.00  0.0    0  8.0 20 270   M    M   1        24 250
18  46  23  35  -5  30   0 0.00  0.0    0  3.8 15 250   M    M   4        22 250
19  51  24  38  -2  27   0    T  0.0    0  4.0 15 230   M    M   1        20 290
20  55  24  40   0  25   0 0.00  0.0    0  5.6 16 220   M    M   0        21 210
21  49  41  45   4  20   0 1.03  0.0    0 11.5 21  70   M    M  10 18     25  70
22  51  38  45   4  20   0 0.44  0.0    0 15.1 25 310   M    M   9 1      36 290
23  52  35  44   2  21   0 0.00  0.0    0 15.1 26 290   M    M   3        38 290
24  61  30  46   4  19   0 0.00  0.0    0  8.3 21 240   M    M   1        27 240
================================================================================
SM 1117  661       663   0  3.78    11.5 195.5          M      100
================================================================================
AV 46.5 27.5                               8.1 FASTST   M    M   4    MAX(MPH)
                                 MISC ---->  # 26 290               # 38  290
================================================================================
NOTES:
# LAST OF SEVERAL OCCURRENCES

COLUMN 17 PEAK WIND IN M.P.H.

PRELIMINARY LOCAL CLIMATOLOGICAL DATA (WS FORM: F-6) , PAGE 2

                                          STATION:  ALLENTOWN PA
                                          MONTH:    MARCH
                                          YEAR:     2019
                                          LATITUDE:   40 39 N
                                          LONGITUDE:  75 26 W

[TEMPERATURE DATA]      [PRECIPITATION DATA]       SYMBOLS USED IN COLUMN 16

AVERAGE MONTHLY: 37.0   TOTAL FOR MONTH:   3.78    1 = FOG OR MIST
DPTR FM NORMAL:  -0.8   DPTR FM NORMAL:    1.22    2 = FOG REDUCING VISIBILITY
HIGHEST:    74 ON 15    GRTST 24HR  1.03 ON 21-21      TO 1/4 MILE OR LESS
LOWEST:      5 ON  7                               3 = THUNDER
                        SNOW, ICE PELLETS, HAIL    4 = ICE PELLETS
                        TOTAL MONTH:  11.5 INCHES  5 = HAIL
                        GRTST 24HR   6.3 ON  3- 3  6 = FREEZING RAIN OR DRIZZLE
                        GRTST DEPTH:   6 ON  4     7 = DUSTSTORM OR SANDSTORM:
                                                       VSBY 1/2 MILE OR LESS
                                                   8 = SMOKE OR HAZE
[NO. OF DAYS WITH]      [WEATHER - DAYS WITH]      9 = BLOWING SNOW
                                                   X = TORNADO
MAX 32 OR BELOW:   3    0.01 INCH OR MORE:   8
MAX 90 OR ABOVE:   0    0.10 INCH OR MORE:   7
MIN 32 OR BELOW:  16    0.50 INCH OR MORE:   4
MIN  0 OR BELOW:   0    1.00 INCH OR MORE:   1

[HDD (BASE 65) ]
TOTAL THIS MO.   663    CLEAR  (SCALE 0-3)  12
DPTR FM NORMAL    11    PTCLDY (SCALE 4-7)   7
TOTAL FM JUL 1  4505    CLOUDY (SCALE 8-10)  5
DPTR FM NORMAL  -456

[CDD (BASE 65) ]
TOTAL THIS MO.     0
DPTR FM NORMAL     0    [PRESSURE DATA]
TOTAL FM JAN 1     0    HIGHEST SLP M ON M
DPTR FM NORMAL     0    LOWEST  SLP 29.26 ON 22

[REMARKS]
