000
CXAK56 PAFG 190939
CF6BTT
PRELIMINARY LOCAL CLIMATOLOGICAL DATA (WS FORM: F-6)

                                          STATION:   BETTLES AK
                                          MONTH:     MARCH
                                          YEAR:      2019
                                          LATITUDE:   66 55 N
                                          LONGITUDE: 151 31 W

  TEMPERATURE IN F:       :PCPN:    SNOW:  WIND      :SUNSHINE: SKY     :PK WND
================================================================================
1   2   3   4   5  6A  6B    7    8   9   10  11  12  13   14  15   16   17  18
                                     12Z  AVG MX 2MIN
DY MAX MIN AVG DEP HDD CDD  WTR  SNW DPTH SPD SPD DIR MIN PSBL S-S WX    SPD DR
================================================================================

 1  25  -7   9  10  56   0 0.00  0.0   37  3.4  9 350   M    M   1        12 330
 2  19 -14   3   4  62   0    T    T   37  2.5  8  20   M    M   2         9  20
 3  19 -13   3   3  62   0    T    T   37  0.8  6 360   M    M   4 1       7 360
 4  17 -14   2   2  63   0 0.00  0.0   37  5.1 10  30   M    M   3        15  30
 5  15  -3   6   6  59   0 0.00  0.0   37  4.8  8 320   M    M   6        11  10
 6  22  10  16  16  49   0 0.13  1.7   38  4.2  8 350   M    M  10 1      12 350
 7  25  13  19  18  46   0 0.00  0.0   38  2.8  8  20   M    M   9 1      10  20
 8  26  16  21  20  44   0 0.00  0.0    0  5.8 10  30   M    M  10 1      15  30
 9  33  22  28  27  37   0    T    T   40  6.2 18  30   M    M   7 1      23  40
10  35  17  26  24  39   0 0.00  0.0   40  9.4 21  40   M    M   9        29  40
11  24  13  19  17  46   0 0.00  0.0   40  6.5 12  10   M    M   8 1      14  50
12  13   5   9   7  56   0 0.00  0.0   44  6.0 12 330   M    M  10 1      14 330
13  23   1  12   9  53   0    T  0.3   45  5.2 13  40   M    M   7 18     18  40
14  25  -6  10   7  55   0 0.00  0.0   44  4.0 10 340   M    M   6 1      15  20
15  30  -4  13  10  52   0 0.00  0.0   44  6.6 12  20   M    M   7         M  M
16  37  16  27  23  38   0    T  0.1   43  9.6 20  50   M    M   7 1      27  60
17  44  23  34  30  31   0 0.20  1.5   43  5.7 17  50   M    M   8 1      27  50
18  33  20  27  22  38   0 0.10  1.2   43  2.8  9 210   M    M  10 15     13 200
================================================================================
SM  465   95       886   0  0.43     4.8  91.4          M      124
================================================================================
AV 25.8  5.3                               5.1 FASTST   M    M   7    MAX(MPH)
                                 MISC ---->  # 21  40               # 29   40
================================================================================
NOTES:
# LAST OF SEVERAL OCCURRENCES

COLUMN 17 PEAK WIND IN M.P.H.

PRELIMINARY LOCAL CLIMATOLOGICAL DATA (WS FORM: F-6) , PAGE 2

                                          STATION:  BETTLES AK
                                          MONTH:    MARCH
                                          YEAR:     2019
                                          LATITUDE:   66 55 N
                                          LONGITUDE: 151 31 W

[TEMPERATURE DATA]      [PRECIPITATION DATA]       SYMBOLS USED IN COLUMN 16

AVERAGE MONTHLY: 15.6   TOTAL FOR MONTH:   0.43    1 = FOG OR MIST
DPTR FM NORMAL:     M   DPTR FM NORMAL:    0.06    2 = FOG REDUCING VISIBILITY
HIGHEST:    44 ON 17    GRTST 24HR  0.20 ON 17-17      TO 1/4 MILE OR LESS
LOWEST:    -14 ON  4, 2                            3 = THUNDER
                        SNOW, ICE PELLETS, HAIL    4 = ICE PELLETS
                        TOTAL MONTH:   4.8 INCHES  5 = HAIL
                        GRTST 24HR   1.7 ON  6- 6  6 = FREEZING RAIN OR DRIZZLE
                        GRTST DEPTH:  45 ON 13     7 = DUSTSTORM OR SANDSTORM:
                                                       VSBY 1/2 MILE OR LESS
                                                   8 = SMOKE OR HAZE
[NO. OF DAYS WITH]      [WEATHER - DAYS WITH]      9 = BLOWING SNOW
                                                   X = TORNADO
MAX 32 OR BELOW:  13    0.01 INCH OR MORE:   3
MAX 90 OR ABOVE:   0    0.10 INCH OR MORE:   3
MIN 32 OR BELOW:  18    0.50 INCH OR MORE:   0
MIN  0 OR BELOW:   7    1.00 INCH OR MORE:   0

[HDD (BASE 65) ]
TOTAL THIS MO.   886    CLEAR  (SCALE 0-3)   3
DPTR FM NORMAL  -255    PTCLDY (SCALE 4-7)   7
TOTAL FM JUL 1 10839    CLOUDY (SCALE 8-10)  8
DPTR FM NORMAL -1497

[CDD (BASE 65) ]
TOTAL THIS MO.     0
DPTR FM NORMAL     0    [PRESSURE DATA]
TOTAL FM JAN 1     0    HIGHEST SLP M ON M
DPTR FM NORMAL     0    LOWEST  SLP 29.35 ON M

[REMARKS]
