000
CXAK56 PAFG 280947
CF6BTT
PRELIMINARY LOCAL CLIMATOLOGICAL DATA (WS FORM: F-6)

                                          STATION:   BETTLES AK
                                          MONTH:     MAY
                                          YEAR:      2020
                                          LATITUDE:   66 55 N
                                          LONGITUDE: 151 31 W

  TEMPERATURE IN F:       :PCPN:    SNOW:  WIND      :SUNSHINE: SKY     :PK WND
================================================================================
1   2   3   4   5  6A  6B    7    8   9   10  11  12  13   14  15   16   17  18
                                     12Z  AVG MX 2MIN
DY MAX MIN AVG DEP HDD CDD  WTR  SNW DPTH SPD SPD DIR MIN PSBL S-S WX    SPD DR
================================================================================

 1  39  16  28  -7  37   0 0.00  0.0   20  4.2  8 150   M    M   1         M  M
 2  45  20  33  -3  32   0 0.00  0.0   20  5.4 12  20   M    M   0        16  20
 3  47  25  36   0  29   0 0.00  0.0    M  7.9 16  40   M    M   0        22  90
 4  45  25  35  -2  30   0 0.00  0.0   20  5.0 13 130   M    M   4        18 130
 5  51  32  42   4  23   0 0.00  0.0   19  2.8  8 140   M    M   6        11 360
 6  48  29  39   1  26   0 0.00  0.0   16  0.8  6 140   M    M   5         9 170
 7  54  28  41   2  24   0 0.00  0.0   13  5.6 12  50   M    M   2        14  40
 8  56  40  48   8  17   0 0.00  0.0   10 10.9 18  30   M    M   8        28  40
 9  63  44  54  14  11   0 0.00  0.0    9  7.5 13  50   M    M   5        18  40
10  66  42  54  13  11   0 0.00  0.0    5  9.1 15  30   M    M   1        20  30
11  67  45  56  14   9   0 0.00  0.0    2 10.3 15  40   M    M   2        31  40
12  61  42  52  10  13   0 0.00  0.0    0  5.3 25  50   M    M   6        39  50
13  55  39  47   4  18   0 0.00  0.0    0  7.6 18  60   M    M   4        30  50
14  54  34  44   1  21   0 0.00  0.0    0  8.3 21  50   M    M   3        30  40
15  61  29  45   1  20   0 0.00  0.0    0  6.2 18  20   M    M   2        24  20
16  52  37  45   0  20   0 0.00  0.0    0  5.8 14 120   M    M   7        19 160
17  52  29  41  -4  24   0 0.00  0.0    0  3.6 10 130   M    M   3        16 150
18  54  29  42  -4  23   0 0.00    M    M  7.6 16 110   M    M   2        25  40
19  57  37  47   1  18   0 0.00  0.0    0  9.0 18  50   M    M   1        29  40
20  61  30  46  -1  19   0 0.00  0.0    0  3.8 13 140   M    M   2        16 120
21  68  43  56   8   9   0 0.00  0.0    0  6.7 15 130   M    M   6        20 130
22  70  53  62  14   3   0 0.00  0.0    0  5.1 16 130   M    M   9        23 130
23  73  47  60  11   5   0 0.05    M    M  4.6 13 150   M    M   6        19 150
24  76  52  64  15   1   0    T    M    M  8.3 18  40   M    M   7        27  40
25  63  50  57   7   8   0 0.10    M    M  4.1 10 240   M    M   9 1      14 240
26  67  43  55   5  10   0    T  0.0    0  3.3  9 320   M    M   7        16 190
27  63  43  53   2  12   0    T    M    0  4.3 20 260   M    M   6        25 160
================================================================================
SM 1568  983       473   0  0.15     0.0 163.1          M      114
================================================================================
AV 58.1 36.4                               6.0 FASTST   M    M   4    MAX(MPH)
                                 MISC ---->  # 25  50               # 39   50
================================================================================
NOTES:
# LAST OF SEVERAL OCCURRENCES

COLUMN 17 PEAK WIND IN M.P.H.

PRELIMINARY LOCAL CLIMATOLOGICAL DATA (WS FORM: F-6) , PAGE 2

                                          STATION:  BETTLES AK
                                          MONTH:    MAY
                                          YEAR:     2020
                                          LATITUDE:   66 55 N
                                          LONGITUDE: 151 31 W

[TEMPERATURE DATA]      [PRECIPITATION DATA]       SYMBOLS USED IN COLUMN 16

AVERAGE MONTHLY: 47.2   TOTAL FOR MONTH:   0.15    1 = FOG OR MIST
DPTR FM NORMAL:   4.0   DPTR FM NORMAL:   -0.57    2 = FOG REDUCING VISIBILITY
HIGHEST:    76 ON 24    GRTST 24HR  0.10 ON 25-25      TO 1/4 MILE OR LESS
LOWEST:     16 ON  1                               3 = THUNDER
                        SNOW, ICE PELLETS, HAIL    4 = ICE PELLETS
                        TOTAL MONTH:   0.0 INCH    5 = HAIL
                        GRTST 24HR     0.0         6 = FREEZING RAIN OR DRIZZLE
                        GRTST DEPTH:  20 ON  4, 2  7 = DUSTSTORM OR SANDSTORM:
                                                       VSBY 1/2 MILE OR LESS
                                                   8 = SMOKE OR HAZE
[NO. OF DAYS WITH]      [WEATHER - DAYS WITH]      9 = BLOWING SNOW
                                                   X = TORNADO
MAX 32 OR BELOW:   0    0.01 INCH OR MORE:   2
MAX 90 OR ABOVE:   0    0.10 INCH OR MORE:   1
MIN 32 OR BELOW:  11    0.50 INCH OR MORE:   0
MIN  0 OR BELOW:   0    1.00 INCH OR MORE:   0

[HDD (BASE 65) ]
TOTAL THIS MO.   473    CLEAR  (SCALE 0-3)  11
DPTR FM NORMAL  -114    PTCLDY (SCALE 4-7)  14
TOTAL FM JUL 1 15164    CLOUDY (SCALE 8-10)  2
DPTR FM NORMAL   251

[CDD (BASE 65) ]
TOTAL THIS MO.     0
DPTR FM NORMAL     0    [PRESSURE DATA]
TOTAL FM JAN 1     0    HIGHEST SLP M ON M
DPTR FM NORMAL     0    LOWEST  SLP 29.64 ON 24

[REMARKS]
