000
CXUS51 KRNK 180925
CF6DAN
PRELIMINARY LOCAL CLIMATOLOGICAL DATA (WS FORM: F-6)

                                          STATION:   DANVILLE VA
                                          MONTH:     MARCH
                                          YEAR:      2019
                                          LATITUDE:   36 34 N
                                          LONGITUDE:  79 20 W

  TEMPERATURE IN F:       :PCPN:    SNOW:  WIND      :SUNSHINE: SKY     :PK WND
================================================================================
1   2   3   4   5  6A  6B    7    8   9   10  11  12  13   14  15   16   17  18
                                     12Z  AVG MX 2MIN
DY MAX MIN AVG DEP HDD CDD  WTR  SNW DPTH SPD SPD DIR MIN PSBL S-S WX    SPD DR
================================================================================

 1  49  37  43  -1  22   0 0.84  0.0    0  7.3 15  60   M    M  10 1      19  60
 2  60  36  48   4  17   0 0.00  0.0    0  3.0  9  40   M    M   6        12  30
 3  48  42  45   0  20   0 0.30  0.0    0  5.4 15 320   M    M  10 1      18 320
 4  47  27  37  -8  28   0 0.00  0.0    0  9.4 17 300   M    M   5        24 340
 5  45  27  36  -9  29   0 0.00  0.0    0  6.5 21 330   M    M   4        29 320
 6  41  26  34 -12  31   0 0.00  0.0    0  8.5 17 270   M    M   0        23 290
 7  43  20  32 -14  33   0 0.00  0.0    0  2.4 14 250   M    M   4        15 250
 8  45  35  40  -6  25   0 0.05  0.0    0  2.9  7 360   M    M  10 1      12 130
 9  42  35  39  -7  26   0 0.02  0.0    0  5.4 10  60   M    M  10 1      14  60
10  63  37  50   3  15   0 0.19  0.0    0  6.6 16 230   M    M   6 1      21 230
11  64  41  53   6  12   0 0.00  0.0    0  4.1 14 320   M    M   1        19 310
12  59  29  44  -3  21   0 0.00  0.0    0  4.0 14 350   M    M   0        18 350
13  65  26  46  -2  19   0 0.00  0.0    0  3.0 15 230   M    M   0        20 240
14  74  46  60  12   5   0 0.00  0.0    0  8.5 24 240   M    M   2        31 220
15  68  56  62  14   3   0 0.12  0.0    0 10.0 21 230   M    M   6        30 230
16  58  38  48  -1  17   0 0.00  0.0    0  7.5 20 320   M    M   0        27 300
17  57  30  44  -5  21   0 0.00  0.0    0  3.0 14 230   M    M   0        19 230
================================================================================
SM  928  588       344   0  1.52     0.0  97.5          M       74
================================================================================
AV 54.6 34.6                               5.7 FASTST   M    M   4    MAX(MPH)
                                 MISC ---->  # 24 240               # 31  220
================================================================================
NOTES:
# LAST OF SEVERAL OCCURRENCES

COLUMN 17 PEAK WIND IN M.P.H.

PRELIMINARY LOCAL CLIMATOLOGICAL DATA (WS FORM: F-6) , PAGE 2

                                          STATION:  DANVILLE VA
                                          MONTH:    MARCH
                                          YEAR:     2019
                                          LATITUDE:   36 34 N
                                          LONGITUDE:  79 20 W

[TEMPERATURE DATA]      [PRECIPITATION DATA]       SYMBOLS USED IN COLUMN 16

AVERAGE MONTHLY: 44.6   TOTAL FOR MONTH:   1.52    1 = FOG OR MIST
DPTR FM NORMAL:  -1.9   DPTR FM NORMAL:   -0.46    2 = FOG REDUCING VISIBILITY
HIGHEST:    74 ON 14    GRTST 24HR  0.84 ON  1- 1      TO 1/4 MILE OR LESS
LOWEST:     20 ON  7                               3 = THUNDER
                        SNOW, ICE PELLETS, HAIL    4 = ICE PELLETS
                        TOTAL MONTH:   0.0 INCH    5 = HAIL
                        GRTST 24HR     0.0         6 = FREEZING RAIN OR DRIZZLE
                        GRTST DEPTH:   0           7 = DUSTSTORM OR SANDSTORM:
                                                       VSBY 1/2 MILE OR LESS
                                                   8 = SMOKE OR HAZE
[NO. OF DAYS WITH]      [WEATHER - DAYS WITH]      9 = BLOWING SNOW
                                                   X = TORNADO
MAX 32 OR BELOW:   0    0.01 INCH OR MORE:   6
MAX 90 OR ABOVE:   0    0.10 INCH OR MORE:   4
MIN 32 OR BELOW:   7    0.50 INCH OR MORE:   1
MIN  0 OR BELOW:   0    1.00 INCH OR MORE:   0

[HDD (BASE 65) ]
TOTAL THIS MO.   344    CLEAR  (SCALE 0-3)   7
DPTR FM NORMAL    28    PTCLDY (SCALE 4-7)   6
TOTAL FM JUL 1  3235    CLOUDY (SCALE 8-10)  4
DPTR FM NORMAL   -82

[CDD (BASE 65) ]
TOTAL THIS MO.     0
DPTR FM NORMAL     0    [PRESSURE DATA]
TOTAL FM JAN 1     7    HIGHEST SLP M ON M
DPTR FM NORMAL     7    LOWEST  SLP 29.74 ON  3

[REMARKS]
